{"id":205,"date":"2020-06-10T03:55:08","date_gmt":"2020-06-10T03:55:08","guid":{"rendered":"https:\/\/katiabrambila.net\/home-katia-brambila-cloned-at-2020-06-14-193151\/"},"modified":"2022-04-26T16:29:38","modified_gmt":"2022-04-26T21:29:38","slug":"dulceshistorias","status":"publish","type":"page","link":"https:\/\/katiabrambila.net\/?page_id=205","title":{"rendered":"Dulces Historias De Katia Brambila"},"content":{"rendered":"<p><a target=\"_self\" rel=\"noopener noreferrer\" data-op-action=\"link\" data-op-popoverlay-trigger=\"none\" data-op-select-funnel-step=\"\"><img loading=\"lazy\" decoding=\"async\" title=\"LOGO\" src=\"https:\/\/katiabrambila.net\/wp-content\/uploads\/2020\/06\/LOGO.png\" alt=\"\" width=\"537\" height=\"200\" \/><\/a><div id=\"op3-element-pgpUksCS\" class=\"op3-element \" data-op3-uuid=\"pgpUksCS\" data-op3-gid=\"\" data-op3-element-type=\"treemenu\" data-op3-element-spec=\"\" data-op3-element-caption=\"WP Menu #pgpUksCS\" data-op-visibility-hidden=\"0\" data-op-element-hidden=\"0\" data-op3-style-id=\"\" data-op3-has-children=\"1\"><div class=\"op3-treemenu-content op3-background-parent\" data-op3-stack-columns-desktop=\"0\" data-op3-stack-columns-tablet=\"1\" data-op3-stack-columns-mobile=\"1\" data-op3-autosize-columns=\"0\" data-op3-menu-name=\"2\" data-op-animation=\"0\"><a class=\"op3-hamburger\" href=\"#\" data-op3-treemenu-styling=\"right\"><i class=\"op3-icon op3-icon-menu-34-2\" data-op3-icon=\"op3-icon-menu-34-2\"><svg class=\"op3-icon-svg\" width=\"1em\" height=\"1em\"><use href=\"https:\/\/katiabrambila.net\/wp-content\/plugins\/op-builder\/public\/assets\/cache\/page-205.svg#op3-icons-menu-34-2\" \/><\/svg><\/i><span class=\"op3-text\">Menu<\/span><\/a><a class=\"op3-hamburger-close\" href=\"#\"><i class=\"op3-icon op3-icon-simple-remove-2\" data-op3-icon=\"\"><svg class=\"op3-icon-svg\" width=\"1em\" height=\"1em\"><use href=\"https:\/\/katiabrambila.net\/wp-content\/plugins\/op-builder\/public\/assets\/cache\/page-205.svg#op3-icons-simple-remove-2\" \/><\/svg><\/i><span class=\"op3-text\">Close<\/span><\/a><div data-op3-children=\"6\"><div id=\"op3-element-Ja9pwhNd\" class=\"op3-element \" data-op3-uuid=\"Ja9pwhNd\" data-op3-gid=\"\" data-op3-element-type=\"treemenuitem\" data-op3-element-spec=\"treemenuitemlvl1\" data-op3-element-caption=\"Menu Item #Ja9pwhNd\" data-op-visibility-hidden=\"0\" data-op-element-hidden=\"0\" data-op3-style-id=\"\" data-op3-has-children=\"0\" data-op3-width-auto-toggle><div class=\"op3-treemenuitem-content op3-background-parent\" data-op3-menu-item-id=\"\"><a class=\"op3-treemenuitem-link\" href=\"https:\/\/katiabrambila.net\/\" target=\"_self\"><i class=\"op3-icon op3-icon-link-71-1\" data-op3-icon=\"op3-icon-link-71-1\"><svg class=\"op3-icon-svg\" width=\"1em\" height=\"1em\"><use href=\"https:\/\/katiabrambila.net\/wp-content\/plugins\/op-builder\/public\/assets\/cache\/page-205.svg#op3-icons-link-71-1\" \/><\/svg><\/i><span class=\"op3-text\">Home<\/span><i class=\"op3-dropdown-icon op3-icon-small-down\"><svg class=\"op3-icon-svg\" width=\"1em\" height=\"1em\"><use href=\"https:\/\/katiabrambila.net\/wp-content\/plugins\/op-builder\/public\/assets\/cache\/page-205.svg#op3-icons-small-down\" \/><\/svg><\/i><\/a><div class=\"op3-treemenuitem-children-content op3-background-parent\"><div data-op3-children=\"0\"><\/div><div class=\"op3-triangle\"><div class=\"op3-triangle-ratio\"><div class=\"op3-triangle-wrapper\"><\/div><\/div><\/div><div data-op3-background=\"childwrap\"><\/div><\/div><div data-op3-background=\"base\"><\/div><\/div><\/div><div id=\"op3-element-vOdIEpNZ\" class=\"op3-element \" data-op3-uuid=\"vOdIEpNZ\" data-op3-gid=\"\" data-op3-element-type=\"treemenuitem\" data-op3-element-spec=\"treemenuitemlvl1\" data-op3-element-caption=\"Menu Item #vOdIEpNZ\" data-op-visibility-hidden=\"0\" data-op-element-hidden=\"0\" data-op3-style-id=\"\" data-op3-has-children=\"0\" data-op3-width-auto-toggle><div class=\"op3-treemenuitem-content op3-background-parent\" data-op3-menu-item-id=\"\"><a class=\"op3-treemenuitem-link\" href=\"https:\/\/katiabrambila.net\/?page_id=89\" target=\"_self\"><i class=\"op3-icon op3-icon-link-71-1\" data-op3-icon=\"op3-icon-link-71-1\"><svg class=\"op3-icon-svg\" width=\"1em\" height=\"1em\"><use href=\"https:\/\/katiabrambila.net\/wp-content\/plugins\/op-builder\/public\/assets\/cache\/page-205.svg#op3-icons-link-71-1\" \/><\/svg><\/i><span class=\"op3-text\">Acerca De<\/span><i class=\"op3-dropdown-icon op3-icon-small-down\"><svg class=\"op3-icon-svg\" width=\"1em\" height=\"1em\"><use href=\"https:\/\/katiabrambila.net\/wp-content\/plugins\/op-builder\/public\/assets\/cache\/page-205.svg#op3-icons-small-down\" \/><\/svg><\/i><\/a><div class=\"op3-treemenuitem-children-content op3-background-parent\"><div data-op3-children=\"0\"><\/div><div class=\"op3-triangle\"><div class=\"op3-triangle-ratio\"><div class=\"op3-triangle-wrapper\"><\/div><\/div><\/div><div data-op3-background=\"childwrap\"><\/div><\/div><div data-op3-background=\"base\"><\/div><\/div><\/div><div id=\"op3-element-xe3L6ku7\" class=\"op3-element \" data-op3-uuid=\"xe3L6ku7\" data-op3-gid=\"\" data-op3-element-type=\"treemenuitem\" data-op3-element-spec=\"treemenuitemlvl1\" data-op3-element-caption=\"Menu Item #xe3L6ku7\" data-op-visibility-hidden=\"0\" data-op-element-hidden=\"0\" data-op3-style-id=\"\" data-op3-has-children=\"0\" data-op3-width-auto-toggle><div class=\"op3-treemenuitem-content op3-background-parent\" data-op3-menu-item-id=\"\"><a class=\"op3-treemenuitem-link\" href=\"https:\/\/katiabrambila.net\/?page_id=272\" target=\"_self\"><i class=\"op3-icon op3-icon-link-71-1\" data-op3-icon=\"op3-icon-link-71-1\"><svg class=\"op3-icon-svg\" width=\"1em\" height=\"1em\"><use href=\"https:\/\/katiabrambila.net\/wp-content\/plugins\/op-builder\/public\/assets\/cache\/page-205.svg#op3-icons-link-71-1\" \/><\/svg><\/i><span class=\"op3-text\">Programas Online<\/span><i class=\"op3-dropdown-icon op3-icon-small-down\"><svg class=\"op3-icon-svg\" width=\"1em\" height=\"1em\"><use href=\"https:\/\/katiabrambila.net\/wp-content\/plugins\/op-builder\/public\/assets\/cache\/page-205.svg#op3-icons-small-down\" \/><\/svg><\/i><\/a><div class=\"op3-treemenuitem-children-content op3-background-parent\"><div data-op3-children=\"0\"><\/div><div class=\"op3-triangle\"><div class=\"op3-triangle-ratio\"><div class=\"op3-triangle-wrapper\"><\/div><\/div><\/div><div data-op3-background=\"childwrap\"><\/div><\/div><div data-op3-background=\"base\"><\/div><\/div><\/div><div id=\"op3-element-tbLcbsVG\" class=\"op3-element \" data-op3-uuid=\"tbLcbsVG\" data-op3-gid=\"\" data-op3-element-type=\"treemenuitem\" data-op3-element-spec=\"treemenuitemlvl1\" data-op3-element-caption=\"Menu Item #tbLcbsVG\" data-op-visibility-hidden=\"0\" data-op-element-hidden=\"0\" data-op3-style-id=\"\" data-op3-has-children=\"0\" data-op3-width-auto-toggle><div class=\"op3-treemenuitem-content op3-background-parent\" data-op3-menu-item-id=\"\"><a class=\"op3-treemenuitem-link\" href=\"https:\/\/katiabrambila.net\/?page_id=205\" target=\"_self\"><i class=\"op3-icon op3-icon-link-71-1\" data-op3-icon=\"op3-icon-link-71-1\"><svg class=\"op3-icon-svg\" width=\"1em\" height=\"1em\"><use href=\"https:\/\/katiabrambila.net\/wp-content\/plugins\/op-builder\/public\/assets\/cache\/page-205.svg#op3-icons-link-71-1\" \/><\/svg><\/i><span class=\"op3-text\">Dulces Historias<\/span><i class=\"op3-dropdown-icon op3-icon-small-down\"><svg class=\"op3-icon-svg\" width=\"1em\" height=\"1em\"><use href=\"https:\/\/katiabrambila.net\/wp-content\/plugins\/op-builder\/public\/assets\/cache\/page-205.svg#op3-icons-small-down\" \/><\/svg><\/i><\/a><div class=\"op3-treemenuitem-children-content op3-background-parent\"><div data-op3-children=\"0\"><\/div><div class=\"op3-triangle\"><div class=\"op3-triangle-ratio\"><div class=\"op3-triangle-wrapper\"><\/div><\/div><\/div><div data-op3-background=\"childwrap\"><\/div><\/div><div data-op3-background=\"base\"><\/div><\/div><\/div><div id=\"op3-element-2PinfATj\" class=\"op3-element \" data-op3-uuid=\"2PinfATj\" data-op3-gid=\"\" data-op3-element-type=\"treemenuitem\" data-op3-element-spec=\"treemenuitemlvl1\" data-op3-element-caption=\"Menu Item #2PinfATj\" data-op-visibility-hidden=\"0\" data-op-element-hidden=\"0\" data-op3-style-id=\"\" data-op3-has-children=\"1\" data-op3-width-auto-toggle><div class=\"op3-treemenuitem-content op3-background-parent\" data-op3-menu-item-id=\"\"><a class=\"op3-treemenuitem-link\" href=\"https:\/\/katiabrambila.net\/?page_id=228\" target=\"_self\"><i class=\"op3-icon op3-icon-link-71-1\" data-op3-icon=\"op3-icon-link-71-1\"><svg class=\"op3-icon-svg\" width=\"1em\" height=\"1em\"><use href=\"https:\/\/katiabrambila.net\/wp-content\/plugins\/op-builder\/public\/assets\/cache\/page-205.svg#op3-icons-link-71-1\" \/><\/svg><\/i><span class=\"op3-text\">Trabaja Conmigo<\/span><i class=\"op3-dropdown-icon op3-icon-small-down\"><svg class=\"op3-icon-svg\" width=\"1em\" height=\"1em\"><use href=\"https:\/\/katiabrambila.net\/wp-content\/plugins\/op-builder\/public\/assets\/cache\/page-205.svg#op3-icons-small-down\" \/><\/svg><\/i><\/a><div class=\"op3-treemenuitem-children-content op3-background-parent\"><div data-op3-children=\"3\"><div id=\"op3-element-PfcqlNfN\" class=\"op3-element \" data-op3-uuid=\"PfcqlNfN\" data-op3-gid=\"\" data-op3-element-type=\"treemenuitem\" data-op3-element-spec=\"treemenuitemlvl2\" data-op3-element-caption=\"Menu Item #PfcqlNfN\" data-op-visibility-hidden=\"0\" data-op-element-hidden=\"0\" data-op3-style-id=\"\" data-op3-has-children=\"0\" data-op3-width-auto-toggle><div class=\"op3-treemenuitem-content op3-background-parent\" data-op3-menu-item-id=\"\"><a class=\"op3-treemenuitem-link\" href=\"https:\/\/katiabrambila.net\/?page_id=256\" target=\"_self\"><i class=\"op3-icon op3-icon-link-71-1\" data-op3-icon=\"op3-icon-link-71-1\"><svg class=\"op3-icon-svg\" width=\"1em\" height=\"1em\"><use href=\"https:\/\/katiabrambila.net\/wp-content\/plugins\/op-builder\/public\/assets\/cache\/page-205.svg#op3-icons-link-71-1\" \/><\/svg><\/i><span class=\"op3-text\">Embajadora Marca<\/span><i class=\"op3-dropdown-icon op3-icon-small-down\"><svg class=\"op3-icon-svg\" width=\"1em\" height=\"1em\"><use href=\"https:\/\/katiabrambila.net\/wp-content\/plugins\/op-builder\/public\/assets\/cache\/page-205.svg#op3-icons-small-down\" \/><\/svg><\/i><\/a><div class=\"op3-treemenuitem-children-content op3-background-parent\"><div data-op3-children=\"0\"><\/div><div class=\"op3-triangle\"><div class=\"op3-triangle-ratio\"><div class=\"op3-triangle-wrapper\"><\/div><\/div><\/div><div data-op3-background=\"childwrap\"><\/div><\/div><div data-op3-background=\"base\"><\/div><\/div><\/div><div id=\"op3-element-9OcKPvXn\" class=\"op3-element \" data-op3-uuid=\"9OcKPvXn\" data-op3-gid=\"\" data-op3-element-type=\"treemenuitem\" data-op3-element-spec=\"treemenuitemlvl2\" data-op3-element-caption=\"Menu Item #9OcKPvXn\" data-op-visibility-hidden=\"0\" data-op-element-hidden=\"0\" data-op3-style-id=\"\" data-op3-has-children=\"0\" data-op3-width-auto-toggle><div class=\"op3-treemenuitem-content op3-background-parent\" data-op3-menu-item-id=\"\"><a class=\"op3-treemenuitem-link\" href=\"https:\/\/katiabrambila.net\/?page_id=263\" target=\"_self\"><i class=\"op3-icon op3-icon-link-71-1\" data-op3-icon=\"op3-icon-link-71-1\"><svg class=\"op3-icon-svg\" width=\"1em\" height=\"1em\"><use href=\"https:\/\/katiabrambila.net\/wp-content\/plugins\/op-builder\/public\/assets\/cache\/page-205.svg#op3-icons-link-71-1\" \/><\/svg><\/i><span class=\"op3-text\">Entrevistas<\/span><i class=\"op3-dropdown-icon op3-icon-small-down\"><svg class=\"op3-icon-svg\" width=\"1em\" height=\"1em\"><use href=\"https:\/\/katiabrambila.net\/wp-content\/plugins\/op-builder\/public\/assets\/cache\/page-205.svg#op3-icons-small-down\" \/><\/svg><\/i><\/a><div class=\"op3-treemenuitem-children-content op3-background-parent\"><div data-op3-children=\"0\"><\/div><div class=\"op3-triangle\"><div class=\"op3-triangle-ratio\"><div class=\"op3-triangle-wrapper\"><\/div><\/div><\/div><div data-op3-background=\"childwrap\"><\/div><\/div><div data-op3-background=\"base\"><\/div><\/div><\/div><div id=\"op3-element-7T8MVyKz\" class=\"op3-element \" data-op3-uuid=\"7T8MVyKz\" data-op3-gid=\"\" data-op3-element-type=\"treemenuitem\" data-op3-element-spec=\"treemenuitemlvl2\" data-op3-element-caption=\"Menu Item #7T8MVyKz\" data-op-visibility-hidden=\"0\" data-op-element-hidden=\"0\" data-op3-style-id=\"\" data-op3-has-children=\"0\" data-op3-width-auto-toggle><div class=\"op3-treemenuitem-content op3-background-parent\" data-op3-menu-item-id=\"\"><a class=\"op3-treemenuitem-link\" href=\"https:\/\/katiabrambila.net\/?page_id=445\" target=\"_self\"><i class=\"op3-icon op3-icon-link-71-1\" data-op3-icon=\"op3-icon-link-71-1\"><svg class=\"op3-icon-svg\" width=\"1em\" height=\"1em\"><use href=\"https:\/\/katiabrambila.net\/wp-content\/plugins\/op-builder\/public\/assets\/cache\/page-205.svg#op3-icons-link-71-1\" \/><\/svg><\/i><span class=\"op3-text\">Afiliados<\/span><i class=\"op3-dropdown-icon op3-icon-small-down\"><svg class=\"op3-icon-svg\" width=\"1em\" height=\"1em\"><use href=\"https:\/\/katiabrambila.net\/wp-content\/plugins\/op-builder\/public\/assets\/cache\/page-205.svg#op3-icons-small-down\" \/><\/svg><\/i><\/a><div class=\"op3-treemenuitem-children-content op3-background-parent\"><div data-op3-children=\"0\"><\/div><div class=\"op3-triangle\"><div class=\"op3-triangle-ratio\"><div class=\"op3-triangle-wrapper\"><\/div><\/div><\/div><div data-op3-background=\"childwrap\"><\/div><\/div><div data-op3-background=\"base\"><\/div><\/div><\/div><\/div><div class=\"op3-triangle\"><div class=\"op3-triangle-ratio\"><div class=\"op3-triangle-wrapper\"><\/div><\/div><\/div><div data-op3-background=\"childwrap\"><\/div><\/div><div data-op3-background=\"base\"><\/div><\/div><\/div><div id=\"op3-element-cF6qmRJQ\" class=\"op3-element \" data-op3-uuid=\"cF6qmRJQ\" data-op3-gid=\"\" data-op3-element-type=\"treemenuitem\" data-op3-element-spec=\"treemenuitemlvl1\" data-op3-element-caption=\"Menu Item #cF6qmRJQ\" data-op-visibility-hidden=\"0\" data-op-element-hidden=\"0\" data-op3-style-id=\"\" data-op3-has-children=\"0\" data-op3-width-auto-toggle><div class=\"op3-treemenuitem-content op3-background-parent\" data-op3-menu-item-id=\"\"><a class=\"op3-treemenuitem-link\" href=\"https:\/\/katiabrambila.net\/alumna-links\/\" target=\"_self\"><i class=\"op3-icon op3-icon-link-71-1\" data-op3-icon=\"op3-icon-link-71-1\"><svg class=\"op3-icon-svg\" width=\"1em\" height=\"1em\"><use href=\"https:\/\/katiabrambila.net\/wp-content\/plugins\/op-builder\/public\/assets\/cache\/page-205.svg#op3-icons-link-71-1\" \/><\/svg><\/i><span class=\"op3-text\">Alumnas<\/span><i class=\"op3-dropdown-icon op3-icon-small-down\"><svg class=\"op3-icon-svg\" width=\"1em\" height=\"1em\"><use href=\"https:\/\/katiabrambila.net\/wp-content\/plugins\/op-builder\/public\/assets\/cache\/page-205.svg#op3-icons-small-down\" \/><\/svg><\/i><\/a><div class=\"op3-treemenuitem-children-content op3-background-parent\"><div data-op3-children=\"0\"><\/div><div class=\"op3-triangle\"><div class=\"op3-triangle-ratio\"><div class=\"op3-triangle-wrapper\"><\/div><\/div><\/div><div data-op3-background=\"childwrap\"><\/div><\/div><div data-op3-background=\"base\"><\/div><\/div><\/div><\/div><div class=\"op3-triangle\"><div class=\"op3-triangle-ratio\"><div class=\"op3-triangle-wrapper\"><\/div><\/div><\/div><\/div><\/div><\/p>\n<h2>Dulces Historias<\/h2>\n<h2>Descubre historias de personas que han transformado su vida al hacer Postres Saludables<\/h2>\n<h2>Historias En Video<\/h2>\n<h2>Paty Ernult<\/h2>\n<h2>\u00abEstoy muy Contenta porque he hecho varias cosas y es my nutritivo son postres buen\u00edsimos y a todos les han gustado\u00bb<\/h2>\n<h2>Karime Hernandez<\/h2>\n<h2>\u00abHe tomado otros curso de postres pero quer\u00eda\u00a0 la opci\u00f3n m\u00e1s saludable y eso fue lo que me llam\u00f3 la Atenci\u00f3n\u00bb<\/h2>\n<h2>Sandra Vidal<\/h2>\n<h2>\u00abDecid\u00ed que yo no seria una persona diab\u00e9tica, Cambi\u00e9 totalmente mi alimentaci\u00f3n y los postres tambien\u00bb<\/h2>\n<h2>Historias De Chefs De Coraz\u00f3n<\/h2>\n<h2>Lul\u00fa L\u00f3pez<\/h2>\n<h2>\u00abLa Alimentaci\u00f3n saludable ha sido el secreto fundamental en mi proceso despu\u00e9s de mi enfermedad y he visto mucha mejor\u00eda\u00bb<\/h2>\n<h2>Aurelia Siles<\/h2>\n<h2>\u00abAhora con la cuarentena decid\u00ed aprovechar el tiempo para organizar una idea de negocio porque me gusta la reposter\u00eda y soy muy dulcera\u00bb<\/h2>\n<h2>Griselle Galv\u00e1n<\/h2>\n<h2>\u00abMe encanto el curso me cay\u00f3 como anillo al dedo porque comenc\u00e9 a cuidarme adem\u00e1s de cuidar a mi papa y mis hijos con la alimentaci\u00f3n\u00bb<\/h2>\n<h2>Sof\u00eda L\u00f3pez<\/h2>\n<h2>\u00abYo tengo un negocio de Cheese cake, y me gusta ayudar a la gente ese me motiv\u00f3 a con este curso pero de manera saludable y a disfrutarlos\u00bb<\/h2>\n<h2>Citlali de Alba<\/h2>\n<h2>\u00abLlegu\u00e9 al curso porque estaba deprimida y en una crisis muy fuerte, un dia vi el curso me gusto y decid\u00ed comenzar el negocio de la pasteler\u00eda\u00bb<\/h2>\n<h2>Anaid Nava<\/h2>\n<h2>\u00abSoy Dentista, pero ya tenia tiempo buscando alternativas saludables principalmente postres, mi suegra me platico del curso, lo tome y me encanto y a la familia tambien\u00bb<\/h2>\n<h2>Nathalia<\/h2>\n<h2>\u00abBuscando siempre lo mejor en alimentaci\u00f3n mi mama me comento del curso, ahora tenemos otra opci\u00f3n nutritiva porque somos fans de la reposter\u00eda\u00bb<\/h2>\n<h2>Andrea Jimenez<\/h2>\n<h2>\u00abEstudi\u00e9 gastronom\u00eda y definitivamente tu curso es fant\u00e1stico, los videos, recetas y las t\u00e9cnicas son geniales para poder hacerlos s\u00faper f\u00e1cil\u00bb<\/h2>\n<h2>Diana Hernandez<\/h2>\n<h2>\u00abCombinamos el emprendimiento y el inicio de una vida saludable y desde ese momento ha sido muy padre el camino, mi familia y yo nos sentimos de maravilla\u00bb<\/h2>\n<h2>M\u00e1s Historias<\/h2>\n<p><a target=\"_self\" rel=\"noopener noreferrer\" data-op-action=\"link\" data-op-popoverlay-trigger=\"none\" data-op-select-funnel-step=\"\"><img loading=\"lazy\" decoding=\"async\" title=\"1n5a3507-x3-1\" src=\"https:\/\/katiabrambila.net\/wp-content\/uploads\/2020\/06\/1n5a3507-x3-1.jpg\" alt=\"\" width=\"800\" height=\"1200\" \/><\/a><\/p>\n<h2>Adriana Artunduaga<\/h2>\n<h3>\u00abKatia, apenas inicie hoy con la teor\u00eda, estoy muy contenta por haber invertido en tu curso de postres saludables, super incre\u00edble la tabla de equivalencias, y todo lo que nos explicas al inicio del curso, te felicito eres muy ordenada, y\u00a0admiro la manera tan did\u00e1ctica como nos das a conocer la informaci\u00f3n,\u00a0as\u00ed que al fin lograr\u00e9 tener fundamentos completos para poder continuar ofreciendo a mi familia y a la comunidad alimentos saludables, teniendo en cuenta sus beneficios, medidas, ingredientes adecuados\u00a0para todos los gustos sin afectar la salud y bienestar de las personas. Mil gracias lindo proyecto\u00bb<\/h3>\n<h2>M\u00e1s Historias<\/h2>\n<h2>\u00abKatia, apenas inicie hoy con la teor\u00eda, estoy muy contenta por haber invertido en tu curso de postres saludables, super incre\u00edble la tabla de equivalencias, y todo lo que nos explicas al inicio del curso, te felicito eres muy ordenada, y admiro la manera tan didactica como nos das a conocer la informacion, asi que al fin lograr\u00e9 tener fundamentos completos para poder continuar ofreciendo a mi familia y a la comunidad alimentos saludables, teniendo en cuenta sus beneficios, medidas, ingredientes adecuados para todos los gustos sin afectar la salud y bienestar de las personas. Mil gracias lindo proyecto\u00bb<\/h2>\n<h2>Adriana Artunduaga<\/h2>\n<h2>\u00bb Quiero compartir contigo qu\u00e9 hace unos meses soy tu alumna tengo una tienda org\u00e1nica y comenzamos a integrar tus postres han sido un \u00e9xito estamos muy agradecidos ya que cambio nuestras vidas como familia y empresa. Ya que tenemos un ni\u00f1o que fue diagnosticado hace 9 a\u00f1os con d\u00e9ficit de atenci\u00f3n y hay muchos alimentos que no puede comer entre ellos el gluten y ha sido maravillo tener esta alternativa. Te env\u00edo un abrazo enorme\u00bb<\/h2>\n<h2>\u00a0Carmen Soto<\/h2>\n<h2>\u00bfQu\u00e9 Dicen Del Programa De Postres Saludables?<\/h2>\n<p><a target=\"_self\" rel=\"noopener noreferrer\" data-op-action=\"link\" data-op-popoverlay-trigger=\"none\" data-op-select-funnel-step=\"\"><img loading=\"lazy\" decoding=\"async\" title=\"800x600,3\" src=\"https:\/\/katiabrambila.net\/wp-content\/uploads\/2020\/08\/800x6003.png\" alt=\"\" width=\"800\" height=\"600\" \/><\/a><a target=\"_self\" rel=\"noopener noreferrer\" data-op-action=\"link\" data-op-popoverlay-trigger=\"none\" data-op-select-funnel-step=\"\"><img loading=\"lazy\" decoding=\"async\" title=\"800x600,2\" src=\"https:\/\/katiabrambila.net\/wp-content\/uploads\/2020\/08\/800x6002.png\" alt=\"\" width=\"800\" height=\"600\" \/><\/a><a target=\"_self\" rel=\"noopener noreferrer\" data-op-action=\"link\" data-op-popoverlay-trigger=\"none\" data-op-select-funnel-step=\"\"><img loading=\"lazy\" decoding=\"async\" title=\"800x600,1\" src=\"https:\/\/katiabrambila.net\/wp-content\/uploads\/2020\/08\/800x6001.png\" alt=\"\" width=\"800\" height=\"600\" \/><\/a><a target=\"_self\" rel=\"noopener noreferrer\" data-op-action=\"link\" data-op-popoverlay-trigger=\"none\" data-op-select-funnel-step=\"\"><img loading=\"lazy\" decoding=\"async\" title=\"800x100,1\" src=\"https:\/\/katiabrambila.net\/wp-content\/uploads\/2020\/08\/800x1001.png\" alt=\"\" width=\"800\" height=\"1000\" \/><\/a><a target=\"_self\" rel=\"noopener noreferrer\" data-op-action=\"link\" data-op-popoverlay-trigger=\"none\" data-op-select-funnel-step=\"\"><img loading=\"lazy\" decoding=\"async\" title=\"800x100,2\" src=\"https:\/\/katiabrambila.net\/wp-content\/uploads\/2020\/08\/800x1002.png\" alt=\"\" width=\"800\" height=\"1000\" \/><\/a><a target=\"_self\" rel=\"noopener noreferrer\" data-op-action=\"link\" data-op-popoverlay-trigger=\"none\" data-op-select-funnel-step=\"\"><img loading=\"lazy\" decoding=\"async\" title=\"800x100,3\" src=\"https:\/\/katiabrambila.net\/wp-content\/uploads\/2020\/08\/800x1003.png\" alt=\"\" width=\"800\" height=\"1000\" \/><\/a><a target=\"_self\" rel=\"noopener noreferrer\" data-op-action=\"link\" data-op-popoverlay-trigger=\"none\" data-op-select-funnel-step=\"\"><img loading=\"lazy\" decoding=\"async\" title=\"800x100,6\" src=\"https:\/\/katiabrambila.net\/wp-content\/uploads\/2020\/08\/800x1006.png\" alt=\"\" width=\"800\" height=\"1000\" \/><\/a><a target=\"_self\" rel=\"noopener noreferrer\" data-op-action=\"link\" data-op-popoverlay-trigger=\"none\" data-op-select-funnel-step=\"\"><img loading=\"lazy\" decoding=\"async\" title=\"800x100,5\" src=\"https:\/\/katiabrambila.net\/wp-content\/uploads\/2020\/08\/800x1005.png\" alt=\"\" width=\"800\" height=\"1000\" \/><\/a><a target=\"_self\" rel=\"noopener noreferrer\" data-op-action=\"link\" data-op-popoverlay-trigger=\"none\" data-op-select-funnel-step=\"\"><img loading=\"lazy\" decoding=\"async\" title=\"800x100,7\" src=\"https:\/\/katiabrambila.net\/wp-content\/uploads\/2020\/08\/800x1007.png\" alt=\"\" width=\"800\" height=\"1000\" \/><\/a><a target=\"_self\" rel=\"noopener noreferrer\" data-op-action=\"link\" data-op-popoverlay-trigger=\"none\" data-op-select-funnel-step=\"\"><img loading=\"lazy\" decoding=\"async\" title=\"800x100,4\" src=\"https:\/\/katiabrambila.net\/wp-content\/uploads\/2020\/08\/800x1004.png\" alt=\"\" width=\"800\" height=\"1000\" \/><\/a><a target=\"_self\" rel=\"noopener noreferrer\" data-op-action=\"link\" data-op-popoverlay-trigger=\"none\" data-op-select-funnel-step=\"\"><img loading=\"lazy\" decoding=\"async\" title=\"800x100,9\" src=\"https:\/\/katiabrambila.net\/wp-content\/uploads\/2020\/08\/800x1009.png\" alt=\"\" width=\"800\" height=\"1000\" \/><\/a><a target=\"_self\" rel=\"noopener noreferrer\" data-op-action=\"link\" data-op-popoverlay-trigger=\"none\" data-op-select-funnel-step=\"\"><img loading=\"lazy\" decoding=\"async\" title=\"800x100,8\" src=\"https:\/\/katiabrambila.net\/wp-content\/uploads\/2020\/08\/800x1008.png\" alt=\"\" width=\"800\" height=\"1000\" \/><\/a><a target=\"_self\" rel=\"noopener noreferrer\" data-op-action=\"link\" data-op-popoverlay-trigger=\"none\" data-op-select-funnel-step=\"\"><img loading=\"lazy\" decoding=\"async\" title=\"1N5A3507-X3\" src=\"https:\/\/katiabrambila.net\/wp-content\/uploads\/2020\/06\/1N5A3507-X3.jpg\" alt=\"\" width=\"800\" height=\"1200\" \/><\/a><\/p>\n<p>Si t\u00fa al igual que ellas quieres comenzar a crear POSTRES SALUDABLES.<\/p>\n<p>Descubre Mi Taller GRATUITO:<\/p>\n<p>Los\u00a0\u00a05 Secretos\u00a0para preparar\u00a0Postres Saludables\u00a0deliciosos y sin perder la figura. Sin az\u00facar &#8211; sin gluten &#8211; sin l\u00e1cteos<\/p>\n<p><a class=\"op3-background-ancestor\" href=\"https:\/\/go.hotmart.com\/P12891701Y?ap=a414&amp;src=Knet\" target=\"_self\" rel=\"noopener noreferrer\" data-op-action=\"link\" data-op-popoverlay-trigger=\"none\" data-op-select-funnel-step=\"\" data-op-animation-trigger=\"none\" data-op-animation-style=\"\" data-op-animation-loop=\"0\" data-op-timer-minutes=\"0\" data-op-timer-seconds=\"0\">S\u00cd, Quiero Ir A Este Taller GRATUITO.Sub Text<\/a><a target=\"_self\" rel=\"noopener noreferrer\" data-op-action=\"link\" data-op-popoverlay-trigger=\"none\" data-op-select-funnel-step=\"\"><img loading=\"lazy\" decoding=\"async\" title=\"LOGO\" src=\"https:\/\/katiabrambila.net\/wp-content\/uploads\/2020\/06\/logo-1.png\" alt=\"\" width=\"537\" height=\"200\" \/><\/a><\/p>\n<p><a href=\"https:\/\/katiabrambila.net\/privacidad\/\">Pol\u00edtica De Privacidad<\/a><\/p>\n<p><a href=\"https:\/\/katiabrambila.net\/terminos\/\">T\u00e9rminos Y Condiciones<\/a><\/p>\n<p>Copyright 2018 &#8211; Sweet Paleo.Todos Los Derechos Reservados.\u00a0 Este sitio utiliza cookies propias y de terceros. Si continuas navegando, consideramos que aceptas su uso.<\/p>\n","protected":false},"excerpt":{"rendered":"<p>Dulces Historias Descubre historias de personas que han transformado su vida al hacer Postres Saludables Historias En Video Paty Ernult \u00abEstoy muy Contenta porque he hecho varias cosas y es my nutritivo son postres buen\u00edsimos y a todos les han gustado\u00bb Karime Hernandez \u00abHe tomado otros curso de postres pero quer\u00eda\u00a0 la opci\u00f3n m\u00e1s saludable [&hellip;]<\/p>\n","protected":false},"author":22,"featured_media":0,"parent":0,"menu_order":0,"comment_status":"closed","ping_status":"closed","template":"op_builder_blank","meta":{"footnotes":""},"class_list":["post-205","page","type-page","status-publish","hentry"],"_links":{"self":[{"href":"https:\/\/katiabrambila.net\/index.php?rest_route=\/wp\/v2\/pages\/205","targetHints":{"allow":["GET"]}}],"collection":[{"href":"https:\/\/katiabrambila.net\/index.php?rest_route=\/wp\/v2\/pages"}],"about":[{"href":"https:\/\/katiabrambila.net\/index.php?rest_route=\/wp\/v2\/types\/page"}],"author":[{"embeddable":true,"href":"https:\/\/katiabrambila.net\/index.php?rest_route=\/wp\/v2\/users\/22"}],"replies":[{"embeddable":true,"href":"https:\/\/katiabrambila.net\/index.php?rest_route=%2Fwp%2Fv2%2Fcomments&post=205"}],"version-history":[{"count":0,"href":"https:\/\/katiabrambila.net\/index.php?rest_route=\/wp\/v2\/pages\/205\/revisions"}],"wp:attachment":[{"href":"https:\/\/katiabrambila.net\/index.php?rest_route=%2Fwp%2Fv2%2Fmedia&parent=205"}],"curies":[{"name":"wp","href":"https:\/\/api.w.org\/{rel}","templated":true}]}}