{"id":263,"date":"2020-06-10T03:55:08","date_gmt":"2020-06-10T03:55:08","guid":{"rendered":"https:\/\/katiabrambila.net\/formulario-embajadora-marca-cloned-at-2020-06-14-204553\/"},"modified":"2022-04-26T22:05:30","modified_gmt":"2022-04-27T03:05:30","slug":"entrevistas","status":"publish","type":"page","link":"https:\/\/katiabrambila.net\/?page_id=263","title":{"rendered":"Formulario Entrevistas"},"content":{"rendered":"<p><a target=\"_self\" data-op-action=\"link\" data-op-popoverlay-trigger=\"none\" data-op-select-funnel-step=\"\" rel=\"noopener noreferrer\"><img loading=\"lazy\" decoding=\"async\" src=\"https:\/\/katiabrambila.net\/wp-content\/uploads\/2020\/06\/LOGO.png\" alt=\"\" title=\"LOGO\" width=\"537\" height=\"200\" \/><\/a><div id=\"op3-element-kVgcuDOs\" class=\"op3-element \" data-op3-uuid=\"kVgcuDOs\" data-op3-gid=\"\" data-op3-element-type=\"treemenu\" data-op3-element-spec=\"\" data-op3-element-caption=\"WP Menu #kVgcuDOs\" data-op-visibility-hidden=\"0\" data-op-element-hidden=\"0\" data-op3-style-id=\"\" data-op3-has-children=\"1\"><div class=\"op3-treemenu-content op3-background-parent\" data-op3-stack-columns-desktop=\"0\" data-op3-stack-columns-tablet=\"1\" data-op3-stack-columns-mobile=\"1\" data-op3-autosize-columns=\"0\" data-op3-menu-name=\"2\" data-op-animation=\"0\"><a class=\"op3-hamburger\" href=\"#\" data-op3-treemenu-styling=\"right\"><i class=\"op3-icon op3-icon-menu-34-2\" data-op3-icon=\"op3-icon-menu-34-2\"><svg class=\"op3-icon-svg\" width=\"1em\" height=\"1em\"><use href=\"https:\/\/katiabrambila.net\/wp-content\/plugins\/op-builder\/public\/assets\/cache\/page-263.svg#op3-icons-menu-34-2\" \/><\/svg><\/i><span class=\"op3-text\">Menu<\/span><\/a><a class=\"op3-hamburger-close\" href=\"#\"><i class=\"op3-icon op3-icon-simple-remove-2\" data-op3-icon=\"\"><svg class=\"op3-icon-svg\" width=\"1em\" height=\"1em\"><use href=\"https:\/\/katiabrambila.net\/wp-content\/plugins\/op-builder\/public\/assets\/cache\/page-263.svg#op3-icons-simple-remove-2\" \/><\/svg><\/i><span class=\"op3-text\">Close<\/span><\/a><div data-op3-children=\"6\"><div id=\"op3-element-kYpMAxzf\" class=\"op3-element \" data-op3-uuid=\"kYpMAxzf\" data-op3-gid=\"\" data-op3-element-type=\"treemenuitem\" data-op3-element-spec=\"treemenuitemlvl1\" data-op3-element-caption=\"Menu Item #kYpMAxzf\" data-op-visibility-hidden=\"0\" data-op-element-hidden=\"0\" data-op3-style-id=\"\" data-op3-has-children=\"0\" data-op3-width-auto-toggle><div class=\"op3-treemenuitem-content op3-background-parent\" data-op3-menu-item-id=\"\"><a class=\"op3-treemenuitem-link\" href=\"https:\/\/katiabrambila.net\/\" target=\"_self\"><i class=\"op3-icon op3-icon-link-71-1\" data-op3-icon=\"op3-icon-link-71-1\"><svg class=\"op3-icon-svg\" width=\"1em\" height=\"1em\"><use href=\"https:\/\/katiabrambila.net\/wp-content\/plugins\/op-builder\/public\/assets\/cache\/page-263.svg#op3-icons-link-71-1\" \/><\/svg><\/i><span class=\"op3-text\">Home<\/span><i class=\"op3-dropdown-icon op3-icon-small-down\"><svg class=\"op3-icon-svg\" width=\"1em\" height=\"1em\"><use href=\"https:\/\/katiabrambila.net\/wp-content\/plugins\/op-builder\/public\/assets\/cache\/page-263.svg#op3-icons-small-down\" \/><\/svg><\/i><\/a><div class=\"op3-treemenuitem-children-content op3-background-parent\"><div data-op3-children=\"0\"><\/div><div class=\"op3-triangle\"><div class=\"op3-triangle-ratio\"><div class=\"op3-triangle-wrapper\"><\/div><\/div><\/div><div data-op3-background=\"childwrap\"><\/div><\/div><div data-op3-background=\"base\"><\/div><\/div><\/div><div id=\"op3-element-syZvKADi\" class=\"op3-element \" data-op3-uuid=\"syZvKADi\" data-op3-gid=\"\" data-op3-element-type=\"treemenuitem\" data-op3-element-spec=\"treemenuitemlvl1\" data-op3-element-caption=\"Menu Item #syZvKADi\" data-op-visibility-hidden=\"0\" data-op-element-hidden=\"0\" data-op3-style-id=\"\" data-op3-has-children=\"0\" data-op3-width-auto-toggle><div class=\"op3-treemenuitem-content op3-background-parent\" data-op3-menu-item-id=\"\"><a class=\"op3-treemenuitem-link\" href=\"https:\/\/katiabrambila.net\/?page_id=89\" target=\"_self\"><i class=\"op3-icon op3-icon-link-71-1\" data-op3-icon=\"op3-icon-link-71-1\"><svg class=\"op3-icon-svg\" width=\"1em\" height=\"1em\"><use href=\"https:\/\/katiabrambila.net\/wp-content\/plugins\/op-builder\/public\/assets\/cache\/page-263.svg#op3-icons-link-71-1\" \/><\/svg><\/i><span class=\"op3-text\">Acerca De<\/span><i class=\"op3-dropdown-icon op3-icon-small-down\"><svg class=\"op3-icon-svg\" width=\"1em\" height=\"1em\"><use href=\"https:\/\/katiabrambila.net\/wp-content\/plugins\/op-builder\/public\/assets\/cache\/page-263.svg#op3-icons-small-down\" \/><\/svg><\/i><\/a><div class=\"op3-treemenuitem-children-content op3-background-parent\"><div data-op3-children=\"0\"><\/div><div class=\"op3-triangle\"><div class=\"op3-triangle-ratio\"><div class=\"op3-triangle-wrapper\"><\/div><\/div><\/div><div data-op3-background=\"childwrap\"><\/div><\/div><div data-op3-background=\"base\"><\/div><\/div><\/div><div id=\"op3-element-85BhdEoh\" class=\"op3-element \" data-op3-uuid=\"85BhdEoh\" data-op3-gid=\"\" data-op3-element-type=\"treemenuitem\" data-op3-element-spec=\"treemenuitemlvl1\" data-op3-element-caption=\"Menu Item #85BhdEoh\" data-op-visibility-hidden=\"0\" data-op-element-hidden=\"0\" data-op3-style-id=\"\" data-op3-has-children=\"0\" data-op3-width-auto-toggle><div class=\"op3-treemenuitem-content op3-background-parent\" data-op3-menu-item-id=\"\"><a class=\"op3-treemenuitem-link\" href=\"https:\/\/katiabrambila.net\/?page_id=272\" target=\"_self\"><i class=\"op3-icon op3-icon-link-71-1\" data-op3-icon=\"op3-icon-link-71-1\"><svg class=\"op3-icon-svg\" width=\"1em\" height=\"1em\"><use href=\"https:\/\/katiabrambila.net\/wp-content\/plugins\/op-builder\/public\/assets\/cache\/page-263.svg#op3-icons-link-71-1\" \/><\/svg><\/i><span class=\"op3-text\">Programas Online<\/span><i class=\"op3-dropdown-icon op3-icon-small-down\"><svg class=\"op3-icon-svg\" width=\"1em\" height=\"1em\"><use href=\"https:\/\/katiabrambila.net\/wp-content\/plugins\/op-builder\/public\/assets\/cache\/page-263.svg#op3-icons-small-down\" \/><\/svg><\/i><\/a><div class=\"op3-treemenuitem-children-content op3-background-parent\"><div data-op3-children=\"0\"><\/div><div class=\"op3-triangle\"><div class=\"op3-triangle-ratio\"><div class=\"op3-triangle-wrapper\"><\/div><\/div><\/div><div data-op3-background=\"childwrap\"><\/div><\/div><div data-op3-background=\"base\"><\/div><\/div><\/div><div id=\"op3-element-wJ3zOMXN\" class=\"op3-element \" data-op3-uuid=\"wJ3zOMXN\" data-op3-gid=\"\" data-op3-element-type=\"treemenuitem\" data-op3-element-spec=\"treemenuitemlvl1\" data-op3-element-caption=\"Menu Item #wJ3zOMXN\" data-op-visibility-hidden=\"0\" data-op-element-hidden=\"0\" data-op3-style-id=\"\" data-op3-has-children=\"0\" data-op3-width-auto-toggle><div class=\"op3-treemenuitem-content op3-background-parent\" data-op3-menu-item-id=\"\"><a class=\"op3-treemenuitem-link\" href=\"https:\/\/katiabrambila.net\/?page_id=205\" target=\"_self\"><i class=\"op3-icon op3-icon-link-71-1\" data-op3-icon=\"op3-icon-link-71-1\"><svg class=\"op3-icon-svg\" width=\"1em\" height=\"1em\"><use href=\"https:\/\/katiabrambila.net\/wp-content\/plugins\/op-builder\/public\/assets\/cache\/page-263.svg#op3-icons-link-71-1\" \/><\/svg><\/i><span class=\"op3-text\">Dulces Historias<\/span><i class=\"op3-dropdown-icon op3-icon-small-down\"><svg class=\"op3-icon-svg\" width=\"1em\" height=\"1em\"><use href=\"https:\/\/katiabrambila.net\/wp-content\/plugins\/op-builder\/public\/assets\/cache\/page-263.svg#op3-icons-small-down\" \/><\/svg><\/i><\/a><div class=\"op3-treemenuitem-children-content op3-background-parent\"><div data-op3-children=\"0\"><\/div><div class=\"op3-triangle\"><div class=\"op3-triangle-ratio\"><div class=\"op3-triangle-wrapper\"><\/div><\/div><\/div><div data-op3-background=\"childwrap\"><\/div><\/div><div data-op3-background=\"base\"><\/div><\/div><\/div><div id=\"op3-element-Azz1BLcf\" class=\"op3-element \" data-op3-uuid=\"Azz1BLcf\" data-op3-gid=\"\" data-op3-element-type=\"treemenuitem\" data-op3-element-spec=\"treemenuitemlvl1\" data-op3-element-caption=\"Menu Item #Azz1BLcf\" data-op-visibility-hidden=\"0\" data-op-element-hidden=\"0\" data-op3-style-id=\"\" data-op3-has-children=\"1\" data-op3-width-auto-toggle><div class=\"op3-treemenuitem-content op3-background-parent\" data-op3-menu-item-id=\"\"><a class=\"op3-treemenuitem-link\" href=\"https:\/\/katiabrambila.net\/?page_id=228\" target=\"_self\"><i class=\"op3-icon op3-icon-link-71-1\" data-op3-icon=\"op3-icon-link-71-1\"><svg class=\"op3-icon-svg\" width=\"1em\" height=\"1em\"><use href=\"https:\/\/katiabrambila.net\/wp-content\/plugins\/op-builder\/public\/assets\/cache\/page-263.svg#op3-icons-link-71-1\" \/><\/svg><\/i><span class=\"op3-text\">Trabaja Conmigo<\/span><i class=\"op3-dropdown-icon op3-icon-small-down\"><svg class=\"op3-icon-svg\" width=\"1em\" height=\"1em\"><use href=\"https:\/\/katiabrambila.net\/wp-content\/plugins\/op-builder\/public\/assets\/cache\/page-263.svg#op3-icons-small-down\" \/><\/svg><\/i><\/a><div class=\"op3-treemenuitem-children-content op3-background-parent\"><div data-op3-children=\"3\"><div id=\"op3-element-P7X5yC93\" class=\"op3-element \" data-op3-uuid=\"P7X5yC93\" data-op3-gid=\"\" data-op3-element-type=\"treemenuitem\" data-op3-element-spec=\"treemenuitemlvl2\" data-op3-element-caption=\"Menu Item #P7X5yC93\" data-op-visibility-hidden=\"0\" data-op-element-hidden=\"0\" data-op3-style-id=\"\" data-op3-has-children=\"0\" data-op3-width-auto-toggle><div class=\"op3-treemenuitem-content op3-background-parent\" data-op3-menu-item-id=\"\"><a class=\"op3-treemenuitem-link\" href=\"https:\/\/katiabrambila.net\/?page_id=256\" target=\"_self\"><i class=\"op3-icon op3-icon-link-71-1\" data-op3-icon=\"op3-icon-link-71-1\"><svg class=\"op3-icon-svg\" width=\"1em\" height=\"1em\"><use href=\"https:\/\/katiabrambila.net\/wp-content\/plugins\/op-builder\/public\/assets\/cache\/page-263.svg#op3-icons-link-71-1\" \/><\/svg><\/i><span class=\"op3-text\">Embajadora Marca<\/span><i class=\"op3-dropdown-icon op3-icon-small-down\"><svg class=\"op3-icon-svg\" width=\"1em\" height=\"1em\"><use href=\"https:\/\/katiabrambila.net\/wp-content\/plugins\/op-builder\/public\/assets\/cache\/page-263.svg#op3-icons-small-down\" \/><\/svg><\/i><\/a><div class=\"op3-treemenuitem-children-content op3-background-parent\"><div data-op3-children=\"0\"><\/div><div class=\"op3-triangle\"><div class=\"op3-triangle-ratio\"><div class=\"op3-triangle-wrapper\"><\/div><\/div><\/div><div data-op3-background=\"childwrap\"><\/div><\/div><div data-op3-background=\"base\"><\/div><\/div><\/div><div id=\"op3-element-ht3BTZhw\" class=\"op3-element \" data-op3-uuid=\"ht3BTZhw\" data-op3-gid=\"\" data-op3-element-type=\"treemenuitem\" data-op3-element-spec=\"treemenuitemlvl2\" data-op3-element-caption=\"Menu Item #ht3BTZhw\" data-op-visibility-hidden=\"0\" data-op-element-hidden=\"0\" data-op3-style-id=\"\" data-op3-has-children=\"0\" data-op3-width-auto-toggle><div class=\"op3-treemenuitem-content op3-background-parent\" data-op3-menu-item-id=\"\"><a class=\"op3-treemenuitem-link\" href=\"https:\/\/katiabrambila.net\/?page_id=263\" target=\"_self\"><i class=\"op3-icon op3-icon-link-71-1\" data-op3-icon=\"op3-icon-link-71-1\"><svg class=\"op3-icon-svg\" width=\"1em\" height=\"1em\"><use href=\"https:\/\/katiabrambila.net\/wp-content\/plugins\/op-builder\/public\/assets\/cache\/page-263.svg#op3-icons-link-71-1\" \/><\/svg><\/i><span class=\"op3-text\">Entrevistas<\/span><i class=\"op3-dropdown-icon op3-icon-small-down\"><svg class=\"op3-icon-svg\" width=\"1em\" height=\"1em\"><use href=\"https:\/\/katiabrambila.net\/wp-content\/plugins\/op-builder\/public\/assets\/cache\/page-263.svg#op3-icons-small-down\" \/><\/svg><\/i><\/a><div class=\"op3-treemenuitem-children-content op3-background-parent\"><div data-op3-children=\"0\"><\/div><div class=\"op3-triangle\"><div class=\"op3-triangle-ratio\"><div class=\"op3-triangle-wrapper\"><\/div><\/div><\/div><div data-op3-background=\"childwrap\"><\/div><\/div><div data-op3-background=\"base\"><\/div><\/div><\/div><div id=\"op3-element-NTibTM8C\" class=\"op3-element \" data-op3-uuid=\"NTibTM8C\" data-op3-gid=\"\" data-op3-element-type=\"treemenuitem\" data-op3-element-spec=\"treemenuitemlvl2\" data-op3-element-caption=\"Menu Item #NTibTM8C\" data-op-visibility-hidden=\"0\" data-op-element-hidden=\"0\" data-op3-style-id=\"\" data-op3-has-children=\"0\" data-op3-width-auto-toggle><div class=\"op3-treemenuitem-content op3-background-parent\" data-op3-menu-item-id=\"\"><a class=\"op3-treemenuitem-link\" href=\"https:\/\/katiabrambila.net\/?page_id=445\" target=\"_self\"><i class=\"op3-icon op3-icon-link-71-1\" data-op3-icon=\"op3-icon-link-71-1\"><svg class=\"op3-icon-svg\" width=\"1em\" height=\"1em\"><use href=\"https:\/\/katiabrambila.net\/wp-content\/plugins\/op-builder\/public\/assets\/cache\/page-263.svg#op3-icons-link-71-1\" \/><\/svg><\/i><span class=\"op3-text\">Afiliados<\/span><i class=\"op3-dropdown-icon op3-icon-small-down\"><svg class=\"op3-icon-svg\" width=\"1em\" height=\"1em\"><use href=\"https:\/\/katiabrambila.net\/wp-content\/plugins\/op-builder\/public\/assets\/cache\/page-263.svg#op3-icons-small-down\" \/><\/svg><\/i><\/a><div class=\"op3-treemenuitem-children-content op3-background-parent\"><div data-op3-children=\"0\"><\/div><div class=\"op3-triangle\"><div class=\"op3-triangle-ratio\"><div class=\"op3-triangle-wrapper\"><\/div><\/div><\/div><div data-op3-background=\"childwrap\"><\/div><\/div><div data-op3-background=\"base\"><\/div><\/div><\/div><\/div><div class=\"op3-triangle\"><div class=\"op3-triangle-ratio\"><div class=\"op3-triangle-wrapper\"><\/div><\/div><\/div><div data-op3-background=\"childwrap\"><\/div><\/div><div data-op3-background=\"base\"><\/div><\/div><\/div><div id=\"op3-element-S8PNnSLf\" class=\"op3-element \" data-op3-uuid=\"S8PNnSLf\" data-op3-gid=\"\" data-op3-element-type=\"treemenuitem\" data-op3-element-spec=\"treemenuitemlvl1\" data-op3-element-caption=\"Menu Item #S8PNnSLf\" data-op-visibility-hidden=\"0\" data-op-element-hidden=\"0\" data-op3-style-id=\"\" data-op3-has-children=\"0\" data-op3-width-auto-toggle><div class=\"op3-treemenuitem-content op3-background-parent\" data-op3-menu-item-id=\"\"><a class=\"op3-treemenuitem-link\" href=\"https:\/\/katiabrambila.net\/alumna-links\/\" target=\"_self\"><i class=\"op3-icon op3-icon-link-71-1\" data-op3-icon=\"op3-icon-link-71-1\"><svg class=\"op3-icon-svg\" width=\"1em\" height=\"1em\"><use href=\"https:\/\/katiabrambila.net\/wp-content\/plugins\/op-builder\/public\/assets\/cache\/page-263.svg#op3-icons-link-71-1\" \/><\/svg><\/i><span class=\"op3-text\">Alumnas<\/span><i class=\"op3-dropdown-icon op3-icon-small-down\"><svg class=\"op3-icon-svg\" width=\"1em\" height=\"1em\"><use href=\"https:\/\/katiabrambila.net\/wp-content\/plugins\/op-builder\/public\/assets\/cache\/page-263.svg#op3-icons-small-down\" \/><\/svg><\/i><\/a><div class=\"op3-treemenuitem-children-content op3-background-parent\"><div data-op3-children=\"0\"><\/div><div class=\"op3-triangle\"><div class=\"op3-triangle-ratio\"><div class=\"op3-triangle-wrapper\"><\/div><\/div><\/div><div data-op3-background=\"childwrap\"><\/div><\/div><div data-op3-background=\"base\"><\/div><\/div><\/div><\/div><div class=\"op3-triangle\"><div class=\"op3-triangle-ratio\"><div class=\"op3-triangle-wrapper\"><\/div><\/div><\/div><\/div><\/div><\/p>\n<h1>\u00bfQuieres Entrevistarme?<\/h1>\n<p>Llevar mi mensaje &nbsp;a m\u00e1s gentes es uno de los sue\u00f1os m\u00e1s grandes, que cada familia tenga opciones saludables para disfrutar las dulces tentaciones.<\/p>\n<p>Muchas&nbsp;alumnas, Chefs de coraz\u00f3n han cambiado su vida, descubierto talentos y han transformado su pasi\u00f3n por los postres en un negocio de&nbsp;Postres Saludables generando ingresos trabajando desde casa.<\/p>\n<p>Si quieres invitarme a participar con tu comunidad te invito a completar el formulario, el equipo de Sweet Paleo se pondr\u00e1 en contacto contigo para ver todos los detalles.<\/p>\n<\/p>\n<h1>Completa el Formulario<\/h1>\n<p>Cargando\u2026<a target=\"_self\" data-op-action=\"link\" data-op-popoverlay-trigger=\"none\" data-op-select-funnel-step=\"\" rel=\"noopener noreferrer\"><img loading=\"lazy\" decoding=\"async\" src=\"https:\/\/katiabrambila.net\/wp-content\/uploads\/2020\/06\/LOGO.png\" alt=\"\" title=\"LOGO\" width=\"537\" height=\"200\" \/><\/a><a class=\"op3-link\" target=\"_self\" data-op-animation-trigger=\"none\" data-op-animation-style=\"\" data-op-animation-loop=\"0\" data-op-timer-minutes=\"0\" data-op-timer-seconds=\"0\" rel=\"noopener noreferrer\"><\/a><a class=\"op3-link\" target=\"_self\" data-op-animation-trigger=\"none\" data-op-animation-style=\"\" data-op-animation-loop=\"0\" data-op-timer-minutes=\"0\" data-op-timer-seconds=\"0\" rel=\"noopener noreferrer\"><\/a><a class=\"op3-link\" target=\"_self\" data-op-animation-trigger=\"none\" data-op-animation-style=\"\" data-op-animation-loop=\"0\" data-op-timer-minutes=\"0\" data-op-timer-seconds=\"0\" rel=\"noopener noreferrer\"><\/a><\/p>\n<p>Pol\u00edtica De Privacidad<\/p>\n<p>Disclaimer<\/p>\n<p>T\u00e9rminos Y Condiciones<\/p>\n<p>Copyright 2018 &#8211; Sweet Paleo.Todos Los Derechos Reservados.&nbsp; Este sitio utiliza cookies propias y de terceros. Si continuas navegando, consideramos que aceptas su uso.<\/p>\n","protected":false},"excerpt":{"rendered":"<p>\u00bfQuieres Entrevistarme? Llevar mi mensaje &nbsp;a m\u00e1s gentes es uno de los sue\u00f1os m\u00e1s grandes, que cada familia tenga opciones saludables para disfrutar las dulces tentaciones. Muchas&nbsp;alumnas, Chefs de coraz\u00f3n han cambiado su vida, descubierto talentos y han transformado su pasi\u00f3n por los postres en un negocio de&nbsp;Postres Saludables generando ingresos trabajando desde casa. Si [&hellip;]<\/p>\n","protected":false},"author":22,"featured_media":0,"parent":0,"menu_order":0,"comment_status":"closed","ping_status":"closed","template":"op_builder_blank","meta":{"footnotes":""},"class_list":["post-263","page","type-page","status-publish","hentry"],"_links":{"self":[{"href":"https:\/\/katiabrambila.net\/index.php?rest_route=\/wp\/v2\/pages\/263","targetHints":{"allow":["GET"]}}],"collection":[{"href":"https:\/\/katiabrambila.net\/index.php?rest_route=\/wp\/v2\/pages"}],"about":[{"href":"https:\/\/katiabrambila.net\/index.php?rest_route=\/wp\/v2\/types\/page"}],"author":[{"embeddable":true,"href":"https:\/\/katiabrambila.net\/index.php?rest_route=\/wp\/v2\/users\/22"}],"replies":[{"embeddable":true,"href":"https:\/\/katiabrambila.net\/index.php?rest_route=%2Fwp%2Fv2%2Fcomments&post=263"}],"version-history":[{"count":0,"href":"https:\/\/katiabrambila.net\/index.php?rest_route=\/wp\/v2\/pages\/263\/revisions"}],"wp:attachment":[{"href":"https:\/\/katiabrambila.net\/index.php?rest_route=%2Fwp%2Fv2%2Fmedia&parent=263"}],"curies":[{"name":"wp","href":"https:\/\/api.w.org\/{rel}","templated":true}]}}