{"id":389,"date":"2020-06-10T03:55:08","date_gmt":"2020-06-10T03:55:08","guid":{"rendered":"https:\/\/katiabrambila.net\/trabaja-conmigo-de-katia-brambila-cloned-at-2020-06-27-144544\/"},"modified":"2022-04-26T23:36:33","modified_gmt":"2022-04-27T04:36:33","slug":"clasesconamigos","status":"publish","type":"page","link":"https:\/\/katiabrambila.net\/?page_id=389","title":{"rendered":"Clases Online Con Amigos"},"content":{"rendered":"<p><a target=\"_self\" data-op-action=\"link\" data-op-popoverlay-trigger=\"none\" data-op-select-funnel-step=\"\" rel=\"noopener noreferrer\"><img loading=\"lazy\" decoding=\"async\" src=\"https:\/\/katiabrambila.net\/wp-content\/uploads\/2020\/06\/LOGO.png\" alt=\"\" title=\"LOGO\" width=\"537\" height=\"200\" \/><\/a><div id=\"op3-element-pgpUksCS\" class=\"op3-element \" data-op3-uuid=\"pgpUksCS\" data-op3-gid=\"\" data-op3-element-type=\"treemenu\" data-op3-element-spec=\"\" data-op3-element-caption=\"WP Menu #pgpUksCS\" data-op-visibility-hidden=\"0\" data-op-element-hidden=\"0\" data-op3-style-id=\"\" data-op3-has-children=\"1\"><div class=\"op3-treemenu-content op3-background-parent\" data-op3-stack-columns-desktop=\"0\" data-op3-stack-columns-tablet=\"1\" data-op3-stack-columns-mobile=\"1\" data-op3-autosize-columns=\"0\" data-op3-menu-name=\"2\" data-op-animation=\"0\"><a class=\"op3-hamburger\" href=\"#\" data-op3-treemenu-styling=\"right\"><i class=\"op3-icon op3-icon-menu-34-2\" data-op3-icon=\"op3-icon-menu-34-2\"><svg class=\"op3-icon-svg\" width=\"1em\" height=\"1em\"><use href=\"https:\/\/katiabrambila.net\/wp-content\/plugins\/op-builder\/public\/assets\/cache\/page-389.svg#op3-icons-menu-34-2\" \/><\/svg><\/i><span class=\"op3-text\">Menu<\/span><\/a><a class=\"op3-hamburger-close\" href=\"#\"><i class=\"op3-icon op3-icon-simple-remove-2\" data-op3-icon=\"\"><svg class=\"op3-icon-svg\" width=\"1em\" height=\"1em\"><use href=\"https:\/\/katiabrambila.net\/wp-content\/plugins\/op-builder\/public\/assets\/cache\/page-389.svg#op3-icons-simple-remove-2\" \/><\/svg><\/i><span class=\"op3-text\">Close<\/span><\/a><div data-op3-children=\"6\"><div id=\"op3-element-ViaHMuA2\" class=\"op3-element \" data-op3-uuid=\"ViaHMuA2\" data-op3-gid=\"\" data-op3-element-type=\"treemenuitem\" data-op3-element-spec=\"treemenuitemlvl1\" data-op3-element-caption=\"Menu Item #ViaHMuA2\" data-op-visibility-hidden=\"0\" data-op-element-hidden=\"0\" data-op3-style-id=\"\" data-op3-has-children=\"0\" data-op3-width-auto-toggle><div class=\"op3-treemenuitem-content op3-background-parent\" data-op3-menu-item-id=\"\"><a class=\"op3-treemenuitem-link\" href=\"https:\/\/katiabrambila.net\/\" target=\"_self\"><i class=\"op3-icon op3-icon-link-71-1\" data-op3-icon=\"op3-icon-link-71-1\"><svg class=\"op3-icon-svg\" width=\"1em\" height=\"1em\"><use href=\"https:\/\/katiabrambila.net\/wp-content\/plugins\/op-builder\/public\/assets\/cache\/page-389.svg#op3-icons-link-71-1\" \/><\/svg><\/i><span class=\"op3-text\">Home<\/span><i class=\"op3-dropdown-icon op3-icon-small-down\"><svg class=\"op3-icon-svg\" width=\"1em\" height=\"1em\"><use href=\"https:\/\/katiabrambila.net\/wp-content\/plugins\/op-builder\/public\/assets\/cache\/page-389.svg#op3-icons-small-down\" \/><\/svg><\/i><\/a><div class=\"op3-treemenuitem-children-content op3-background-parent\"><div data-op3-children=\"0\"><\/div><div class=\"op3-triangle\"><div class=\"op3-triangle-ratio\"><div class=\"op3-triangle-wrapper\"><\/div><\/div><\/div><div data-op3-background=\"childwrap\"><\/div><\/div><div data-op3-background=\"base\"><\/div><\/div><\/div><div id=\"op3-element-POHV5U3k\" class=\"op3-element \" data-op3-uuid=\"POHV5U3k\" data-op3-gid=\"\" data-op3-element-type=\"treemenuitem\" data-op3-element-spec=\"treemenuitemlvl1\" data-op3-element-caption=\"Menu Item #POHV5U3k\" data-op-visibility-hidden=\"0\" data-op-element-hidden=\"0\" data-op3-style-id=\"\" data-op3-has-children=\"0\" data-op3-width-auto-toggle><div class=\"op3-treemenuitem-content op3-background-parent\" data-op3-menu-item-id=\"\"><a class=\"op3-treemenuitem-link\" href=\"https:\/\/katiabrambila.net\/?page_id=89\" target=\"_self\"><i class=\"op3-icon op3-icon-link-71-1\" data-op3-icon=\"op3-icon-link-71-1\"><svg class=\"op3-icon-svg\" width=\"1em\" height=\"1em\"><use href=\"https:\/\/katiabrambila.net\/wp-content\/plugins\/op-builder\/public\/assets\/cache\/page-389.svg#op3-icons-link-71-1\" \/><\/svg><\/i><span class=\"op3-text\">Acerca De<\/span><i class=\"op3-dropdown-icon op3-icon-small-down\"><svg class=\"op3-icon-svg\" width=\"1em\" height=\"1em\"><use href=\"https:\/\/katiabrambila.net\/wp-content\/plugins\/op-builder\/public\/assets\/cache\/page-389.svg#op3-icons-small-down\" \/><\/svg><\/i><\/a><div class=\"op3-treemenuitem-children-content op3-background-parent\"><div data-op3-children=\"0\"><\/div><div class=\"op3-triangle\"><div class=\"op3-triangle-ratio\"><div class=\"op3-triangle-wrapper\"><\/div><\/div><\/div><div data-op3-background=\"childwrap\"><\/div><\/div><div data-op3-background=\"base\"><\/div><\/div><\/div><div id=\"op3-element-0At5Wjbo\" class=\"op3-element \" data-op3-uuid=\"0At5Wjbo\" data-op3-gid=\"\" data-op3-element-type=\"treemenuitem\" data-op3-element-spec=\"treemenuitemlvl1\" data-op3-element-caption=\"Menu Item #0At5Wjbo\" data-op-visibility-hidden=\"0\" data-op-element-hidden=\"0\" data-op3-style-id=\"\" data-op3-has-children=\"0\" data-op3-width-auto-toggle><div class=\"op3-treemenuitem-content op3-background-parent\" data-op3-menu-item-id=\"\"><a class=\"op3-treemenuitem-link\" href=\"https:\/\/katiabrambila.net\/?page_id=272\" target=\"_self\"><i class=\"op3-icon op3-icon-link-71-1\" data-op3-icon=\"op3-icon-link-71-1\"><svg class=\"op3-icon-svg\" width=\"1em\" height=\"1em\"><use href=\"https:\/\/katiabrambila.net\/wp-content\/plugins\/op-builder\/public\/assets\/cache\/page-389.svg#op3-icons-link-71-1\" \/><\/svg><\/i><span class=\"op3-text\">Programas Online<\/span><i class=\"op3-dropdown-icon op3-icon-small-down\"><svg class=\"op3-icon-svg\" width=\"1em\" height=\"1em\"><use href=\"https:\/\/katiabrambila.net\/wp-content\/plugins\/op-builder\/public\/assets\/cache\/page-389.svg#op3-icons-small-down\" \/><\/svg><\/i><\/a><div class=\"op3-treemenuitem-children-content op3-background-parent\"><div data-op3-children=\"0\"><\/div><div class=\"op3-triangle\"><div class=\"op3-triangle-ratio\"><div class=\"op3-triangle-wrapper\"><\/div><\/div><\/div><div data-op3-background=\"childwrap\"><\/div><\/div><div data-op3-background=\"base\"><\/div><\/div><\/div><div id=\"op3-element-ynSSqR2q\" class=\"op3-element \" data-op3-uuid=\"ynSSqR2q\" data-op3-gid=\"\" data-op3-element-type=\"treemenuitem\" data-op3-element-spec=\"treemenuitemlvl1\" data-op3-element-caption=\"Menu Item #ynSSqR2q\" data-op-visibility-hidden=\"0\" data-op-element-hidden=\"0\" data-op3-style-id=\"\" data-op3-has-children=\"0\" data-op3-width-auto-toggle><div class=\"op3-treemenuitem-content op3-background-parent\" data-op3-menu-item-id=\"\"><a class=\"op3-treemenuitem-link\" href=\"https:\/\/katiabrambila.net\/?page_id=205\" target=\"_self\"><i class=\"op3-icon op3-icon-link-71-1\" data-op3-icon=\"op3-icon-link-71-1\"><svg class=\"op3-icon-svg\" width=\"1em\" height=\"1em\"><use href=\"https:\/\/katiabrambila.net\/wp-content\/plugins\/op-builder\/public\/assets\/cache\/page-389.svg#op3-icons-link-71-1\" \/><\/svg><\/i><span class=\"op3-text\">Dulces Historias<\/span><i class=\"op3-dropdown-icon op3-icon-small-down\"><svg class=\"op3-icon-svg\" width=\"1em\" height=\"1em\"><use href=\"https:\/\/katiabrambila.net\/wp-content\/plugins\/op-builder\/public\/assets\/cache\/page-389.svg#op3-icons-small-down\" \/><\/svg><\/i><\/a><div class=\"op3-treemenuitem-children-content op3-background-parent\"><div data-op3-children=\"0\"><\/div><div class=\"op3-triangle\"><div class=\"op3-triangle-ratio\"><div class=\"op3-triangle-wrapper\"><\/div><\/div><\/div><div data-op3-background=\"childwrap\"><\/div><\/div><div data-op3-background=\"base\"><\/div><\/div><\/div><div id=\"op3-element-rPq7io3J\" class=\"op3-element \" data-op3-uuid=\"rPq7io3J\" data-op3-gid=\"\" data-op3-element-type=\"treemenuitem\" data-op3-element-spec=\"treemenuitemlvl1\" data-op3-element-caption=\"Menu Item #rPq7io3J\" data-op-visibility-hidden=\"0\" data-op-element-hidden=\"0\" data-op3-style-id=\"\" data-op3-has-children=\"1\" data-op3-width-auto-toggle><div class=\"op3-treemenuitem-content op3-background-parent\" data-op3-menu-item-id=\"\"><a class=\"op3-treemenuitem-link\" href=\"https:\/\/katiabrambila.net\/?page_id=228\" target=\"_self\"><i class=\"op3-icon op3-icon-link-71-1\" data-op3-icon=\"op3-icon-link-71-1\"><svg class=\"op3-icon-svg\" width=\"1em\" height=\"1em\"><use href=\"https:\/\/katiabrambila.net\/wp-content\/plugins\/op-builder\/public\/assets\/cache\/page-389.svg#op3-icons-link-71-1\" \/><\/svg><\/i><span class=\"op3-text\">Trabaja Conmigo<\/span><i class=\"op3-dropdown-icon op3-icon-small-down\"><svg class=\"op3-icon-svg\" width=\"1em\" height=\"1em\"><use href=\"https:\/\/katiabrambila.net\/wp-content\/plugins\/op-builder\/public\/assets\/cache\/page-389.svg#op3-icons-small-down\" \/><\/svg><\/i><\/a><div class=\"op3-treemenuitem-children-content op3-background-parent\"><div data-op3-children=\"3\"><div id=\"op3-element-0odKt49f\" class=\"op3-element \" data-op3-uuid=\"0odKt49f\" data-op3-gid=\"\" data-op3-element-type=\"treemenuitem\" data-op3-element-spec=\"treemenuitemlvl2\" data-op3-element-caption=\"Menu Item #0odKt49f\" data-op-visibility-hidden=\"0\" data-op-element-hidden=\"0\" data-op3-style-id=\"\" data-op3-has-children=\"0\" data-op3-width-auto-toggle><div class=\"op3-treemenuitem-content op3-background-parent\" data-op3-menu-item-id=\"\"><a class=\"op3-treemenuitem-link\" href=\"https:\/\/katiabrambila.net\/?page_id=256\" target=\"_self\"><i class=\"op3-icon op3-icon-link-71-1\" data-op3-icon=\"op3-icon-link-71-1\"><svg class=\"op3-icon-svg\" width=\"1em\" height=\"1em\"><use href=\"https:\/\/katiabrambila.net\/wp-content\/plugins\/op-builder\/public\/assets\/cache\/page-389.svg#op3-icons-link-71-1\" \/><\/svg><\/i><span class=\"op3-text\">Embajadora Marca<\/span><i class=\"op3-dropdown-icon op3-icon-small-down\"><svg class=\"op3-icon-svg\" width=\"1em\" height=\"1em\"><use href=\"https:\/\/katiabrambila.net\/wp-content\/plugins\/op-builder\/public\/assets\/cache\/page-389.svg#op3-icons-small-down\" \/><\/svg><\/i><\/a><div class=\"op3-treemenuitem-children-content op3-background-parent\"><div data-op3-children=\"0\"><\/div><div class=\"op3-triangle\"><div class=\"op3-triangle-ratio\"><div class=\"op3-triangle-wrapper\"><\/div><\/div><\/div><div data-op3-background=\"childwrap\"><\/div><\/div><div data-op3-background=\"base\"><\/div><\/div><\/div><div id=\"op3-element-XCmwXdjA\" class=\"op3-element \" data-op3-uuid=\"XCmwXdjA\" data-op3-gid=\"\" data-op3-element-type=\"treemenuitem\" data-op3-element-spec=\"treemenuitemlvl2\" data-op3-element-caption=\"Menu Item #XCmwXdjA\" data-op-visibility-hidden=\"0\" data-op-element-hidden=\"0\" data-op3-style-id=\"\" data-op3-has-children=\"0\" data-op3-width-auto-toggle><div class=\"op3-treemenuitem-content op3-background-parent\" data-op3-menu-item-id=\"\"><a class=\"op3-treemenuitem-link\" href=\"https:\/\/katiabrambila.net\/?page_id=263\" target=\"_self\"><i class=\"op3-icon op3-icon-link-71-1\" data-op3-icon=\"op3-icon-link-71-1\"><svg class=\"op3-icon-svg\" width=\"1em\" height=\"1em\"><use href=\"https:\/\/katiabrambila.net\/wp-content\/plugins\/op-builder\/public\/assets\/cache\/page-389.svg#op3-icons-link-71-1\" \/><\/svg><\/i><span class=\"op3-text\">Entrevistas<\/span><i class=\"op3-dropdown-icon op3-icon-small-down\"><svg class=\"op3-icon-svg\" width=\"1em\" height=\"1em\"><use href=\"https:\/\/katiabrambila.net\/wp-content\/plugins\/op-builder\/public\/assets\/cache\/page-389.svg#op3-icons-small-down\" \/><\/svg><\/i><\/a><div class=\"op3-treemenuitem-children-content op3-background-parent\"><div data-op3-children=\"0\"><\/div><div class=\"op3-triangle\"><div class=\"op3-triangle-ratio\"><div class=\"op3-triangle-wrapper\"><\/div><\/div><\/div><div data-op3-background=\"childwrap\"><\/div><\/div><div data-op3-background=\"base\"><\/div><\/div><\/div><div id=\"op3-element-kNIuvwEc\" class=\"op3-element \" data-op3-uuid=\"kNIuvwEc\" data-op3-gid=\"\" data-op3-element-type=\"treemenuitem\" data-op3-element-spec=\"treemenuitemlvl2\" data-op3-element-caption=\"Menu Item #kNIuvwEc\" data-op-visibility-hidden=\"0\" data-op-element-hidden=\"0\" data-op3-style-id=\"\" data-op3-has-children=\"0\" data-op3-width-auto-toggle><div class=\"op3-treemenuitem-content op3-background-parent\" data-op3-menu-item-id=\"\"><a class=\"op3-treemenuitem-link\" href=\"https:\/\/katiabrambila.net\/?page_id=445\" target=\"_self\"><i class=\"op3-icon op3-icon-link-71-1\" data-op3-icon=\"op3-icon-link-71-1\"><svg class=\"op3-icon-svg\" width=\"1em\" height=\"1em\"><use href=\"https:\/\/katiabrambila.net\/wp-content\/plugins\/op-builder\/public\/assets\/cache\/page-389.svg#op3-icons-link-71-1\" \/><\/svg><\/i><span class=\"op3-text\">Afiliados<\/span><i class=\"op3-dropdown-icon op3-icon-small-down\"><svg class=\"op3-icon-svg\" width=\"1em\" height=\"1em\"><use href=\"https:\/\/katiabrambila.net\/wp-content\/plugins\/op-builder\/public\/assets\/cache\/page-389.svg#op3-icons-small-down\" \/><\/svg><\/i><\/a><div class=\"op3-treemenuitem-children-content op3-background-parent\"><div data-op3-children=\"0\"><\/div><div class=\"op3-triangle\"><div class=\"op3-triangle-ratio\"><div class=\"op3-triangle-wrapper\"><\/div><\/div><\/div><div data-op3-background=\"childwrap\"><\/div><\/div><div data-op3-background=\"base\"><\/div><\/div><\/div><\/div><div class=\"op3-triangle\"><div class=\"op3-triangle-ratio\"><div class=\"op3-triangle-wrapper\"><\/div><\/div><\/div><div data-op3-background=\"childwrap\"><\/div><\/div><div data-op3-background=\"base\"><\/div><\/div><\/div><div id=\"op3-element-9qXATMgZ\" class=\"op3-element \" data-op3-uuid=\"9qXATMgZ\" data-op3-gid=\"\" data-op3-element-type=\"treemenuitem\" data-op3-element-spec=\"treemenuitemlvl1\" data-op3-element-caption=\"Menu Item #9qXATMgZ\" data-op-visibility-hidden=\"0\" data-op-element-hidden=\"0\" data-op3-style-id=\"\" data-op3-has-children=\"0\" data-op3-width-auto-toggle><div class=\"op3-treemenuitem-content op3-background-parent\" data-op3-menu-item-id=\"\"><a class=\"op3-treemenuitem-link\" href=\"https:\/\/katiabrambila.net\/alumna-links\/\" target=\"_self\"><i class=\"op3-icon op3-icon-link-71-1\" data-op3-icon=\"op3-icon-link-71-1\"><svg class=\"op3-icon-svg\" width=\"1em\" height=\"1em\"><use href=\"https:\/\/katiabrambila.net\/wp-content\/plugins\/op-builder\/public\/assets\/cache\/page-389.svg#op3-icons-link-71-1\" \/><\/svg><\/i><span class=\"op3-text\">Alumnas<\/span><i class=\"op3-dropdown-icon op3-icon-small-down\"><svg class=\"op3-icon-svg\" width=\"1em\" height=\"1em\"><use href=\"https:\/\/katiabrambila.net\/wp-content\/plugins\/op-builder\/public\/assets\/cache\/page-389.svg#op3-icons-small-down\" \/><\/svg><\/i><\/a><div class=\"op3-treemenuitem-children-content op3-background-parent\"><div data-op3-children=\"0\"><\/div><div class=\"op3-triangle\"><div class=\"op3-triangle-ratio\"><div class=\"op3-triangle-wrapper\"><\/div><\/div><\/div><div data-op3-background=\"childwrap\"><\/div><\/div><div data-op3-background=\"base\"><\/div><\/div><\/div><\/div><div class=\"op3-triangle\"><div class=\"op3-triangle-ratio\"><div class=\"op3-triangle-wrapper\"><\/div><\/div><\/div><\/div><\/div><\/p>\n<h2>Clases Con Amigos<\/h2>\n<h2>A lo largo de este tiempo, me he rodeado con amigos incre\u00edbles y expertos. Hemos creado clases online especialmente para ti.&nbsp; Conoce m\u00e1s de ellos.<\/h2>\n<p><a target=\"_self\" data-op-action=\"link\" data-op-popoverlay-trigger=\"none\" data-op-select-funnel-step=\"\" rel=\"noopener noreferrer\"><img loading=\"lazy\" decoding=\"async\" src=\"https:\/\/katiabrambila.net\/wp-content\/uploads\/2020\/06\/IMG_9037-scaled.jpeg\" alt=\"\" title=\"IMG_9037\" width=\"2560\" height=\"1440\" \/><\/a><\/p>\n<h2>Clase Online de Mar\u00eda Montemayor<\/h2>\n<h2>Aprende: EXACTAMENTE&nbsp;los 5 factores nutricionales en los que te tienes que enfocar para:<\/h2>\n<h2>&nbsp;Mejorar tu metabolismo para deshincharte y desinflamarte,\u200bDejar de almacenar grasa para perder peso yY&nbsp;liberarte de la ansiedad por comer.<\/h2>\n<p><a href=\"https:\/\/go.hotmart.com\/S7594309I?ap=f94f\" class=\"op3-background-ancestor\" target=\"_self\" data-op-action=\"link\" data-op-popoverlay-trigger=\"none\" data-op-select-funnel-step=\"\" data-op-animation-trigger=\"none\" data-op-animation-style=\"\" data-op-animation-loop=\"0\" data-op-timer-minutes=\"0\" data-op-timer-seconds=\"0\" rel=\"noopener noreferrer\">S\u00cd, Quiero Ir A Esta ClaseSub Text<\/a><a target=\"_self\" data-op-action=\"link\" data-op-popoverlay-trigger=\"none\" data-op-select-funnel-step=\"\" rel=\"noopener noreferrer\"><img loading=\"lazy\" decoding=\"async\" src=\"https:\/\/katiabrambila.net\/wp-content\/uploads\/2020\/09\/masterclassMRyKb.jpg\" alt=\"\" title=\"masterclassMRyKb\" width=\"826\" height=\"466\" \/><\/a><\/p>\n<h2>Clase Online con Marco Antonio Regil<\/h2>\n<h2>\u00bfQue Historia te estas contando?Descubre si tu mente es tu amiga o tu enemiga<\/h2>\n<p><a href=\"https:\/\/go.hotmart.com\/Q36710277K?ap=018d\" class=\"op3-background-ancestor\" target=\"_self\" data-op-action=\"link\" data-op-popoverlay-trigger=\"none\" data-op-select-funnel-step=\"\" data-op-animation-trigger=\"none\" data-op-animation-style=\"\" data-op-animation-loop=\"0\" data-op-timer-minutes=\"0\" data-op-timer-seconds=\"0\" rel=\"noopener noreferrer\">S\u00cd, Quiero Ir A Esta ClaseSub Text<\/a><a target=\"_self\" data-op-action=\"link\" data-op-popoverlay-trigger=\"none\" data-op-select-funnel-step=\"\" rel=\"noopener noreferrer\"><img loading=\"lazy\" decoding=\"async\" src=\"https:\/\/katiabrambila.net\/wp-content\/uploads\/2020\/09\/Captura-de-Pantalla-2020-09-24-a-las-11.21.55.png\" alt=\"\" title=\"Captura de Pantalla 2020-09-24 a la(s) 11.21.55\" width=\"1244\" height=\"822\" \/><\/a><\/p>\n<h2>Clase Online de Mar\u00eda Montemayor<\/h2>\n<h2>C\u00f3mo crear riqueza y abundancia ilimitada, rompiendo los 3 principales bloqueos espirituales.<\/h2>\n<p><a href=\"https:\/\/go.hotmart.com\/Q18062564Q?ap=43d1\" class=\"op3-background-ancestor\" target=\"_self\" data-op-action=\"link\" data-op-popoverlay-trigger=\"none\" data-op-select-funnel-step=\"\" data-op-animation-trigger=\"none\" data-op-animation-style=\"\" data-op-animation-loop=\"0\" data-op-timer-minutes=\"0\" data-op-timer-seconds=\"0\" rel=\"noopener noreferrer\">S\u00cd, Quiero Ir A Esta ClaseSub Text<\/a><a target=\"_self\" data-op-action=\"link\" data-op-popoverlay-trigger=\"none\" data-op-select-funnel-step=\"\" rel=\"noopener noreferrer\"><img loading=\"lazy\" decoding=\"async\" src=\"https:\/\/katiabrambila.net\/wp-content\/uploads\/2020\/06\/logo-1.png\" alt=\"\" title=\"LOGO\" width=\"537\" height=\"200\" \/><\/a><a class=\"op3-link\" href=\"https:\/\/www.facebook.com\/postresSaludablesSinGluten\" target=\"_self\" data-op-animation-trigger=\"none\" data-op-animation-style=\"\" data-op-animation-loop=\"0\" data-op-timer-minutes=\"0\" data-op-timer-seconds=\"0\" rel=\"noopener noreferrer\"><\/a><a class=\"op3-link\" href=\"https:\/\/www.instagram.com\/sweetpaleo\/\" target=\"_self\" data-op-animation-trigger=\"none\" data-op-animation-style=\"\" data-op-animation-loop=\"0\" data-op-timer-minutes=\"0\" data-op-timer-seconds=\"0\" rel=\"noopener noreferrer\"><\/a><a class=\"op3-link\" href=\"https:\/\/www.youtube.com\/channel\/UCmvt_9Qmm_cJOwY_FiaE0Vg\" target=\"_self\" data-op-animation-trigger=\"none\" data-op-animation-style=\"\" data-op-animation-loop=\"0\" data-op-timer-minutes=\"0\" data-op-timer-seconds=\"0\" rel=\"noopener noreferrer\"><\/a><\/p>\n<p><a href=\"https:\/\/katiabrambila.net\/privacidad\/\">Pol\u00edtica De Privacidad<\/a><\/p>\n<p><a href=\"https:\/\/katiabrambila.net\/terminos\/\">T\u00e9rminos Y Condiciones<\/a><\/p>\n<p>Copyright 2018 &#8211; Sweet Paleo.Todos Los Derechos Reservados.&nbsp; Este sitio utiliza cookies propias y de terceros. Si continuas navegando, consideramos que aceptas su uso.<\/p>\n","protected":false},"excerpt":{"rendered":"<p>Clases Con Amigos A lo largo de este tiempo, me he rodeado con amigos incre\u00edbles y expertos. Hemos creado clases online especialmente para ti.&nbsp; Conoce m\u00e1s de ellos. Clase Online de Mar\u00eda Montemayor Aprende: EXACTAMENTE&nbsp;los 5 factores nutricionales en los que te tienes que enfocar para: &nbsp;Mejorar tu metabolismo para deshincharte y desinflamarte,\u200bDejar de almacenar [&hellip;]<\/p>\n","protected":false},"author":22,"featured_media":0,"parent":0,"menu_order":0,"comment_status":"closed","ping_status":"closed","template":"op_builder_blank","meta":{"footnotes":""},"class_list":["post-389","page","type-page","status-publish","hentry"],"_links":{"self":[{"href":"https:\/\/katiabrambila.net\/index.php?rest_route=\/wp\/v2\/pages\/389","targetHints":{"allow":["GET"]}}],"collection":[{"href":"https:\/\/katiabrambila.net\/index.php?rest_route=\/wp\/v2\/pages"}],"about":[{"href":"https:\/\/katiabrambila.net\/index.php?rest_route=\/wp\/v2\/types\/page"}],"author":[{"embeddable":true,"href":"https:\/\/katiabrambila.net\/index.php?rest_route=\/wp\/v2\/users\/22"}],"replies":[{"embeddable":true,"href":"https:\/\/katiabrambila.net\/index.php?rest_route=%2Fwp%2Fv2%2Fcomments&post=389"}],"version-history":[{"count":0,"href":"https:\/\/katiabrambila.net\/index.php?rest_route=\/wp\/v2\/pages\/389\/revisions"}],"wp:attachment":[{"href":"https:\/\/katiabrambila.net\/index.php?rest_route=%2Fwp%2Fv2%2Fmedia&parent=389"}],"curies":[{"name":"wp","href":"https:\/\/api.w.org\/{rel}","templated":true}]}}