{"id":4695,"date":"2021-09-01T14:49:51","date_gmt":"2021-09-01T19:49:51","guid":{"rendered":"https:\/\/katiabrambila.net\/?page_id=4695"},"modified":"2021-09-27T14:05:51","modified_gmt":"2021-09-27T19:05:51","slug":"ps-gracias-por-comprar-upsell","status":"publish","type":"page","link":"https:\/\/katiabrambila.net\/?page_id=4695","title":{"rendered":"ps gracias por comprar upsell"},"content":{"rendered":"<p><img decoding=\"async\" width=\"580\" height=\"125\" src=\"https:\/\/katiabrambila.net\/wp-content\/uploads\/2021\/09\/Asset-43-1-1024x221.png\" alt=\"\" loading=\"lazy\" srcset=\"https:\/\/katiabrambila.net\/wp-content\/uploads\/2021\/09\/Asset-43-1-1024x221.png 1024w, https:\/\/katiabrambila.net\/wp-content\/uploads\/2021\/09\/Asset-43-1-300x65.png 300w, https:\/\/katiabrambila.net\/wp-content\/uploads\/2021\/09\/Asset-43-1-768x166.png 768w, https:\/\/katiabrambila.net\/wp-content\/uploads\/2021\/09\/Asset-43-1.png 1110w\" sizes=\"auto, (max-width: 580px) 100vw, 580px\" \/>\t\t\t\t\t\t\t\t\t\t\t\t\t\t\t<\/p>\n<p><b>Importante&#8230;<\/b><\/p>\n<p>Antes de continuar al portal de alumnas es importante que veas este video<\/p>\n<p>https:\/\/vimeo.com\/604334341\/999f81ca26<br \/>\n\t\t\t\t\t\t\t\t\t\t\t\t\t\t\t<img decoding=\"async\" width=\"580\" height=\"208\" src=\"https:\/\/katiabrambila.net\/wp-content\/uploads\/2021\/09\/Asset-23-1-1024x368.png\" alt=\"\" loading=\"lazy\" srcset=\"https:\/\/katiabrambila.net\/wp-content\/uploads\/2021\/09\/Asset-23-1-1024x368.png 1024w, https:\/\/katiabrambila.net\/wp-content\/uploads\/2021\/09\/Asset-23-1-300x108.png 300w, https:\/\/katiabrambila.net\/wp-content\/uploads\/2021\/09\/Asset-23-1-768x276.png 768w, https:\/\/katiabrambila.net\/wp-content\/uploads\/2021\/09\/Asset-23-1.png 1113w\" sizes=\"auto, (max-width: 580px) 100vw, 580px\" \/>\t\t\t\t\t\t\t\t\t\t\t\t\t\t\t<\/p>\n<p><b>Ya formas parte de la comunidad de Chefs de Coraz\u00f3n que disfrutan deliciosos postres como parte de una alimentaci\u00f3n saludable.<\/b><\/p>\n<p>\t\t\t\t\t\t\t\t\t\t\t\t\t\t\t<img decoding=\"async\" width=\"580\" height=\"201\" src=\"https:\/\/katiabrambila.net\/wp-content\/uploads\/2021\/09\/Asset-39.png\" alt=\"\" loading=\"lazy\" srcset=\"https:\/\/katiabrambila.net\/wp-content\/uploads\/2021\/09\/Asset-39.png 948w, https:\/\/katiabrambila.net\/wp-content\/uploads\/2021\/09\/Asset-39-300x104.png 300w, https:\/\/katiabrambila.net\/wp-content\/uploads\/2021\/09\/Asset-39-768x266.png 768w\" sizes=\"auto, (max-width: 580px) 100vw, 580px\" \/>\t\t\t\t\t\t\t\t\t\t\t\t\t\t\t<\/p>\n<p>\u00bfte gustar\u00eda regalar deliciosos <b>postres saludables navide\u00f1os <\/b>a toda tu familia mientras cuidas su salud y su figura? \u00a1Que nadie se quede sin probar tus dulces creaciones! Esta oportunidad es s\u00f3lo para ti, que asististe a <b>\u201cLa gran fiesta de los postres saludables\u201d.<\/b><\/p>\n<p>\t\t\t<a href=\"https:\/\/payment.hotmart.com\/P18085737K?off=42h975vf&#038;checkoutMode=10\" target=\"_blank\" role=\"button\" rel=\"noopener\"><br \/>\n\t\t\t\t\t\tQUIERO REGALAR AMOR CON MIS POSTRES<br \/>\n\t\t\t\t\t<\/a><br \/>\n\t\t\t<a href=\"https:\/\/katiabrambila.net\/ps-gracias-por-comprar\/\" role=\"button\"><br \/>\n\t\t\t\t\t\tNO ESTOY INTERESADA<br \/>\n\t\t\t\t\t<\/a><\/p>\n<p><b>Conoce m\u00e1s de&#8230;<\/b><\/p>\n<p>\t\t\t\t\t\t\t\t\t\t\t\t\t\t\t<img decoding=\"async\" width=\"580\" height=\"360\" src=\"https:\/\/katiabrambila.net\/wp-content\/uploads\/2021\/09\/Asset-28-1024x635.jpg\" alt=\"\" loading=\"lazy\" srcset=\"https:\/\/katiabrambila.net\/wp-content\/uploads\/2021\/09\/Asset-28-1024x635.jpg 1024w, https:\/\/katiabrambila.net\/wp-content\/uploads\/2021\/09\/Asset-28-300x186.jpg 300w, https:\/\/katiabrambila.net\/wp-content\/uploads\/2021\/09\/Asset-28-768x476.jpg 768w, https:\/\/katiabrambila.net\/wp-content\/uploads\/2021\/09\/Asset-28.jpg 1105w\" sizes=\"auto, (max-width: 580px) 100vw, 580px\" \/>\t\t\t\t\t\t\t\t\t\t\t\t\t\t\t<\/p>\n<p>Es momento de que aprendas una forma f\u00e1cil y r\u00e1pida de preparar postres desde la comodidad de tu cocina, y finalmente comer <b>sin sentir culpa<\/b>. <\/p>\n<p><b>Dulce Navidad Saludable Incluye:<\/b><\/p>\n<p>\t\t\t\t\t\t\t\t\t\t\t\t\t\t\t<img decoding=\"async\" width=\"580\" height=\"326\" src=\"https:\/\/katiabrambila.net\/wp-content\/uploads\/2021\/09\/11-1024x576.png\" alt=\"\" loading=\"lazy\" srcset=\"https:\/\/katiabrambila.net\/wp-content\/uploads\/2021\/09\/11-1024x576.png 1024w, https:\/\/katiabrambila.net\/wp-content\/uploads\/2021\/09\/11-300x169.png 300w, https:\/\/katiabrambila.net\/wp-content\/uploads\/2021\/09\/11-768x432.png 768w, https:\/\/katiabrambila.net\/wp-content\/uploads\/2021\/09\/11-1536x864.png 1536w, https:\/\/katiabrambila.net\/wp-content\/uploads\/2021\/09\/11-1200x675.png 1200w, https:\/\/katiabrambila.net\/wp-content\/uploads\/2021\/09\/11.png 1920w\" sizes=\"auto, (max-width: 580px) 100vw, 580px\" \/>\t\t\t\t\t\t\t\t\t\t\t\t\t\t\t<\/p>\n<p>28 videoclases que en 8 minutos te mostrar\u00e1n el <b>paso a paso de recetas f\u00e1ciles<\/b> y r\u00e1pidas. Todas las recetas son sin az\u00facar refinada, sin gluten y sin l\u00e1cteos.<\/p>\n<p>\t\t\t\t\t\t\t\t\t\t\t\t\t\t\t<img decoding=\"async\" width=\"580\" height=\"326\" src=\"https:\/\/katiabrambila.net\/wp-content\/uploads\/2021\/09\/12-1024x576.png\" alt=\"\" loading=\"lazy\" srcset=\"https:\/\/katiabrambila.net\/wp-content\/uploads\/2021\/09\/12-1024x576.png 1024w, https:\/\/katiabrambila.net\/wp-content\/uploads\/2021\/09\/12-300x169.png 300w, https:\/\/katiabrambila.net\/wp-content\/uploads\/2021\/09\/12-768x432.png 768w, https:\/\/katiabrambila.net\/wp-content\/uploads\/2021\/09\/12-1536x864.png 1536w, https:\/\/katiabrambila.net\/wp-content\/uploads\/2021\/09\/12-1200x675.png 1200w, https:\/\/katiabrambila.net\/wp-content\/uploads\/2021\/09\/12.png 1920w\" sizes=\"auto, (max-width: 580px) 100vw, 580px\" \/>\t\t\t\t\t\t\t\t\t\t\t\t\t\t\t<\/p>\n<p>Clases grabadas. <b>No necesitas esperar<\/b> para comenzar a hornear \u00a1hoy mismo tienes acceso a todo!<\/p>\n<p>\t\t\t\t\t\t\t\t\t\t\t\t\t\t\t<img decoding=\"async\" width=\"540\" height=\"345\" src=\"https:\/\/katiabrambila.net\/wp-content\/uploads\/2021\/09\/Asset-40.png\" alt=\"\" loading=\"lazy\" srcset=\"https:\/\/katiabrambila.net\/wp-content\/uploads\/2021\/09\/Asset-40.png 540w, https:\/\/katiabrambila.net\/wp-content\/uploads\/2021\/09\/Asset-40-300x192.png 300w\" sizes=\"auto, (max-width: 540px) 100vw, 540px\" \/>\t\t\t\t\t\t\t\t\t\t\t\t\t\t\t<\/p>\n<p>Acceso inmediato desde cualquier dispositivo. Consulta los ingredientes desde tu app, mientras est\u00e1s en el supermercado. <\/p>\n<p>\t\t\t\t\t\t\t\t\t\t\t\t\t\t\t<img decoding=\"async\" width=\"580\" height=\"326\" src=\"https:\/\/katiabrambila.net\/wp-content\/uploads\/2021\/09\/13-1024x576.png\" alt=\"\" loading=\"lazy\" srcset=\"https:\/\/katiabrambila.net\/wp-content\/uploads\/2021\/09\/13-1024x576.png 1024w, https:\/\/katiabrambila.net\/wp-content\/uploads\/2021\/09\/13-300x169.png 300w, https:\/\/katiabrambila.net\/wp-content\/uploads\/2021\/09\/13-768x432.png 768w, https:\/\/katiabrambila.net\/wp-content\/uploads\/2021\/09\/13-1536x864.png 1536w, https:\/\/katiabrambila.net\/wp-content\/uploads\/2021\/09\/13-1200x675.png 1200w, https:\/\/katiabrambila.net\/wp-content\/uploads\/2021\/09\/13.png 1920w\" sizes=\"auto, (max-width: 580px) 100vw, 580px\" \/>\t\t\t\t\t\t\t\t\t\t\t\t\t\t\t<\/p>\n<p>Para que no te sientas perdida, incluye mi <b>directorio internacional de proveedores de ingredientes<\/b> en el que puedes encontrar lo que necesitas para tus postres. <\/p>\n<p>\t\t\t\t\t\t\t\t\t\t\t\t\t\t\t<img decoding=\"async\" width=\"580\" height=\"326\" src=\"https:\/\/katiabrambila.net\/wp-content\/uploads\/2021\/09\/15-1024x576.png\" alt=\"\" loading=\"lazy\" srcset=\"https:\/\/katiabrambila.net\/wp-content\/uploads\/2021\/09\/15-1024x576.png 1024w, https:\/\/katiabrambila.net\/wp-content\/uploads\/2021\/09\/15-300x169.png 300w, https:\/\/katiabrambila.net\/wp-content\/uploads\/2021\/09\/15-768x432.png 768w, https:\/\/katiabrambila.net\/wp-content\/uploads\/2021\/09\/15-1536x864.png 1536w, https:\/\/katiabrambila.net\/wp-content\/uploads\/2021\/09\/15-1200x675.png 1200w, https:\/\/katiabrambila.net\/wp-content\/uploads\/2021\/09\/15.png 1920w\" sizes=\"auto, (max-width: 580px) 100vw, 580px\" \/>\t\t\t\t\t\t\t\t\t\t\t\t\t\t\t<\/p>\n<p>Te acompa\u00f1ar\u00e9 para resolver tus dudas en cada momento <b>como si estuviera en la cocina de tu casa.<\/b><\/p>\n<p>\t\t\t\t\t\t\t\t\t\t\t\t\t\t\t<img decoding=\"async\" width=\"350\" height=\"350\" src=\"https:\/\/katiabrambila.net\/wp-content\/uploads\/2021\/09\/Asset-32-1.png\" alt=\"\" loading=\"lazy\" srcset=\"https:\/\/katiabrambila.net\/wp-content\/uploads\/2021\/09\/Asset-32-1.png 350w, https:\/\/katiabrambila.net\/wp-content\/uploads\/2021\/09\/Asset-32-1-300x300.png 300w, https:\/\/katiabrambila.net\/wp-content\/uploads\/2021\/09\/Asset-32-1-150x150.png 150w\" sizes=\"auto, (max-width: 350px) 100vw, 350px\" \/>\t\t\t\t\t\t\t\t\t\t\t\t\t\t\t<\/p>\n<p>Garant\u00eda de lujo por 7 d\u00edas: si despu\u00e9s de hacer 3 postres no est\u00e1s convencida, <b>te regreso tu dinero.<\/b><\/p>\n<p>\t\t\t\t\t\t\t\t\t\t\t\t\t\t\t<img decoding=\"async\" width=\"299\" height=\"299\" src=\"https:\/\/katiabrambila.net\/wp-content\/uploads\/2021\/09\/Asset-33-1.png\" alt=\"\" loading=\"lazy\" srcset=\"https:\/\/katiabrambila.net\/wp-content\/uploads\/2021\/09\/Asset-33-1.png 299w, https:\/\/katiabrambila.net\/wp-content\/uploads\/2021\/09\/Asset-33-1-150x150.png 150w\" sizes=\"auto, (max-width: 299px) 100vw, 299px\" \/>\t\t\t\t\t\t\t\t\t\t\t\t\t\t\t<\/p>\n<p><b>Receta de \u201cFruitcake\u201d exclusiva y \u00fanicamente por esta ocasi\u00f3n<\/b>, por haber asistido a \u201cLa gran fiesta de los postres saludables\u201d.<\/p>\n<p><b>\u00a1Inscr\u00edbete ahora mismo!<\/b><\/p>\n<p>Valor real del curso<\/p>\n<p><del>297 USD<\/del><\/p>\n<p>\t\t\t\t\t\t\t\t\t\t\t\t\t\t\t<img decoding=\"async\" width=\"580\" height=\"206\" src=\"https:\/\/katiabrambila.net\/wp-content\/uploads\/2021\/09\/Asset-34-1.png\" alt=\"\" loading=\"lazy\" srcset=\"https:\/\/katiabrambila.net\/wp-content\/uploads\/2021\/09\/Asset-34-1.png 945w, https:\/\/katiabrambila.net\/wp-content\/uploads\/2021\/09\/Asset-34-1-300x107.png 300w, https:\/\/katiabrambila.net\/wp-content\/uploads\/2021\/09\/Asset-34-1-768x273.png 768w\" sizes=\"auto, (max-width: 580px) 100vw, 580px\" \/>\t\t\t\t\t\t\t\t\t\t\t\t\t\t\t<\/p>\n<p>\u00a1Aprovecha el descuento del 75%!<\/p>\n<p>\t\t\t<a href=\"https:\/\/payment.hotmart.com\/P18085737K?off=42h975vf&#038;checkoutMode=10\" role=\"button\"><br \/>\n\t\t\t\t\t\tESTOY LISTA PARA UNA DULCE NAVIDAD SIN CULPA<br \/>\n\t\t\t\t\t<\/a><br \/>\n\t\t\t\t\t\t\t\t\t\t\t\t\t\t\t<img decoding=\"async\" width=\"580\" height=\"267\" src=\"https:\/\/katiabrambila.net\/wp-content\/uploads\/2021\/09\/Asset-10-1024x471.png\" alt=\"\" loading=\"lazy\" srcset=\"https:\/\/katiabrambila.net\/wp-content\/uploads\/2021\/09\/Asset-10-1024x471.png 1024w, https:\/\/katiabrambila.net\/wp-content\/uploads\/2021\/09\/Asset-10-300x138.png 300w, https:\/\/katiabrambila.net\/wp-content\/uploads\/2021\/09\/Asset-10-768x353.png 768w, https:\/\/katiabrambila.net\/wp-content\/uploads\/2021\/09\/Asset-10.png 1113w\" sizes=\"auto, (max-width: 580px) 100vw, 580px\" \/>\t\t\t\t\t\t\t\t\t\t\t\t\t\t\t<\/p>\n<p>Hornea <b>combinaciones incre\u00edbles <\/b>para sorprender a todos:<\/p>\n<p>\t\t\t\t\t\t\t\t\t\t\t\t\t\t\t<img decoding=\"async\" width=\"580\" height=\"366\" src=\"https:\/\/katiabrambila.net\/wp-content\/uploads\/2021\/09\/Asset-11-1-1024x646.png\" alt=\"\" loading=\"lazy\" srcset=\"https:\/\/katiabrambila.net\/wp-content\/uploads\/2021\/09\/Asset-11-1-1024x646.png 1024w, https:\/\/katiabrambila.net\/wp-content\/uploads\/2021\/09\/Asset-11-1-300x189.png 300w, https:\/\/katiabrambila.net\/wp-content\/uploads\/2021\/09\/Asset-11-1-768x485.png 768w, https:\/\/katiabrambila.net\/wp-content\/uploads\/2021\/09\/Asset-11-1.png 1139w\" sizes=\"auto, (max-width: 580px) 100vw, 580px\" \/><br \/>\n\t\t\t\t\t\t\t\t\t\t\t\t\t\t\t<img decoding=\"async\" width=\"350\" height=\"350\" src=\"https:\/\/katiabrambila.net\/wp-content\/uploads\/2021\/09\/Asset-32-1.png\" alt=\"\" loading=\"lazy\" srcset=\"https:\/\/katiabrambila.net\/wp-content\/uploads\/2021\/09\/Asset-32-1.png 350w, https:\/\/katiabrambila.net\/wp-content\/uploads\/2021\/09\/Asset-32-1-300x300.png 300w, https:\/\/katiabrambila.net\/wp-content\/uploads\/2021\/09\/Asset-32-1-150x150.png 150w\" sizes=\"auto, (max-width: 350px) 100vw, 350px\" \/>\t\t\t\t\t\t\t\t\t\t\t\t\t\t\t<\/p>\n<p>Mi prioridad es que las Chefs de Coraz\u00f3n se sientan seguras, por eso con Dulce Navidad Saludable <b>no corres ning\u00fan riesgo:<\/b> tienes hasta 7 d\u00edas de garant\u00eda.\u00a0<\/p>\n<p>Si sigues las recetas paso a paso con los ingredientes correctos el \u00e9xito est\u00e1 asegurado. Hasta la fecha, tengo un 0% de devoluciones. <\/p>\n<p>Todo esto tiene un valor de <del>297 USD<\/del><\/p>\n<p>\t\t\t\t\t\t\t\t\t\t\t\t\t\t\t<img decoding=\"async\" width=\"580\" height=\"208\" src=\"https:\/\/katiabrambila.net\/wp-content\/uploads\/2021\/09\/Asset-35-1.png\" alt=\"\" loading=\"lazy\" srcset=\"https:\/\/katiabrambila.net\/wp-content\/uploads\/2021\/09\/Asset-35-1.png 758w, https:\/\/katiabrambila.net\/wp-content\/uploads\/2021\/09\/Asset-35-1-300x108.png 300w\" sizes=\"auto, (max-width: 580px) 100vw, 580px\" \/><br \/>\n\t\t\t\t\t\t\t\t\t\t\t\t\t\t\t<img decoding=\"async\" width=\"580\" height=\"268\" src=\"https:\/\/katiabrambila.net\/wp-content\/uploads\/2021\/09\/Asset-36-1024x473.png\" alt=\"\" loading=\"lazy\" srcset=\"https:\/\/katiabrambila.net\/wp-content\/uploads\/2021\/09\/Asset-36-1024x473.png 1024w, https:\/\/katiabrambila.net\/wp-content\/uploads\/2021\/09\/Asset-36-300x139.png 300w, https:\/\/katiabrambila.net\/wp-content\/uploads\/2021\/09\/Asset-36-768x355.png 768w, https:\/\/katiabrambila.net\/wp-content\/uploads\/2021\/09\/Asset-36.png 1114w\" sizes=\"auto, (max-width: 580px) 100vw, 580px\" \/><br \/>\n\t\t\t<a href=\"https:\/\/payment.hotmart.com\/P18085737K?off=42h975vf&#038;checkoutMode=10\" target=\"_blank\" role=\"button\" rel=\"noopener\"><br \/>\n\t\t\t\t\t\tESTOY LISTA PARA UNA DULCE NAVIDAD SIN CULPA<br \/>\n\t\t\t\t\t<\/a><\/p>\n<p style=\"text-align: center;\">Este sitio utiliza cookies propias y de terceros. Si continuas navegando, consideramos que aceptas su uso. M&aacute;s informaci&oacute;n en nuestro <a style=\"color: #ffffff;\" title=\"aviso de privacidad\" href=\"https:\/\/katiabrambila.net\/privacidad\/\" target=\"_blank\" rel=\"noopener\"><strong>aviso de privacidad.<\/strong><\/a><\/p>\n<p style=\"text-align: center;\">&copy; 2021 Sweet Paleo Mx | <a style=\"color: #ffffff; text-decoration: underline;\" title=\"Aviso de Privacidad\" href=\"https:\/\/katiabrambila.net\/privacidad\/\" target=\"_blank\" rel=\"noopener\"><strong>Aviso de Privacidad<\/strong><\/a> | <a style=\"color: #ffffff;\" title=\"T&eacute;rminos y Condiciones\" href=\"https:\/\/katiabrambila.net\/terminos\/\" target=\"_blank\" rel=\"noopener\"><strong>T&eacute;rminos y condiciones<\/strong><\/a> | <a style=\"color: #ffffff;\" title=\"soporte@sweetpaleomx.com\" href=\"mailto:soporte@sweetpaleomx.com\" target=\"_blank\" rel=\"noopener\"><strong>soporte@sweetpaleomx.com<\/strong><\/a><\/p>\n","protected":false},"excerpt":{"rendered":"<p>Importante&#8230; Antes de continuar al portal de alumnas es importante que veas este video https:\/\/vimeo.com\/604334341\/999f81ca26 Ya formas parte de la comunidad de Chefs de Coraz\u00f3n que disfrutan deliciosos postres como parte de una alimentaci\u00f3n saludable. \u00bfte gustar\u00eda regalar deliciosos postres saludables navide\u00f1os a toda tu familia mientras cuidas su salud y su figura? \u00a1Que nadie [&hellip;]<\/p>\n","protected":false},"author":22,"featured_media":0,"parent":0,"menu_order":0,"comment_status":"closed","ping_status":"closed","template":"elementor_canvas","meta":{"footnotes":""},"class_list":["post-4695","page","type-page","status-publish","hentry"],"_links":{"self":[{"href":"https:\/\/katiabrambila.net\/index.php?rest_route=\/wp\/v2\/pages\/4695","targetHints":{"allow":["GET"]}}],"collection":[{"href":"https:\/\/katiabrambila.net\/index.php?rest_route=\/wp\/v2\/pages"}],"about":[{"href":"https:\/\/katiabrambila.net\/index.php?rest_route=\/wp\/v2\/types\/page"}],"author":[{"embeddable":true,"href":"https:\/\/katiabrambila.net\/index.php?rest_route=\/wp\/v2\/users\/22"}],"replies":[{"embeddable":true,"href":"https:\/\/katiabrambila.net\/index.php?rest_route=%2Fwp%2Fv2%2Fcomments&post=4695"}],"version-history":[{"count":0,"href":"https:\/\/katiabrambila.net\/index.php?rest_route=\/wp\/v2\/pages\/4695\/revisions"}],"wp:attachment":[{"href":"https:\/\/katiabrambila.net\/index.php?rest_route=%2Fwp%2Fv2%2Fmedia&parent=4695"}],"curies":[{"name":"wp","href":"https:\/\/api.w.org\/{rel}","templated":true}]}}