{"id":4697,"date":"2021-09-01T14:50:15","date_gmt":"2021-09-01T19:50:15","guid":{"rendered":"https:\/\/katiabrambila.net\/?page_id=4697"},"modified":"2021-09-27T14:13:55","modified_gmt":"2021-09-27T19:13:55","slug":"ps-downsell","status":"publish","type":"page","link":"https:\/\/katiabrambila.net\/?page_id=4697","title":{"rendered":"ps downsell"},"content":{"rendered":"<p>\u00a1OFERTA DISPONIBLE POR TIEMPO LIMITADO!<\/p>\n<p>\t\t\t D\u00edas Horas Minutos Segundos<br \/>\n\t\t\t\t\t\t\t\t\t\t\t\t\t\t\t<img decoding=\"async\" width=\"580\" height=\"229\" src=\"https:\/\/katiabrambila.net\/wp-content\/uploads\/2021\/09\/Asset-3-1-1024x404.png\" alt=\"\" loading=\"lazy\" srcset=\"https:\/\/katiabrambila.net\/wp-content\/uploads\/2021\/09\/Asset-3-1-1024x404.png 1024w, https:\/\/katiabrambila.net\/wp-content\/uploads\/2021\/09\/Asset-3-1-300x118.png 300w, https:\/\/katiabrambila.net\/wp-content\/uploads\/2021\/09\/Asset-3-1-768x303.png 768w, https:\/\/katiabrambila.net\/wp-content\/uploads\/2021\/09\/Asset-3-1.png 1109w\" sizes=\"auto, (max-width: 580px) 100vw, 580px\" \/><br \/>\n\t\t\t\t\t\t\t\t\t\t\t\t\t\t\t<img decoding=\"async\" width=\"196\" height=\"198\" src=\"https:\/\/katiabrambila.net\/wp-content\/uploads\/2021\/09\/Asset-4-1.png\" alt=\"\" loading=\"lazy\" \/>\t\t\t\t\t\t\t\t\t\t\t\t\t\t\t<\/p>\n<p>Regala deliciosos postres saludables navide\u00f1os para toda tu familia, mientras cuidas su salud y su figura. <b>\u00a1Que nadie se quede sin probar tus dulces creaciones! <\/b><\/p>\n<p>Crea una gran variedad de <b>dulces tentaciones<\/b> haciendo s\u00f3lo unos peque\u00f1os cambios en las recetas. \u00a1M\u00e1s de un postre en cada receta!<\/p>\n<p>Es momento de que aprendas una forma f\u00e1cil y r\u00e1pida de preparar postres desde la comodidad de tu cocina, y finalmente comer <b>sin sentir culpa<\/b>.<\/p>\n<p>\t\t\t\t\t\t\t\t\t\t\t\t\t\t\t<img decoding=\"async\" width=\"267\" height=\"267\" src=\"https:\/\/katiabrambila.net\/wp-content\/uploads\/2021\/09\/Asset-5-2.png\" alt=\"\" loading=\"lazy\" srcset=\"https:\/\/katiabrambila.net\/wp-content\/uploads\/2021\/09\/Asset-5-2.png 267w, https:\/\/katiabrambila.net\/wp-content\/uploads\/2021\/09\/Asset-5-2-150x150.png 150w\" sizes=\"auto, (max-width: 267px) 100vw, 267px\" \/><br \/>\n\t\t\t\t\t\t\t\t\t\t\t\t\t\t\t<img decoding=\"async\" width=\"580\" height=\"157\" src=\"https:\/\/katiabrambila.net\/wp-content\/uploads\/2021\/09\/Asset-665-1024x278.png\" alt=\"\" loading=\"lazy\" srcset=\"https:\/\/katiabrambila.net\/wp-content\/uploads\/2021\/09\/Asset-665-1024x278.png 1024w, https:\/\/katiabrambila.net\/wp-content\/uploads\/2021\/09\/Asset-665-300x81.png 300w, https:\/\/katiabrambila.net\/wp-content\/uploads\/2021\/09\/Asset-665-768x208.png 768w, https:\/\/katiabrambila.net\/wp-content\/uploads\/2021\/09\/Asset-665.png 1113w\" sizes=\"auto, (max-width: 580px) 100vw, 580px\" \/><br \/>\n\t\t\t\t\t\t\t\t\t\t\t\t\t\t\t<img decoding=\"async\" width=\"580\" height=\"288\" src=\"https:\/\/katiabrambila.net\/wp-content\/uploads\/2021\/09\/Asset-7-1-1024x508.png\" alt=\"\" loading=\"lazy\" srcset=\"https:\/\/katiabrambila.net\/wp-content\/uploads\/2021\/09\/Asset-7-1-1024x508.png 1024w, https:\/\/katiabrambila.net\/wp-content\/uploads\/2021\/09\/Asset-7-1-300x149.png 300w, https:\/\/katiabrambila.net\/wp-content\/uploads\/2021\/09\/Asset-7-1-768x381.png 768w, https:\/\/katiabrambila.net\/wp-content\/uploads\/2021\/09\/Asset-7-1.png 1113w\" sizes=\"auto, (max-width: 580px) 100vw, 580px\" \/>\t\t\t\t\t\t\t\t\t\t\t\t\t\t\t<\/p>\n<p>Regala deliciosos postres saludables navide\u00f1os para toda tu familia, mientras cuidas su salud y su figura. <b>\u00a1Que nadie se quede sin probar tus dulces creaciones! <\/b><\/p>\n<p>\u200bClases grabadas. <b>No necesitas esperar<\/b> para comenzar a hornear \u00a1hoy mismo tienes acceso a todo!<\/p>\n<p>\u200bAcceso inmediato desde cualquier dispositivo. Consulta los ingredientes desde tu app, mientras est\u00e1s en el supermercado. <\/p>\n<p>Para que no te sientas perdida, incluye mi <b>directorio internacional de proveedores de ingredientes<\/b> en el que puedes encontrar lo que necesitas para tus postres. <\/p>\n<p>Te acompa\u00f1ar\u00e9 para resolver tus dudas en cada momento <b>como si estuviera en la cocina de tu casa.<\/b><\/p>\n<p>Garant\u00eda de lujo por 7 d\u00edas: si despu\u00e9s de hacer 3 postres no est\u00e1s convencida, <b>te regreso tu dinero.<\/b><\/p>\n<p><b>\u00a1Inscr\u00edbete ahora mismo!<\/b><\/p>\n<p>Valor real del curso<\/p>\n<p><del>297 USD<\/del><\/p>\n<p>\t\t\t\t\t\t\t\t\t\t\t\t\t\t\t<img decoding=\"async\" width=\"580\" height=\"206\" src=\"https:\/\/katiabrambila.net\/wp-content\/uploads\/2021\/09\/Asset-34-1.png\" alt=\"\" loading=\"lazy\" srcset=\"https:\/\/katiabrambila.net\/wp-content\/uploads\/2021\/09\/Asset-34-1.png 945w, https:\/\/katiabrambila.net\/wp-content\/uploads\/2021\/09\/Asset-34-1-300x107.png 300w, https:\/\/katiabrambila.net\/wp-content\/uploads\/2021\/09\/Asset-34-1-768x273.png 768w\" sizes=\"auto, (max-width: 580px) 100vw, 580px\" \/><br \/>\n\t\t\t<a href=\"https:\/\/payment.hotmart.com\/P18085737K?off=42h975vf&#038;checkoutMode=10&#038;hideBillet=1\" target=\"_blank\" role=\"button\" rel=\"noopener\"><br \/>\n\t\t\t\t\t\tESTOY LISTA PARA UNA DULCE NAVIDAD SIN CULPA<br \/>\n\t\t\t\t\t<\/a><br \/>\n\t\t\t\t\t\t\t\t\t\t\t\t\t\t\t<img decoding=\"async\" width=\"580\" height=\"267\" src=\"https:\/\/katiabrambila.net\/wp-content\/uploads\/2021\/09\/Asset-10-1024x471.png\" alt=\"\" loading=\"lazy\" srcset=\"https:\/\/katiabrambila.net\/wp-content\/uploads\/2021\/09\/Asset-10-1024x471.png 1024w, https:\/\/katiabrambila.net\/wp-content\/uploads\/2021\/09\/Asset-10-300x138.png 300w, https:\/\/katiabrambila.net\/wp-content\/uploads\/2021\/09\/Asset-10-768x353.png 768w, https:\/\/katiabrambila.net\/wp-content\/uploads\/2021\/09\/Asset-10.png 1113w\" sizes=\"auto, (max-width: 580px) 100vw, 580px\" \/>\t\t\t\t\t\t\t\t\t\t\t\t\t\t\t<\/p>\n<p>Hornea <b>combinaciones incre\u00edbles <\/b>para sorprender a todos:<\/p>\n<p>\t\t\t\t\t\t\t\t\t\t\t\t\t\t\t<img decoding=\"async\" width=\"580\" height=\"366\" src=\"https:\/\/katiabrambila.net\/wp-content\/uploads\/2021\/09\/Asset-11-1-1024x646.png\" alt=\"\" loading=\"lazy\" srcset=\"https:\/\/katiabrambila.net\/wp-content\/uploads\/2021\/09\/Asset-11-1-1024x646.png 1024w, https:\/\/katiabrambila.net\/wp-content\/uploads\/2021\/09\/Asset-11-1-300x189.png 300w, https:\/\/katiabrambila.net\/wp-content\/uploads\/2021\/09\/Asset-11-1-768x485.png 768w, https:\/\/katiabrambila.net\/wp-content\/uploads\/2021\/09\/Asset-11-1.png 1139w\" sizes=\"auto, (max-width: 580px) 100vw, 580px\" \/><br \/>\n\t\t\t\t\t\t\t\t\t\t\t\t\t\t\t<img decoding=\"async\" width=\"350\" height=\"350\" src=\"https:\/\/katiabrambila.net\/wp-content\/uploads\/2021\/09\/Asset-32-1.png\" alt=\"\" loading=\"lazy\" srcset=\"https:\/\/katiabrambila.net\/wp-content\/uploads\/2021\/09\/Asset-32-1.png 350w, https:\/\/katiabrambila.net\/wp-content\/uploads\/2021\/09\/Asset-32-1-300x300.png 300w, https:\/\/katiabrambila.net\/wp-content\/uploads\/2021\/09\/Asset-32-1-150x150.png 150w\" sizes=\"auto, (max-width: 350px) 100vw, 350px\" \/>\t\t\t\t\t\t\t\t\t\t\t\t\t\t\t<\/p>\n<p>Mi prioridad es que las Chefs de Coraz\u00f3n se sientan seguras, por eso con Dulce Navidad Saludable <b>no corres ning\u00fan riesgo:<\/b> tienes hasta 7 d\u00edas de garant\u00eda.\u00a0<\/p>\n<p>Si sigues las recetas paso a paso con los ingredientes correctos el \u00e9xito est\u00e1 asegurado. Hasta la fecha, tengo un 0% de devoluciones. <\/p>\n<p>\t\t\t\t\t\t\t\t\t\t\t\t\t\t\t<img decoding=\"async\" width=\"580\" height=\"170\" src=\"https:\/\/katiabrambila.net\/wp-content\/uploads\/2021\/09\/Asset-15-1-1024x301.png\" alt=\"\" loading=\"lazy\" srcset=\"https:\/\/katiabrambila.net\/wp-content\/uploads\/2021\/09\/Asset-15-1-1024x301.png 1024w, https:\/\/katiabrambila.net\/wp-content\/uploads\/2021\/09\/Asset-15-1-300x88.png 300w, https:\/\/katiabrambila.net\/wp-content\/uploads\/2021\/09\/Asset-15-1-768x226.png 768w, https:\/\/katiabrambila.net\/wp-content\/uploads\/2021\/09\/Asset-15-1.png 1112w\" sizes=\"auto, (max-width: 580px) 100vw, 580px\" \/><br \/>\n\t\t\t\t\t\t\t\t\t\t\t\t\t\t\t<img decoding=\"async\" width=\"580\" height=\"648\" src=\"https:\/\/katiabrambila.net\/wp-content\/uploads\/2021\/09\/Asset-16-1-917x1024.png\" alt=\"\" loading=\"lazy\" srcset=\"https:\/\/katiabrambila.net\/wp-content\/uploads\/2021\/09\/Asset-16-1-917x1024.png 917w, https:\/\/katiabrambila.net\/wp-content\/uploads\/2021\/09\/Asset-16-1-269x300.png 269w, https:\/\/katiabrambila.net\/wp-content\/uploads\/2021\/09\/Asset-16-1-768x857.png 768w, https:\/\/katiabrambila.net\/wp-content\/uploads\/2021\/09\/Asset-16-1.png 1033w\" sizes=\"auto, (max-width: 580px) 100vw, 580px\" \/><br \/>\n\t\t\t\t\t\t\t\t\t\t\t\t\t\t\t<img decoding=\"async\" width=\"580\" height=\"648\" src=\"https:\/\/katiabrambila.net\/wp-content\/uploads\/2021\/09\/Asset-17-1-917x1024.png\" alt=\"\" loading=\"lazy\" srcset=\"https:\/\/katiabrambila.net\/wp-content\/uploads\/2021\/09\/Asset-17-1-917x1024.png 917w, https:\/\/katiabrambila.net\/wp-content\/uploads\/2021\/09\/Asset-17-1-269x300.png 269w, https:\/\/katiabrambila.net\/wp-content\/uploads\/2021\/09\/Asset-17-1-768x857.png 768w, https:\/\/katiabrambila.net\/wp-content\/uploads\/2021\/09\/Asset-17-1.png 1033w\" sizes=\"auto, (max-width: 580px) 100vw, 580px\" \/><br \/>\n\t\t\t\t\t\t\t\t\t\t\t\t\t\t\t<img decoding=\"async\" width=\"580\" height=\"580\" src=\"https:\/\/katiabrambila.net\/wp-content\/uploads\/2021\/09\/Asset-18-1-1024x1024.png\" alt=\"\" loading=\"lazy\" srcset=\"https:\/\/katiabrambila.net\/wp-content\/uploads\/2021\/09\/Asset-18-1-1024x1024.png 1024w, https:\/\/katiabrambila.net\/wp-content\/uploads\/2021\/09\/Asset-18-1-300x300.png 300w, https:\/\/katiabrambila.net\/wp-content\/uploads\/2021\/09\/Asset-18-1-150x150.png 150w, https:\/\/katiabrambila.net\/wp-content\/uploads\/2021\/09\/Asset-18-1-768x768.png 768w, https:\/\/katiabrambila.net\/wp-content\/uploads\/2021\/09\/Asset-18-1.png 1033w\" sizes=\"auto, (max-width: 580px) 100vw, 580px\" \/>\t\t\t\t\t\t\t\t\t\t\t\t\t\t\t<\/p>\n<p><b>MIRA LOS POSTRES NAVIDE\u00d1OS QUE HAN HECHO LAS CHEFS DE CORAZ\u00d3N.<\/b><\/p>\n<p>\t\t\t\t\t\t\t\t\t\t\t\t\t\t\t<img decoding=\"async\" width=\"580\" height=\"323\" src=\"https:\/\/katiabrambila.net\/wp-content\/uploads\/2021\/09\/Asset-19-1-1024x571.png\" alt=\"\" loading=\"lazy\" srcset=\"https:\/\/katiabrambila.net\/wp-content\/uploads\/2021\/09\/Asset-19-1-1024x571.png 1024w, https:\/\/katiabrambila.net\/wp-content\/uploads\/2021\/09\/Asset-19-1-300x167.png 300w, https:\/\/katiabrambila.net\/wp-content\/uploads\/2021\/09\/Asset-19-1-768x428.png 768w, https:\/\/katiabrambila.net\/wp-content\/uploads\/2021\/09\/Asset-19-1.png 1111w\" sizes=\"auto, (max-width: 580px) 100vw, 580px\" \/><br \/>\n\t\t\t\t\t\t\t\t\t\t\t\t\t\t\t<img decoding=\"async\" width=\"580\" height=\"790\" src=\"https:\/\/katiabrambila.net\/wp-content\/uploads\/2021\/09\/Asset-20-1-752x1024.png\" alt=\"\" loading=\"lazy\" srcset=\"https:\/\/katiabrambila.net\/wp-content\/uploads\/2021\/09\/Asset-20-1-752x1024.png 752w, https:\/\/katiabrambila.net\/wp-content\/uploads\/2021\/09\/Asset-20-1-220x300.png 220w, https:\/\/katiabrambila.net\/wp-content\/uploads\/2021\/09\/Asset-20-1-768x1046.png 768w, https:\/\/katiabrambila.net\/wp-content\/uploads\/2021\/09\/Asset-20-1.png 1113w\" sizes=\"auto, (max-width: 580px) 100vw, 580px\" \/>\t\t\t\t\t\t\t\t\t\t\t\t\t\t\t<\/p>\n<p><b>PREGUNTAS FRECUENTES<\/b><\/p>\n<p><b>\u00bfC\u00f3mo funciona el programa?<\/b><\/p>\n<p>\t\t\t\t\t\t\t\t\t\t\t\t\t\t\t<img decoding=\"async\" width=\"72\" height=\"62\" src=\"https:\/\/katiabrambila.net\/wp-content\/uploads\/2021\/09\/Asset-60.png\" alt=\"\" loading=\"lazy\" \/>\t\t\t\t\t\t\t\t\t\t\t\t\t\t\t<\/p>\n<p>Es un programa 100% en l\u00ednea que podr\u00e1s tomar a tu ritmo y ver las veces que quieras desde cualquier dispositivo con acceso a internet.<\/p>\n<p><b>\u00bfCu\u00e1ntas veces puedo ver el programa?<\/b><\/p>\n<p>\t\t\t\t\t\t\t\t\t\t\t\t\t\t\t<img decoding=\"async\" width=\"72\" height=\"62\" src=\"https:\/\/katiabrambila.net\/wp-content\/uploads\/2021\/09\/Asset-60.png\" alt=\"\" loading=\"lazy\" \/>\t\t\t\t\t\t\t\t\t\t\t\t\t\t\t<\/p>\n<p>Puedes verlos todas las veces que quieras, utilizando tu usuario y contrase\u00f1a.<\/p>\n<p><b>\u00bfPuedo descargar los videos?<\/b><\/p>\n<p>\t\t\t\t\t\t\t\t\t\t\t\t\t\t\t<img decoding=\"async\" width=\"72\" height=\"62\" src=\"https:\/\/katiabrambila.net\/wp-content\/uploads\/2021\/09\/Asset-60.png\" alt=\"\" loading=\"lazy\" \/>\t\t\t\t\t\t\t\t\t\t\t\t\t\t\t<\/p>\n<p>Los videos no se pueden descargar. Todo el contenido estar\u00e1 siempre disponible para ti desde cualquier dispositivo con conexi\u00f3n a internet.<\/p>\n<p><b>\u00bfPuedo descargar las recetas?<\/b><\/p>\n<p>\t\t\t\t\t\t\t\t\t\t\t\t\t\t\t<img decoding=\"async\" width=\"72\" height=\"62\" src=\"https:\/\/katiabrambila.net\/wp-content\/uploads\/2021\/09\/Asset-60.png\" alt=\"\" loading=\"lazy\" \/>\t\t\t\t\t\t\t\t\t\t\t\t\t\t\t<\/p>\n<p>Una vez comprado el programa podr\u00e1s descargar, guardar e imprimir todas las recetas si as\u00ed lo deseas, o puedes acceder a ellas desde cualquier dispositivo.<\/p>\n<p><b>Tengo problemas para realizar el pago. \u00bfQu\u00e9 hago?<\/b><\/p>\n<p>\t\t\t\t\t\t\t\t\t\t\t\t\t\t\t<img decoding=\"async\" width=\"72\" height=\"62\" src=\"https:\/\/katiabrambila.net\/wp-content\/uploads\/2021\/09\/Asset-60.png\" alt=\"\" loading=\"lazy\" \/>\t\t\t\t\t\t\t\t\t\t\t\t\t\t\t<\/p>\n<p>Por favor, ponte en contacto con mi equipo de soporte <a href=\"https:\/\/api.whatsapp.com\/send?phone=529983883046&amp;text=Necesito%20ayuda%20para%20concluir%20mi%20inscripci\u00f3n%20:\" target=\"_blank\" rel=\"noopener\">haciendo clic aqu\u00ed<\/a> para chatear en WhatsApp, o enviando un correo electr\u00f3nico a <a href=\"mailto:soporte@sweetapleomx.com\" target=\"_blank\" rel=\"noopener\">soporte@sweetapleomx.com<\/a><\/p>\n<p><b>\u00bfLos precios que manejan en qu\u00e9 moneda son?<\/b><\/p>\n<p>\t\t\t\t\t\t\t\t\t\t\t\t\t\t\t<img decoding=\"async\" width=\"72\" height=\"62\" src=\"https:\/\/katiabrambila.net\/wp-content\/uploads\/2021\/09\/Asset-60.png\" alt=\"\" loading=\"lazy\" \/>\t\t\t\t\t\t\t\t\t\t\t\t\t\t\t<\/p>\n<p>Los precios est\u00e1n en d\u00f3lares estadounidenses (USD) pero al momento de realizar el pago los podr\u00e1s ver convertidos a la moneda de tu pa\u00eds de acuerdo al tipo de cambio del d\u00eda de hoy, puedes cambiar de moneda cambiando el pa\u00eds.<\/p>\n<p>Depende de la legislaci\u00f3n de tu pa\u00eds pueden aplicarse impuestos por compras en l\u00ednea.<\/p>\n<p><b>\u00bfC\u00f3mo s\u00e9 cu\u00e1ndo est\u00e1 activo el acceso al programa que compr\u00e9?<\/b><\/p>\n<p>\t\t\t\t\t\t\t\t\t\t\t\t\t\t\t<img decoding=\"async\" width=\"72\" height=\"62\" src=\"https:\/\/katiabrambila.net\/wp-content\/uploads\/2021\/09\/Asset-60.png\" alt=\"\" loading=\"lazy\" \/>\t\t\t\t\t\t\t\t\t\t\t\t\t\t\t<\/p>\n<p>En el momento en que tu pago es aprobado te llegar\u00e1 un mail con las instrucciones, revisa la bandeja de spam y promociones. En un plazo no mayor a 12 horas recibir\u00e1s un mail de Hotmartclub para activar tu cuenta.<\/p>\n<p><b>\u00bfLos ingredientes que se utilizan en las recetas son f\u00e1ciles de conseguir?<\/b><\/p>\n<p>\t\t\t\t\t\t\t\t\t\t\t\t\t\t\t<img decoding=\"async\" width=\"72\" height=\"62\" src=\"https:\/\/katiabrambila.net\/wp-content\/uploads\/2021\/09\/Asset-60.png\" alt=\"\" loading=\"lazy\" \/>\t\t\t\t\t\t\t\t\t\t\t\t\t\t\t<\/p>\n<p>El programa tiene una secci\u00f3n que se llama \u00bfD\u00f3nde comprar? Hay opciones de tiendas en l\u00ednea en la Rep\u00fablica Mexicana y hay un archivo desplegable con la lista de ingredientes m\u00e1s comunes y en donde los puedes conseguir. Adicionalmente est\u00e1 la secci\u00f3n de preguntas y respuestas, en caso de que no puedas conseguir alg\u00fan ingrediente, siempre existe la posibilidad de realizar alguna sustituci\u00f3n.<\/p>\n<p><b>\u00bfMe puedo inscribir en cualquier momento?<\/b><\/p>\n<p>\t\t\t\t\t\t\t\t\t\t\t\t\t\t\t<img decoding=\"async\" width=\"72\" height=\"62\" src=\"https:\/\/katiabrambila.net\/wp-content\/uploads\/2021\/09\/Asset-60.png\" alt=\"\" loading=\"lazy\" \/>\t\t\t\t\t\t\t\t\t\t\t\t\t\t\t<\/p>\n<p>No, el 1 de Octubre es el \u00faltimo d\u00eda para inscribirte.<\/p>\n<p>Todo esto tiene un valor de <del>297 USD<\/del><\/p>\n<p>\t\t\t\t\t\t\t\t\t\t\t\t\t\t\t<img decoding=\"async\" width=\"580\" height=\"208\" src=\"https:\/\/katiabrambila.net\/wp-content\/uploads\/2021\/09\/Asset-35-1.png\" alt=\"\" loading=\"lazy\" srcset=\"https:\/\/katiabrambila.net\/wp-content\/uploads\/2021\/09\/Asset-35-1.png 758w, https:\/\/katiabrambila.net\/wp-content\/uploads\/2021\/09\/Asset-35-1-300x108.png 300w\" sizes=\"auto, (max-width: 580px) 100vw, 580px\" \/><br \/>\n\t\t\t\t\t\t\t\t\t\t\t\t\t\t\t<img decoding=\"async\" width=\"580\" height=\"268\" src=\"https:\/\/katiabrambila.net\/wp-content\/uploads\/2021\/09\/Asset-36-1024x473.png\" alt=\"\" loading=\"lazy\" srcset=\"https:\/\/katiabrambila.net\/wp-content\/uploads\/2021\/09\/Asset-36-1024x473.png 1024w, https:\/\/katiabrambila.net\/wp-content\/uploads\/2021\/09\/Asset-36-300x139.png 300w, https:\/\/katiabrambila.net\/wp-content\/uploads\/2021\/09\/Asset-36-768x355.png 768w, https:\/\/katiabrambila.net\/wp-content\/uploads\/2021\/09\/Asset-36.png 1114w\" sizes=\"auto, (max-width: 580px) 100vw, 580px\" \/><br \/>\n\t\t\t<a href=\"https:\/\/payment.hotmart.com\/P18085737K?off=42h975vf&#038;checkoutMode=10&#038;hideBillet=1\" target=\"_blank\" role=\"button\" rel=\"noopener\"><br \/>\n\t\t\t\t\t\tESTOY LISTA PARA ENDULZAR LA NAVIDAD<br \/>\n\t\t\t\t\t<\/a><\/p>\n<p style=\"text-align: center;\">Este sitio utiliza cookies propias y de terceros. Si continuas navegando, consideramos que aceptas su uso. M&aacute;s informaci&oacute;n en nuestro <a style=\"color: #ffffff;\" title=\"aviso de privacidad\" href=\"https:\/\/katiabrambila.net\/privacidad\/\" target=\"_blank\" rel=\"noopener\"><strong>aviso de privacidad.<\/strong><\/a><\/p>\n<p style=\"text-align: center;\">&copy; 2021 Sweet Paleo Mx | <a style=\"color: #ffffff; text-decoration: underline;\" title=\"Aviso de Privacidad\" href=\"https:\/\/katiabrambila.net\/privacidad\/\" target=\"_blank\" rel=\"noopener\"><strong>Aviso de Privacidad<\/strong><\/a> | <a style=\"color: #ffffff;\" title=\"T&eacute;rminos y Condiciones\" href=\"https:\/\/katiabrambila.net\/terminos\/\" target=\"_blank\" rel=\"noopener\"><strong>T&eacute;rminos y condiciones<\/strong><\/a> | <a style=\"color: #ffffff;\" title=\"soporte@sweetpaleomx.com\" href=\"mailto:soporte@sweetpaleomx.com\" target=\"_blank\" rel=\"noopener\"><strong>soporte@sweetpaleomx.com<\/strong><\/a><\/p>\n","protected":false},"excerpt":{"rendered":"<p>\u00a1OFERTA DISPONIBLE POR TIEMPO LIMITADO! D\u00edas Horas Minutos Segundos Regala deliciosos postres saludables navide\u00f1os para toda tu familia, mientras cuidas su salud y su figura. \u00a1Que nadie se quede sin probar tus dulces creaciones! Crea una gran variedad de dulces tentaciones haciendo s\u00f3lo unos peque\u00f1os cambios en las recetas. \u00a1M\u00e1s de un postre en cada [&hellip;]<\/p>\n","protected":false},"author":22,"featured_media":0,"parent":0,"menu_order":0,"comment_status":"closed","ping_status":"closed","template":"elementor_canvas","meta":{"footnotes":""},"class_list":["post-4697","page","type-page","status-publish","hentry"],"_links":{"self":[{"href":"https:\/\/katiabrambila.net\/index.php?rest_route=\/wp\/v2\/pages\/4697","targetHints":{"allow":["GET"]}}],"collection":[{"href":"https:\/\/katiabrambila.net\/index.php?rest_route=\/wp\/v2\/pages"}],"about":[{"href":"https:\/\/katiabrambila.net\/index.php?rest_route=\/wp\/v2\/types\/page"}],"author":[{"embeddable":true,"href":"https:\/\/katiabrambila.net\/index.php?rest_route=\/wp\/v2\/users\/22"}],"replies":[{"embeddable":true,"href":"https:\/\/katiabrambila.net\/index.php?rest_route=%2Fwp%2Fv2%2Fcomments&post=4697"}],"version-history":[{"count":0,"href":"https:\/\/katiabrambila.net\/index.php?rest_route=\/wp\/v2\/pages\/4697\/revisions"}],"wp:attachment":[{"href":"https:\/\/katiabrambila.net\/index.php?rest_route=%2Fwp%2Fv2%2Fmedia&parent=4697"}],"curies":[{"name":"wp","href":"https:\/\/api.w.org\/{rel}","templated":true}]}}