{"id":607,"date":"2020-12-03T02:01:50","date_gmt":"2020-12-03T02:01:50","guid":{"rendered":"https:\/\/katiabrambila.net\/?page_id=607"},"modified":"2021-07-19T22:24:24","modified_gmt":"2021-07-20T03:24:24","slug":"la-oportunidad-en-los-negocios-saludables","status":"publish","type":"page","link":"https:\/\/katiabrambila.net\/?page_id=607","title":{"rendered":"La Oportunidad en los Negocios Saludables"},"content":{"rendered":"<p>VIDEO EXCLUSIVO #1<\/p>\n<h2>La gran oportunidad de los Negocios Saludables en el 2021<\/h2>\n<p>Un mercado que creci\u00f3 un 26% s\u00f3lo este a\u00f1o y que adem\u00e1s TIENE M\u00c1S DEMANDA QUE OFERTA.&nbsp;<\/p>\n<h2>NO TE PIERDAS EL VIDEO #2<\/h2>\n<h2>LOS 5 ERRORES M\u00c1S COMUNES AL CREAR O CRECER UN NEGOCIO SALUDABLE<\/h2>\n","protected":false},"excerpt":{"rendered":"<p>VIDEO EXCLUSIVO #1 La gran oportunidad de los Negocios Saludables en el 2021 Un mercado que creci\u00f3 un 26% s\u00f3lo este a\u00f1o y que adem\u00e1s TIENE M\u00c1S DEMANDA QUE OFERTA.&nbsp; NO TE PIERDAS EL VIDEO #2 LOS 5 ERRORES M\u00c1S COMUNES AL CREAR O CRECER UN NEGOCIO SALUDABLE<\/p>\n","protected":false},"author":22,"featured_media":0,"parent":0,"menu_order":0,"comment_status":"closed","ping_status":"closed","template":"op_builder_blank","meta":{"footnotes":""},"class_list":["post-607","page","type-page","status-publish","hentry"],"_links":{"self":[{"href":"https:\/\/katiabrambila.net\/index.php?rest_route=\/wp\/v2\/pages\/607","targetHints":{"allow":["GET"]}}],"collection":[{"href":"https:\/\/katiabrambila.net\/index.php?rest_route=\/wp\/v2\/pages"}],"about":[{"href":"https:\/\/katiabrambila.net\/index.php?rest_route=\/wp\/v2\/types\/page"}],"author":[{"embeddable":true,"href":"https:\/\/katiabrambila.net\/index.php?rest_route=\/wp\/v2\/users\/22"}],"replies":[{"embeddable":true,"href":"https:\/\/katiabrambila.net\/index.php?rest_route=%2Fwp%2Fv2%2Fcomments&post=607"}],"version-history":[{"count":0,"href":"https:\/\/katiabrambila.net\/index.php?rest_route=\/wp\/v2\/pages\/607\/revisions"}],"wp:attachment":[{"href":"https:\/\/katiabrambila.net\/index.php?rest_route=%2Fwp%2Fv2%2Fmedia&parent=607"}],"curies":[{"name":"wp","href":"https:\/\/api.w.org\/{rel}","templated":true}]}}