{"id":813,"date":"2020-12-03T19:06:33","date_gmt":"2020-12-03T19:06:33","guid":{"rendered":"https:\/\/katiabrambila.net\/respoteria-creativa-cloned-at-2021-04-12-222208\/"},"modified":"2023-06-23T14:53:33","modified_gmt":"2023-06-23T19:53:33","slug":"decorazon","status":"publish","type":"page","link":"https:\/\/katiabrambila.net\/?page_id=813","title":{"rendered":"Decorazon saludable"},"content":{"rendered":"<p><img loading=\"lazy\" decoding=\"async\" title=\"logo-1\" src=\"https:\/\/katiabrambila.net\/wp-content\/uploads\/2020\/06\/logo-1.png\" alt=\"\" width=\"537\" height=\"200\" data-op3-attachment-id=\"\" \/><\/p>\n<h2>Descubre las mejores t\u00e9cnicas de decoraci\u00f3n en\u00a0Reposter\u00eda Saludable<\/h2>\n<h2>\u00bf Haces un postre saludable y no tienes idea de c\u00f3mo\u00a0decorarlo sin utilizar ingredientes que da\u00f1en tu salud, la de tu familia, amigos o clientes?<\/h2>\n<h2>Expande tu creatividad utilizando ingredientes saludables para lograr decoraciones sorprendentes<\/h2>\n<h2>Imagina aprender paso a paso \u00a1\u00a1Desde la Comodidad de tu Cocina!!<\/h2>\n<h2>Acceso hoy mismo a todo el material, recetas , videos paso a paso y asesor\u00eda personalizada.<\/h2>\n<h2>DECORAZ\u00d3N SALUDABLEIncluye:<\/h2>\n<p>Acceso inmediato a todo el material grabado.Acceso desde cualquier dispositivo a todo el contenido, \u00a0puedes consultar los ingredientes hasta en el supermercado.No est\u00e1s sola en esta aventura, te acompa\u00f1ar\u00e9 para resolver todas tus dudas como si estuviera en la cocina de tu casa.Si despu\u00e9s de hacer 3 postres no est\u00e1s convencida, tienes 7 d\u00edas de garant\u00eda donde puedes solicitar el reembolso de tu inversi\u00f3n.<\/p>\n<h2>Karina Gonz\u00e1lez una Chef de coraz\u00f3n EXPERTA<\/h2>\n<h2><\/h2>\n<h2><\/h2>\n<h2><\/h2>\n<h2><\/h2>\n<h2><\/h2>\n<h2>ELIGE LA FORMA DE PAGO HAZ CLICK EN EL BOT\u00d3N<\/h2>\n<h2>60% DE DESCUENTO<\/h2>\n<h2>\u00daNETE A ESTE PROGRAMA POR UNICA OCASI\u00d3N DE 397\u00a0USD<\/h2>\n<h2>Por Solo\u00a0 $ 147 D\u00f3lares<\/h2>\n<h2>Toca del Bot\u00f3n para ver el\u00a0 precio en tu moneda<\/h2>\n<p><a class=\"op3-background-ancestor\" href=\"https:\/\/payment.hotmart.com\/E51196769J?off=p7zlld36&amp;checkoutMode=10\" target=\"_blank\" rel=\"noopener\" data-op-action=\"link\" data-op-popoverlay-trigger=\"none\" data-op-select-funnel-step=\"\" data-op-animation-trigger=\"none\" data-op-animation-style=\"\" data-op-animation-loop=\"0\" data-op-timer-minutes=\"0\" data-op-timer-seconds=\"0\" data-op3-smooth-scroll=\"\" data-op-effect-style=\"\" data-op-effect-style-hover=\"\">SI QUIERO COMENZAR HOYAL HACER CLICK APARECE EL PRECIO EN TU MONEDA<\/a><img loading=\"lazy\" decoding=\"async\" title=\"Major-Credit-Card-Logo-PNG-Clipart\" src=\"https:\/\/katiabrambila.net\/wp-content\/uploads\/2020\/11\/Major-Credit-Card-Logo-PNG-Clipart.png\" alt=\"\" width=\"8552\" height=\"1190\" data-op3-attachment-id=\"\" \/><\/p>\n<h2>\u00bf QUE APRENDER\u00c1S ?<\/h2>\n<h2>Tendr\u00e1s postres para cada celebraci\u00f3n especial:<\/h2>\n<p>M\u00d3DULO 1:\u00a0Introducci\u00f3nM\u00d3DULO 2: Recetas B\u00e1sicasBizcocho B\u00e1sicoBizcocho Vegano B\u00e1sicoBase para RolloBase para TartaletasMasa Moldeable de AvenaM\u00d3DULO 3:\u00a0Cremas y coberturas:Cobertura de TofuCrema Pastelera Vegana de ChocolateSalsa de FrutasM\u00d3DULO 4: Estructura creativaArmado de Pasteles o TortasM\u00d3DULO 5:\u00a0Creando ideasTorta MokaTorta HadaRomantic CakeNaked Cake TableroRosca RellenaLemon PieM\u00d3DULO 6:\u00a0Postres innovadoresPaleta de BizcochoTrufas RellenasPostres GourmetVasitos MixtosTiramis\u00fa<\/p>\n<h2>Todo esto tiene un Valor de 397\u00a0USD <a href=\"https:\/\/payment.hotmart.com\/E51196769J?off=p7zlld36&amp;checkoutMode=10&amp;_ga=2.211203089.587437678.1687385973-1676148999.1686161921&amp;_gl=1*13q4v6m*_ga*MTY3NjE0ODk5OS4xNjg2MTYxOTIx*_ga_1KS8YYTCDW*MTY4NzU0ODc5NC4xOS4xLjE2ODc1NDk3MTYuNTcuMC4w\" target=\"_blank\" rel=\"noopener\">HOY SOLO $ 147 USD<\/a><\/h2>\n<h2>GARANT\u00cdA DE 7 D\u00cdAS<\/h2>\n<h2>No corres ning\u00fan riesgo, tienes 7 d\u00edas de garant\u00eda<\/h2>\n<h2><\/h2>\n<p><img loading=\"lazy\" decoding=\"async\" title=\"mb\" src=\"https:\/\/katiabrambila.net\/wp-content\/uploads\/2020\/11\/mb.png\" alt=\"\" width=\"627\" height=\"507\" data-op3-attachment-id=\"\" \/><\/p>\n<h2>ELIGE LA FORMA DE PAGO HAZ CLICK EN EL BOT\u00d3N<\/h2>\n<h2>60% DE DESCUENTO<\/h2>\n<h2>\u00daNETE A ESTE PROGRAMA POR UNICA OCASI\u00d3N DE 397 USD<\/h2>\n<h2>Por Solo\u00a0 $147 D\u00f3lares<\/h2>\n<h2>Toca del bot\u00f3n para ver el\u00a0 precio en tu moneda<\/h2>\n<p><a class=\"op3-background-ancestor\" href=\"https:\/\/payment.hotmart.com\/E51196769J?off=p7zlld36&amp;checkoutMode=10\" target=\"_blank\" rel=\"noopener\" data-op-action=\"link\" data-op-popoverlay-trigger=\"none\" data-op-select-funnel-step=\"\" data-op-animation-trigger=\"none\" data-op-animation-style=\"\" data-op-animation-loop=\"0\" data-op-timer-minutes=\"0\" data-op-timer-seconds=\"0\" data-op3-smooth-scroll=\"\" data-op-effect-style=\"\" data-op-effect-style-hover=\"\">INSCRIBIRME AHORACrear Reposter\u00eda Creativa<\/a><img loading=\"lazy\" decoding=\"async\" title=\"Major-Credit-Card-Logo-PNG-Clipart\" src=\"https:\/\/katiabrambila.net\/wp-content\/uploads\/2020\/11\/Major-Credit-Card-Logo-PNG-Clipart.png\" alt=\"\" width=\"8552\" height=\"1190\" data-op3-attachment-id=\"\" \/><\/p>\n<h2>\u00bfQue pasa despu\u00e9s de tu Inscripci\u00f3n?<\/h2>\n<h2>Recibir\u00e1s un correo de Hotmartclub con todos los datos para activar tu cuenta, busca en spam o promociones.<\/h2>\n<p><img loading=\"lazy\" decoding=\"async\" title=\"Captura de Pantalla 2021-04-20 a la(s) 21.46.13\" src=\"https:\/\/katiabrambila.net\/wp-content\/uploads\/2021\/04\/Captura-de-Pantalla-2021-04-20-a-las-21.46.13.png\" alt=\"\" width=\"1338\" height=\"780\" data-op3-attachment-id=\"\" \/><\/p>\n<h2>Escribe tu usuario: correo registrado y contrase\u00f1a creada.<\/h2>\n<p><img loading=\"lazy\" decoding=\"async\" title=\"PANTALLA PARA DISPOSITIVOS APP\" src=\"https:\/\/katiabrambila.net\/wp-content\/uploads\/2021\/04\/PANTALLA-PARA-DISPOSITIVOS-APP.png\" alt=\"\" width=\"1250\" height=\"763\" data-op3-attachment-id=\"\" \/><\/p>\n<h2>Comienza a disfrutar el contenido y puedes tambi\u00e9n descargar una app en tu celular.<\/h2>\n<p><img loading=\"lazy\" decoding=\"async\" title=\"WhatsApp Image 2021-04-20 at 5.00.23 PM\" src=\"https:\/\/katiabrambila.net\/wp-content\/uploads\/2021\/04\/WhatsApp-Image-2021-04-20-at-5.00.23-PM.jpeg\" alt=\"\" width=\"512\" height=\"952\" data-op3-attachment-id=\"\" \/><\/p>\n<h2>KARINA GONZ\u00c1LEZ<\/h2>\n<h2>Soy una apasionada con locura por<br \/>\nlos dulces, desde ni\u00f1a he sido consumidora excesiva de postre. Hace 3<br \/>\na\u00f1os tom\u00e9 conciencia del da\u00f1o que estaba causando a mi salud reflej\u00e1ndose en mi estado f\u00edsico y an\u00edmico; as\u00ed que decid\u00ed empezar por mi cuenta a elaborar postres con ingredientes libres de harina refinada,<br \/>\naz\u00facar, l\u00e1cteos y grasas trans, que no me perjudican, al contrario \u00a0aportan<br \/>\nnutrientes a mi organismo.Debo decir que, al principio, fue<br \/>\ntodo un desaf\u00edo, pero poco a poco, y con pr\u00e1ctica constante, inici\u00f3 mi pasi\u00f3n<br \/>\npor esto, lo que me llev\u00f3 a crear mi emprendimiento \u201cSugar fit\u201d porque hab\u00eda<br \/>\nexperimentado los beneficios y cambios tanto en mi salud como en mi exterior y,<br \/>\nahora quer\u00eda compartirlo con m\u00e1s personas.Hoy estoy aqu\u00ed, porque la vida<br \/>\nme ha presentado la oportunidad a trav\u00e9s de este curso, de pertenecer a una gran<br \/>\nfamilia como es Sweet Paleo de Katia Brambila, y poder expandir un poco m\u00e1s lo que<br \/>\nhe aprendido a base de pasi\u00f3n y mucha pr\u00e1ctica. Estoy segura que voy a<br \/>\naportar con un granito de arena a este mundo, para que, este maravilloso<br \/>\nestilo de vida saludable y delicioso, pueda llegar a m\u00e1s personas mediante la<br \/>\ndecoraci\u00f3n, que es el punto principal en este curso, cada vez se celebren m\u00e1s<br \/>\nmomentos especiales lo hagan cuidando su salud de la mejor manera.<\/h2>\n<p><img loading=\"lazy\" decoding=\"async\" title=\"mb\" src=\"https:\/\/katiabrambila.net\/wp-content\/uploads\/2020\/11\/mb.png\" alt=\"\" width=\"627\" height=\"507\" data-op3-attachment-id=\"\" \/><img loading=\"lazy\" decoding=\"async\" title=\"WhatsApp Image 2021-04-20 at 5.00.23 PM (1)\" src=\"https:\/\/katiabrambila.net\/wp-content\/uploads\/2021\/04\/WhatsApp-Image-2021-04-20-at-5.00.23-PM-1.jpeg\" alt=\"\" width=\"634\" height=\"1182\" data-op3-attachment-id=\"\" \/><\/p>\n<h2>PREGUNTAS FRECUENTES<\/h2>\n<h2>\u00bfCu\u00e1ntas veces puedo ver el curso?<\/h2>\n<h5>Puedes verlos todas las veces que quieras, utilizando tu usuario y contrase\u00f1a.<\/h5>\n<h2>\u00bfPuedo descargar los videos?<\/h2>\n<h5>Puedes verlos todas las veces que quieras, utilizando tu usuario y contrase\u00f1a.<\/h5>\n<h2>\u00bfPuedo descargar las recetas?<\/h2>\n<h5>Una vez comprado el programa podr\u00e1s descargar, guardar e imprimir todas las recetas si as\u00ed lo deseas, o puedes acceder a ellas desde cualquier dispositivo.<\/h5>\n<h2>Tengo problemas para realizar el pago. \u00bfQu\u00e9 hago?<\/h2>\n<h5>Si no puedes realizar el pago a trav\u00e9s de tarjeta de cr\u00e9dito o debito puedes hacerlo realizando un dep\u00f3sito eligiendo la opci\u00f3n de pago en efectivo, para algunos\u00a0pa\u00edses\u00a0ya esta disponible.\u00a0<a style=\"color: #1a6e0d;\" href=\"https:\/\/payment.hotmart.com\/E51196769J?off=p7zlld36&amp;checkoutMode=10\" target=\"_blank\" rel=\"noopener noreferrer\">Haz click aqu\u00ed para generar tu ficha de pago.<\/a><\/h5>\n<h2>\u00bfLos precios que manejan en que moneda son?<\/h2>\n<h5>El precio aparece \u00a0en la moneda de tu pa\u00eds de acuerdo al tipo de cambio del d\u00eda de hoy, puedes cambiar de moneda cambiando el pa\u00eds.<\/h5>\n<h2>\u00bfC\u00f3mo se cuando est\u00e1 activo el acceso al programa que compr\u00e9?<\/h2>\n<h5>En el momento en que tu pago es aprobado te llegar\u00e1 un mail con los datos de acceso, revisa la bandeja de spam y promociones.<\/h5>\n<h2>\u00bfLos ingredientes que se utilizan en las recetas son f\u00e1ciles de conseguir?<\/h2>\n<h5>El programa tiene una secci\u00f3n que se llama \u00bfD\u00f3nde comprar? hay opciones de tiendas en l\u00ednea en la Rep\u00fablica Mexicana y hay un archivo desplegable con la lista de ingredientes m\u00e1s comunes y en donde los puedes conseguir. Adicionalmente esta la secci\u00f3n de preguntas y respuestas, en caso de que no puedas conseguir alg\u00fan ingredientes, siempre existe la posibilidad de realizar alguna sustituci\u00f3n.<\/h5>\n<h2>\u00bfCu\u00e1les son los beneficios de tomar un curso de cocina en l\u00ednea?<\/h2>\n<h5>El m\u00e1s importante es que t\u00fa eliges el horario para verlo, puedes irte a trabajar, regresar y seguir viendo la clase, al momento de preparar puedes poner pausa y verificar todos los detalles de la receta. Ya no tienes que preocuparte por el translado, el costo de la gasolina, interrumpir actividades y a diferencia de una clase presencial puedes ver los videos todas las veces que los necesites desde la comodidad de tu cocina.<\/h5>\n<h2>\u00bfPuedo adquirir el programa aunque no cuente con tarjeta de cr\u00e9dito?<\/h2>\n<h5>Para algunos pa\u00edses esta disponible el pago en efectivo, puedes generar tu ficha de pago y realizar el pago el mismo d\u00eda porque tiene una fecha de vencimiento, recibir\u00e1s un correo al momento de aprobarse recibir\u00e1s un correo con los datos de acceso,<a href=\"https:\/\/payment.hotmart.com\/E51196769J?off=p7zlld36&amp;checkoutMode=10\" target=\"_blank\" rel=\"noopener\">\u00a0haciendo click aqu\u00ed elige la opci\u00f3n de pago en efectivo y completa tus datos.<\/a><\/h5>\n<p><a class=\"op3-background-ancestor\" href=\"https:\/\/payment.hotmart.com\/E51196769J?off=p7zlld36&amp;checkoutMode=10\" target=\"_blank\" rel=\"noopener\" data-op-action=\"link\" data-op-popoverlay-trigger=\"none\" data-op-select-funnel-step=\"\" data-op-animation-trigger=\"none\" data-op-animation-style=\"\" data-op-animation-loop=\"0\" data-op-timer-minutes=\"0\" data-op-timer-seconds=\"0\" data-op3-smooth-scroll=\"\" data-op-effect-style=\"\" data-op-effect-style-hover=\"\">Si Quiero Empezar Hoy\u00a0A Crear Reposter\u00eda Creativa<\/a><img loading=\"lazy\" decoding=\"async\" title=\"logo-1\" src=\"https:\/\/katiabrambila.net\/wp-content\/uploads\/2020\/06\/logo-1.png\" alt=\"\" width=\"537\" height=\"200\" data-op3-attachment-id=\"\" \/><\/p>\n<h5>Copyright 2018 &#8211; SweetPaleo.Todos Los Derechos Reservados\u00a0Este sitio utiliza cookies propias y de terceros. Si continuas navegando, consideramos que aceptas su uso. M\u00e1s informaci\u00f3n en nuestro\u00a0<a href=\"https:\/\/sweetpaleomiembros.com\/terminos-y-condiciones\" target=\"_parent\" rel=\"noopener noreferrer\">aviso de privacidad.\u00a0<\/a>Puedes escribir a soporte@sweetpaleomx.com<\/h5>\n","protected":false},"excerpt":{"rendered":"<p>Descubre las mejores t\u00e9cnicas de decoraci\u00f3n en\u00a0Reposter\u00eda Saludable \u00bf Haces un postre saludable y no tienes idea de c\u00f3mo\u00a0decorarlo sin utilizar ingredientes que da\u00f1en tu salud, la de tu familia, amigos o clientes? Expande tu creatividad utilizando ingredientes saludables para lograr decoraciones sorprendentes Imagina aprender paso a paso \u00a1\u00a1Desde la Comodidad de tu Cocina!! Acceso [&hellip;]<\/p>\n","protected":false},"author":22,"featured_media":0,"parent":0,"menu_order":0,"comment_status":"closed","ping_status":"closed","template":"op_builder_full_width","meta":{"footnotes":""},"class_list":["post-813","page","type-page","status-publish","hentry"],"_links":{"self":[{"href":"https:\/\/katiabrambila.net\/index.php?rest_route=\/wp\/v2\/pages\/813","targetHints":{"allow":["GET"]}}],"collection":[{"href":"https:\/\/katiabrambila.net\/index.php?rest_route=\/wp\/v2\/pages"}],"about":[{"href":"https:\/\/katiabrambila.net\/index.php?rest_route=\/wp\/v2\/types\/page"}],"author":[{"embeddable":true,"href":"https:\/\/katiabrambila.net\/index.php?rest_route=\/wp\/v2\/users\/22"}],"replies":[{"embeddable":true,"href":"https:\/\/katiabrambila.net\/index.php?rest_route=%2Fwp%2Fv2%2Fcomments&post=813"}],"version-history":[{"count":0,"href":"https:\/\/katiabrambila.net\/index.php?rest_route=\/wp\/v2\/pages\/813\/revisions"}],"wp:attachment":[{"href":"https:\/\/katiabrambila.net\/index.php?rest_route=%2Fwp%2Fv2%2Fmedia&parent=813"}],"curies":[{"name":"wp","href":"https:\/\/api.w.org\/{rel}","templated":true}]}}