{"id":8217,"date":"2022-03-11T18:25:47","date_gmt":"2022-03-12T00:25:47","guid":{"rendered":"https:\/\/katiabrambila.net\/?page_id=8217"},"modified":"2023-09-14T11:46:31","modified_gmt":"2023-09-14T16:46:31","slug":"alumna-links","status":"publish","type":"page","link":"https:\/\/katiabrambila.net\/?page_id=8217","title":{"rendered":"Alumna Links"},"content":{"rendered":"<p><img loading=\"lazy\" decoding=\"async\" src=\"https:\/\/katiabrambila.net\/wp-content\/uploads\/2022\/03\/logo-fondo-transparente-01.png\" alt=\"\" title=\"LOgo_fondo-transparente-01\" width=\"1967\" height=\"1008\" data-op3-attachment-id=\"169\" \/><img loading=\"lazy\" decoding=\"async\" src=\"https:\/\/katiabrambila.net\/wp-content\/uploads\/2022\/03\/paquete.png\" alt=\"\" title=\"paquete\" width=\"1532\" height=\"844\" data-op3-attachment-id=\"38\" \/><\/p>\n<h2>Click en el bot\u00f3n para ingresar al Programa<\/h2>\n<p><a href=\"https:\/\/postressaludables.club.hotmart.com\/login\" class=\"op3-background-ancestor\" target=\"_self\" data-op-action=\"link\" data-op-popoverlay-trigger=\"none\" data-op-select-funnel-step=\"\" data-op-animation-trigger=\"none\" data-op-animation-style=\"\" data-op-animation-loop=\"0\" data-op-timer-minutes=\"0\" data-op-timer-seconds=\"0\" data-op3-smooth-scroll=\"0\" data-op-effect-style=\"\" data-op-effect-style-hover=\"\" rel=\"noopener\">POSTRES SALUDABLESClick aqu\u00ed para ingresar<\/a><img loading=\"lazy\" decoding=\"async\" src=\"https:\/\/katiabrambila.net\/wp-content\/uploads\/2022\/03\/captura-de-pantalla-2019-11-12-a-la-s-95649.png\" alt=\"\" title=\"Captura-de-Pantalla-2019-11-12-a-la-s-9.56.49\" width=\"1400\" height=\"850\" data-op3-attachment-id=\"354\" \/><\/p>\n<h2>Click en el bot\u00f3n para ingresar al Programa<\/h2>\n<p><a href=\"https:\/\/dulcenavidadsaludable.club.hotmart.com\/login\" class=\"op3-background-ancestor\" target=\"_self\" data-op-action=\"link\" data-op-popoverlay-trigger=\"none\" data-op-select-funnel-step=\"\" data-op-animation-trigger=\"none\" data-op-animation-style=\"\" data-op-animation-loop=\"0\" data-op-timer-minutes=\"0\" data-op-timer-seconds=\"0\" data-op3-smooth-scroll=\"0\" data-op-effect-style=\"\" data-op-effect-style-hover=\"\" rel=\"noopener\">DULCE NAVIDAD SALUDABLEClick aqu\u00ed para ingresar<\/a><img loading=\"lazy\" decoding=\"async\" src=\"https:\/\/katiabrambila.net\/wp-content\/uploads\/2022\/03\/delicias-clasicas.jpeg\" alt=\"\" title=\"Delicias cla\u0301sicas\" width=\"1200\" height=\"604\" data-op3-attachment-id=\"415\" \/><\/p>\n<h2>Click en el bot\u00f3n para ingresar al Programa<\/h2>\n<p><a href=\"https:\/\/deliciasclasicas.club.hotmart.com\/login\" class=\"op3-background-ancestor\" target=\"_self\" data-op-action=\"link\" data-op-popoverlay-trigger=\"none\" data-op-select-funnel-step=\"\" data-op-animation-trigger=\"none\" data-op-animation-style=\"\" data-op-animation-loop=\"0\" data-op-timer-minutes=\"0\" data-op-timer-seconds=\"0\" data-op3-smooth-scroll=\"0\" data-op-effect-style=\"\" data-op-effect-style-hover=\"\" rel=\"noopener\">Delicias Cl\u00e1sicasClick aqu\u00ed para ingresar<\/a><img loading=\"lazy\" decoding=\"async\" src=\"https:\/\/katiabrambila.net\/wp-content\/uploads\/2022\/11\/WEB_DELICIAS-SALADAS_1-1024x576.jpg\" alt=\"\" title=\"WEB_DELICIAS SALADAS_1\" width=\"800\" height=\"450\" data-op3-attachment-id=\"9018\" \/><\/p>\n<h2>Click en el bot\u00f3n para ingresar al Programa<\/h2>\n<p><a href=\"https:\/\/deliciassaladas.club.hotmart.com\/login\" class=\"op3-background-ancestor\" target=\"_self\" data-op-action=\"link\" data-op-popoverlay-trigger=\"none\" data-op-select-funnel-step=\"\" data-op-animation-trigger=\"none\" data-op-animation-style=\"\" data-op-animation-loop=\"0\" data-op-timer-minutes=\"0\" data-op-timer-seconds=\"0\" data-op3-smooth-scroll=\"0\" data-op-effect-style=\"\" data-op-effect-style-hover=\"\" rel=\"noopener\">Delicias Cl\u00e1sicas SaladasClick aqu\u00ed para ingresar<\/a><img loading=\"lazy\" decoding=\"async\" src=\"https:\/\/katiabrambila.net\/wp-content\/uploads\/2022\/03\/crea-tu-negocio-saludable.png\" alt=\"\" title=\"Crea tu negocio saludable\" width=\"1602\" height=\"1116\" data-op3-attachment-id=\"414\" \/><\/p>\n<h2>Click en el bot\u00f3n para ingresar al Programa<\/h2>\n<p><a href=\"https:\/\/negociossaludables.club.hotmart.com\/login\" class=\"op3-background-ancestor\" target=\"_self\" data-op-action=\"link\" data-op-popoverlay-trigger=\"none\" data-op-select-funnel-step=\"\" data-op-animation-trigger=\"none\" data-op-animation-style=\"\" data-op-animation-loop=\"0\" data-op-timer-minutes=\"0\" data-op-timer-seconds=\"0\" data-op3-smooth-scroll=\"0\" data-op-effect-style=\"\" data-op-effect-style-hover=\"\" rel=\"noopener\">CREA Tu Negocio SaludableClick aqu\u00ed para ingresar<\/a><img loading=\"lazy\" decoding=\"async\" src=\"https:\/\/katiabrambila.net\/wp-content\/uploads\/2022\/03\/de-corazon-saludable.png\" alt=\"\" title=\"De corazo\u0301n saludable\" width=\"1024\" height=\"520\" data-op3-attachment-id=\"413\" \/><\/p>\n<h2>Click en el bot\u00f3n para ingresar al Programa<\/h2>\n<p><a href=\"https:\/\/decorazonsaludable.club.hotmart.com\/login\" class=\"op3-background-ancestor\" target=\"_self\" data-op-action=\"link\" data-op-popoverlay-trigger=\"none\" data-op-select-funnel-step=\"\" data-op-animation-trigger=\"none\" data-op-animation-style=\"\" data-op-animation-loop=\"0\" data-op-timer-minutes=\"0\" data-op-timer-seconds=\"0\" data-op3-smooth-scroll=\"0\" data-op-effect-style=\"\" data-op-effect-style-hover=\"\" rel=\"noopener\">Decoraz\u00f3n SaludableClick aqu\u00ed para ingresar<\/a><img loading=\"lazy\" decoding=\"async\" src=\"https:\/\/katiabrambila.net\/wp-content\/uploads\/2022\/03\/sweet-gourmet.png\" alt=\"\" title=\"Sweet Gourmet\" width=\"1400\" height=\"850\" data-op3-attachment-id=\"419\" \/><\/p>\n<h2>Click en el bot\u00f3n para ingresar al Programa<\/h2>\n<p><a href=\"https:\/\/sweetgourmet.club.hotmart.com\/login\" class=\"op3-background-ancestor\" target=\"_self\" data-op-action=\"link\" data-op-popoverlay-trigger=\"none\" data-op-select-funnel-step=\"\" data-op-animation-trigger=\"none\" data-op-animation-style=\"\" data-op-animation-loop=\"0\" data-op-timer-minutes=\"0\" data-op-timer-seconds=\"0\" data-op3-smooth-scroll=\"0\" data-op-effect-style=\"\" data-op-effect-style-hover=\"\" rel=\"noopener\">Sweet GourmetClick aqu\u00ed para ingresar<\/a><img loading=\"lazy\" decoding=\"async\" src=\"https:\/\/katiabrambila.net\/wp-content\/uploads\/2022\/03\/kit-1-pays-y-algo-mas.png\" alt=\"\" title=\"Kit 1 pays y algo ma\u0301s\" width=\"813\" height=\"471\" data-op3-attachment-id=\"416\" \/><\/p>\n<h2>Click en el bot\u00f3n para ingresar al Programa<\/h2>\n<p><a href=\"https:\/\/kit1pays.club.hotmart.com\/login\" class=\"op3-background-ancestor\" target=\"_self\" data-op-action=\"link\" data-op-popoverlay-trigger=\"none\" data-op-select-funnel-step=\"\" data-op-animation-trigger=\"none\" data-op-animation-style=\"\" data-op-animation-loop=\"0\" data-op-timer-minutes=\"0\" data-op-timer-seconds=\"0\" data-op3-smooth-scroll=\"0\" data-op-effect-style=\"\" data-op-effect-style-hover=\"\" rel=\"noopener\">Kit 1 Pays y Algo M\u00e1sClick aqu\u00ed para ingresar<\/a><img loading=\"lazy\" decoding=\"async\" src=\"https:\/\/katiabrambila.net\/wp-content\/uploads\/2022\/03\/postres-saludables-5-en-1.png\" alt=\"\" title=\"postres saludables 5 en 1\" width=\"880\" height=\"508\" data-op3-attachment-id=\"418\" \/><\/p>\n<h2>Click en el bot\u00f3n para ingresar al Programa<\/h2>\n<p><a href=\"https:\/\/recetasaludable.club.hotmart.com\/\" class=\"op3-background-ancestor\" target=\"_self\" data-op-action=\"link\" data-op-popoverlay-trigger=\"none\" data-op-select-funnel-step=\"\" data-op-animation-trigger=\"none\" data-op-animation-style=\"\" data-op-animation-loop=\"0\" data-op-timer-minutes=\"0\" data-op-timer-seconds=\"0\" data-op3-smooth-scroll=\"0\" data-op-effect-style=\"\" data-op-effect-style-hover=\"\" rel=\"noopener\">Postres Saludables 5 en 1Click aqu\u00ed para ingresar<\/a><img loading=\"lazy\" decoding=\"async\" src=\"https:\/\/katiabrambila.net\/wp-content\/uploads\/2022\/03\/sweet-kids.png\" alt=\"\" title=\"Sweet Kids\" width=\"609\" height=\"410\" data-op3-attachment-id=\"420\" \/><\/p>\n<h2>Click en el bot\u00f3n para ingresar al Programa<\/h2>\n<p><a href=\"https:\/\/sweetkids.club.hotmart.com\/login\" class=\"op3-background-ancestor\" target=\"_self\" data-op-action=\"link\" data-op-popoverlay-trigger=\"none\" data-op-select-funnel-step=\"\" data-op-animation-trigger=\"none\" data-op-animation-style=\"\" data-op-animation-loop=\"0\" data-op-timer-minutes=\"0\" data-op-timer-seconds=\"0\" data-op3-smooth-scroll=\"0\" data-op-effect-style=\"\" data-op-effect-style-hover=\"\" rel=\"noopener\">Sweet KidsClick aqu\u00ed para ingresar<\/a><img loading=\"lazy\" decoding=\"async\" src=\"https:\/\/katiabrambila.net\/wp-content\/uploads\/2023\/01\/jenniferswet.jpg\" alt=\"\" title=\"jenniferswet\" width=\"390\" height=\"278\" data-op3-attachment-id=\"9196\" \/><\/p>\n<h2>Click en el bot\u00f3n para ingresar al Programa<\/h2>\n<p><a href=\"https:\/\/ketosweets.club.hotmart.com\/login\" class=\"op3-background-ancestor\" target=\"_self\" data-op-action=\"link\" data-op-popoverlay-trigger=\"none\" data-op-select-funnel-step=\"\" data-op-animation-trigger=\"none\" data-op-animation-style=\"\" data-op-animation-loop=\"0\" data-op-timer-minutes=\"0\" data-op-timer-seconds=\"0\" data-op3-smooth-scroll=\"0\" data-op-effect-style=\"\" data-op-effect-style-hover=\"\" rel=\"noopener\">Keto SweetsClick aqu\u00ed para ingresar<\/a><img loading=\"lazy\" decoding=\"async\" src=\"https:\/\/katiabrambila.net\/wp-content\/uploads\/2023\/04\/WEB_DIABETES.jpg\" alt=\"\" title=\"WEB_DIABETES\" width=\"945\" height=\"768\" data-op3-attachment-id=\"9287\" \/><\/p>\n<h2>Click en el bot\u00f3n para ingresar al Programa<\/h2>\n<p><a href=\"https:\/\/cocinasindiabetes.club.hotmart.com\/login\" class=\"op3-background-ancestor\" target=\"_self\" data-op-action=\"link\" data-op-popoverlay-trigger=\"none\" data-op-select-funnel-step=\"\" data-op-animation-trigger=\"none\" data-op-animation-style=\"\" data-op-animation-loop=\"0\" data-op-timer-minutes=\"0\" data-op-timer-seconds=\"0\" data-op3-smooth-scroll=\"0\" data-op-effect-style=\"\" data-op-effect-style-hover=\"\" rel=\"noopener\">Cocina sin DiabetesClick aqu\u00ed para ingresar<\/a><img loading=\"lazy\" decoding=\"async\" src=\"https:\/\/katiabrambila.net\/wp-content\/uploads\/2023\/06\/DULCES_WEB_MOVIL.jpg\" alt=\"\" title=\"DULCES_WEB_MOVIL\" width=\"945\" height=\"768\" data-op3-attachment-id=\"9501\" \/><\/p>\n<h2>Click en el bot\u00f3n para ingresar al Programa<\/h2>\n<p><a href=\"https:\/\/dulcessecretos.club.hotmart.com\/login\" class=\"op3-background-ancestor\" target=\"_self\" data-op-action=\"link\" data-op-popoverlay-trigger=\"none\" data-op-select-funnel-step=\"\" data-op-animation-trigger=\"none\" data-op-animation-style=\"\" data-op-animation-loop=\"0\" data-op-timer-minutes=\"0\" data-op-timer-seconds=\"0\" data-op3-smooth-scroll=\"0\" data-op-effect-style=\"\" data-op-effect-style-hover=\"\" rel=\"noopener\">Dulce SecretosClick aqu\u00ed para ingresar<\/a><img loading=\"lazy\" decoding=\"async\" src=\"https:\/\/katiabrambila.net\/wp-content\/uploads\/2023\/08\/BANNER-WEB-SIN-HORNO-1366-\u00d7-768-px.png\" alt=\"\" title=\"BANNER WEB - SIN HORNO (1366 \u00d7 768\u00a0px)\" width=\"1366\" height=\"768\" data-op3-attachment-id=\"9697\" \/><\/p>\n<h2>Click en el bot\u00f3n para ingresar al Programa<\/h2>\n<p><a href=\"https:\/\/postressinhorno.club.hotmart.com\/login\" class=\"op3-background-ancestor\" target=\"_self\" data-op-action=\"link\" data-op-popoverlay-trigger=\"none\" data-op-select-funnel-step=\"\" data-op-animation-trigger=\"none\" data-op-animation-style=\"\" data-op-animation-loop=\"0\" data-op-timer-minutes=\"0\" data-op-timer-seconds=\"0\" data-op3-smooth-scroll=\"0\" data-op-effect-style=\"\" data-op-effect-style-hover=\"\" rel=\"noopener\">Postres sin hornoClick aqu\u00ed para ingresar<\/a><\/p>\n<h2>Click en el bot\u00f3n para ingresar al Programa<\/h2>\n<h2>Si no encuentras el curso haz click en el bot\u00f3n blanco&nbsp; ver\u00e1s todos los cursos que has adquirido a trav\u00e9s de Hotmart y los cursos que tienes de Postres Saludables<\/h2>\n<p><a href=\"https:\/\/purchase.hotmart.com\/\" class=\"op3-background-ancestor\" target=\"_self\" data-op-action=\"link\" data-op-popoverlay-trigger=\"none\" data-op-select-funnel-step=\"\" data-op-animation-trigger=\"none\" data-op-animation-style=\"\" data-op-animation-loop=\"0\" data-op-timer-minutes=\"0\" data-op-timer-seconds=\"0\" data-op3-smooth-scroll=\"0\" data-op-effect-style=\"\" data-op-effect-style-hover=\"\" rel=\"noopener\">Acceder a todos mis cursos<\/a><img loading=\"lazy\" decoding=\"async\" src=\"https:\/\/katiabrambila.net\/wp-content\/uploads\/2022\/03\/logo-fondo-transparente-01.png\" alt=\"\" title=\"LOgo_fondo-transparente-01\" width=\"1967\" height=\"1008\" data-op3-attachment-id=\"169\" \/><a href=\"https:\/\/m.me\/postresSaludablesSinGluten?ref=w8643995\" target=\"_self\" data-op-action=\"link\" data-op-popoverlay-trigger=\"none\" data-op-select-funnel-step=\"\" data-op3-smooth-scroll=\"0\" rel=\"noopener\"><img loading=\"lazy\" decoding=\"async\" src=\"https:\/\/katiabrambila.net\/wp-content\/uploads\/2022\/03\/messenger.png\" alt=\"\" title=\"messenger\" width=\"200\" height=\"202\" data-op3-attachment-id=\"417\" \/><\/a><\/p>\n<h2>Click para enviar mensaje por Messenger<\/h2>\n<h2><a href=\"soporte@sweetpaleomx.com\" target=\"_blank\" style=\"color: rgb(255, 255, 255); font-weight: normal;\" rel=\"noopener\">soporte@sweetpaleomx.com<\/a><\/h2>\n<h2><a href=\"https:\/\/katiabrambila.net\/privacidad\/\" target=\"_blank\" style=\"\" rel=\"noopener\">Pol\u00edtica de Privacidad<\/a><\/h2>\n<h2>Copyright 2018 &#8211; Sweet Paleo.Todos Los Derechos ReservadosEste sitio utiliza cookies propias y de terceros. Si continuas navegando, consideramos que aceptas su uso. M\u00e1s informaci\u00f3n en nuestro&nbsp;<a href=\"https:\/\/katiabrambila.net\/privacidad\/\" target=\"_blank\" rel=\"noopener noreferrer\">aviso de privacidad.&nbsp;<\/a>Puedes escribir a soporte@sweetpaleomx.com<\/h2>\n<h1>Este sitio no es parte del sitio de Facebook o de Facebook Inc.Adicionalmente, este sitio NO est\u00e1 endosado por Facebook de ninguna manera. FACEBOOK es una marca registrada de FACEBOOK, Inc<\/h1>\n","protected":false},"excerpt":{"rendered":"<p>Click en el bot\u00f3n para ingresar al Programa POSTRES SALUDABLESClick aqu\u00ed para ingresar Click en el bot\u00f3n para ingresar al Programa DULCE NAVIDAD SALUDABLEClick aqu\u00ed para ingresar Click en el bot\u00f3n para ingresar al Programa Delicias Cl\u00e1sicasClick aqu\u00ed para ingresar Click en el bot\u00f3n para ingresar al Programa Delicias Cl\u00e1sicas SaladasClick aqu\u00ed para ingresar Click [&hellip;]<\/p>\n","protected":false},"author":22,"featured_media":0,"parent":0,"menu_order":0,"comment_status":"closed","ping_status":"closed","template":"op_builder_blank","meta":{"footnotes":""},"class_list":["post-8217","page","type-page","status-publish","hentry"],"_links":{"self":[{"href":"https:\/\/katiabrambila.net\/index.php?rest_route=\/wp\/v2\/pages\/8217","targetHints":{"allow":["GET"]}}],"collection":[{"href":"https:\/\/katiabrambila.net\/index.php?rest_route=\/wp\/v2\/pages"}],"about":[{"href":"https:\/\/katiabrambila.net\/index.php?rest_route=\/wp\/v2\/types\/page"}],"author":[{"embeddable":true,"href":"https:\/\/katiabrambila.net\/index.php?rest_route=\/wp\/v2\/users\/22"}],"replies":[{"embeddable":true,"href":"https:\/\/katiabrambila.net\/index.php?rest_route=%2Fwp%2Fv2%2Fcomments&post=8217"}],"version-history":[{"count":0,"href":"https:\/\/katiabrambila.net\/index.php?rest_route=\/wp\/v2\/pages\/8217\/revisions"}],"wp:attachment":[{"href":"https:\/\/katiabrambila.net\/index.php?rest_route=%2Fwp%2Fv2%2Fmedia&parent=8217"}],"curies":[{"name":"wp","href":"https:\/\/api.w.org\/{rel}","templated":true}]}}