{"id":8455,"date":"2020-12-03T19:06:33","date_gmt":"2020-12-04T01:06:33","guid":{"rendered":"https:\/\/katiabrambila.net\/repostera-emprende-clausura-cloned-at-2022-05-27-143602\/"},"modified":"2022-09-26T10:06:28","modified_gmt":"2022-09-26T15:06:28","slug":"reposteralistaespera","status":"publish","type":"page","link":"https:\/\/katiabrambila.net\/?page_id=8455","title":{"rendered":"Repostera Lista de Espera"},"content":{"rendered":"<p><img loading=\"lazy\" decoding=\"async\" src=\"https:\/\/katiabrambila.net\/wp-content\/uploads\/2022\/03\/crea-tu-negocio-saludable-1024x713.png\" alt=\"\" title=\"crea-tu-negocio-saludable\" width=\"800\" height=\"557\" data-op3-attachment-id=\"8221\"><\/p>\n<h2>HA CERRADO SUS PUERTAS<\/h2>\n<h2>\u00a1 LLEGASTE MUY TARDE !<\/h2>\n<h2>Ya no estamos recibiendo alumnas para el programa CREA tu Negocio de Postres Saludables, pero en un futuro podr\u00e1s seguir cumpliendo tus sue\u00f1os de mi mano.Reg\u00edstrate abajo con tu correo electr\u00f3nico si quieres ser la primera en enterarte cuando se abran inscripciones para la pr\u00f3xima edici\u00f3n. \u00a1Te espero!<\/h2>\n<p><a href=\"https:\/\/postressaludables.activehosted.com\/f\/109\" class=\"op3-background-ancestor\" target=\"_blank\" data-op-action=\"link\" data-op-popoverlay-trigger=\"none\" data-op-select-funnel-step=\"\" data-op-animation-trigger=\"none\" data-op-animation-style=\"\" data-op-animation-loop=\"0\" data-op-timer-minutes=\"0\" data-op-timer-seconds=\"0\" data-op3-smooth-scroll=\"0\" data-op-effect-style=\"\" data-op-effect-style-hover=\"\" rel=\"noopener\">Av\u00edsame si se libera una lugar en esta edici\u00f3n&nbsp;<\/a><a href=\"https:\/\/postressaludables.activehosted.com\/f\/107\" class=\"op3-background-ancestor\" target=\"_self\" data-op-action=\"link\" data-op-popoverlay-trigger=\"none\" data-op-select-funnel-step=\"\" data-op-animation-trigger=\"none\" data-op-animation-style=\"\" data-op-animation-loop=\"0\" data-op-timer-minutes=\"0\" data-op-timer-seconds=\"0\" data-op3-smooth-scroll=\"0\" data-op-effect-style=\"\" data-op-effect-style-hover=\"\" rel=\"noopener\">Av\u00edsame&nbsp; cuando est\u00e9&nbsp; disponible la siguiente edici\u00f3n&nbsp;<\/a><img loading=\"lazy\" decoding=\"async\" src=\"https:\/\/katiabrambila.net\/wp-content\/uploads\/2020\/06\/logo-1.png\" alt=\"\" title=\"logo-1\" width=\"537\" height=\"200\" data-op3-attachment-id=\"\"><\/p>\n<h5 style=\"\">Copyright 2018 &#8211; SweetPaleo.Todos Los Derechos Reservados&nbsp;Este sitio utiliza cookies propias y de terceros. Si continuas navegando, consideramos que aceptas su uso. M\u00e1s informaci\u00f3n en nuestro&nbsp;<a href=\"https:\/\/sweetpaleomiembros.com\/terminos-y-condiciones\" target=\"_parent\" rel=\"noopener noreferrer\" style=\"\">aviso de privacidad.&nbsp;<\/a>Puedes escribir a soporte@sweetpaleomx.com<\/h5>\n","protected":false},"excerpt":{"rendered":"<p>HA CERRADO SUS PUERTAS \u00a1 LLEGASTE MUY TARDE ! Ya no estamos recibiendo alumnas para el programa CREA tu Negocio de Postres Saludables, pero en un futuro podr\u00e1s seguir cumpliendo tus sue\u00f1os de mi mano.Reg\u00edstrate abajo con tu correo electr\u00f3nico si quieres ser la primera en enterarte cuando se abran inscripciones para la pr\u00f3xima edici\u00f3n. [&hellip;]<\/p>\n","protected":false},"author":22,"featured_media":0,"parent":0,"menu_order":0,"comment_status":"closed","ping_status":"closed","template":"op_builder_blank","meta":{"footnotes":""},"class_list":["post-8455","page","type-page","status-publish","hentry"],"_links":{"self":[{"href":"https:\/\/katiabrambila.net\/index.php?rest_route=\/wp\/v2\/pages\/8455","targetHints":{"allow":["GET"]}}],"collection":[{"href":"https:\/\/katiabrambila.net\/index.php?rest_route=\/wp\/v2\/pages"}],"about":[{"href":"https:\/\/katiabrambila.net\/index.php?rest_route=\/wp\/v2\/types\/page"}],"author":[{"embeddable":true,"href":"https:\/\/katiabrambila.net\/index.php?rest_route=\/wp\/v2\/users\/22"}],"replies":[{"embeddable":true,"href":"https:\/\/katiabrambila.net\/index.php?rest_route=%2Fwp%2Fv2%2Fcomments&post=8455"}],"version-history":[{"count":0,"href":"https:\/\/katiabrambila.net\/index.php?rest_route=\/wp\/v2\/pages\/8455\/revisions"}],"wp:attachment":[{"href":"https:\/\/katiabrambila.net\/index.php?rest_route=%2Fwp%2Fv2%2Fmedia&parent=8455"}],"curies":[{"name":"wp","href":"https:\/\/api.w.org\/{rel}","templated":true}]}}