{"id":9254,"date":"2020-12-03T19:06:33","date_gmt":"2020-12-04T01:06:33","guid":{"rendered":"https:\/\/katiabrambila.net\/sweet-kids-cloned-at-2023-04-04-141037\/"},"modified":"2024-05-05T15:44:33","modified_gmt":"2024-05-05T21:44:33","slug":"diabetes","status":"publish","type":"page","link":"https:\/\/katiabrambila.net\/?page_id=9254","title":{"rendered":"Cocina sin diabetes"},"content":{"rendered":"<p><img loading=\"lazy\" decoding=\"async\" class=\"op3-element__image op3-element-image__image\" src=\"https:\/\/katiabrambila.net\/wp-content\/uploads\/2020\/06\/logo-1.png\" alt=\"\" title=\"logo-1\" width=\"537\" height=\"200\" data-op3-attachment-id=\"\" \/><\/p>\n<h2>Deja atr\u00e1s los postres tradicionales, pizza y pan&nbsp;quete hacen sentir mal y te suben la glucosa<\/h2>\n<h2>ESTE CURSO ES PARA TI SI PADECES DIABETES &nbsp;&nbsp;PREDIABETES&nbsp;O SI ESTAS EN UNA DIETA BAJA EN CARBOHIDRATOS<\/h2>\n<h2><\/h2>\n<h2><\/h2>\n<h2>$497 USD &nbsp;&#8211; &nbsp;60% DE DESCUENTO<\/h2>\n<h2>POR S\u00d3LO $197&nbsp;USD<\/h2>\n<h2>Toca del bot\u00f3n para ver el&nbsp; precio en tu moneda y las formas de pago&nbsp;<\/h2>\n<p><a href=\"https:\/\/pay.hotmart.com\/U82057927G?checkoutMode=10\" class=\"op3-link op3-background-ancestor\" target=\"_blank\" data-op-action=\"link\" data-op-select-funnel-step=\"\" data-op3-smooth-scroll=\"0\" data-op-effect-style=\"rockingsmall\" data-op-effect-style-hover=\"\" data-op-courseaction=\"\" rel=\"noopener\">INSCRIBIRME AHORACocina SIN DIABETES<\/a><img loading=\"lazy\" decoding=\"async\" class=\"op3-element__image op3-element-image__image\" src=\"https:\/\/katiabrambila.net\/wp-content\/uploads\/2020\/11\/Major-Credit-Card-Logo-PNG-Clipart.png\" alt=\"\" title=\"Major-Credit-Card-Logo-PNG-Clipart\" width=\"8552\" height=\"1190\" data-op3-attachment-id=\"\" \/><\/p>\n<h2>\u00bfExtra\u00f1as los postres y sientes miedo o culpa cada vez que comes uno porque sabes que afectan tu salud?<\/h2>\n<h2>Hoy puedes&nbsp;disfrutar POSTRES Y DELICIAS SALADAS PARA CELEBRAR&nbsp;sin afectar tu salud y tu figura<\/h2>\n<h2>Imagina aprender paso a paso, creando deliciosas tentaciones&nbsp;BAJAS EN CARBOHIDRATOS Y NUTRITIVAS&nbsp;que no impactan tus niveles de glucosa<\/h2>\n<h2>\u00a1DESDE LA COMODIDAD DE TU COCINA!<\/h2>\n<h2>Lleg\u00f3 la hora de disfrutar estos postres deliciosos y f\u00e1ciles de hacer<\/h2>\n<h2>Imagina poder compartir estas delicias saladas para celebrar en familia&nbsp;y con amigos en ocasiones especiales<\/h2>\n<h2>Tendr\u00e1s acceso hoy mismo a todo el material,&nbsp;recetas, videos paso a paso y asesor\u00eda personalizada.<\/h2>\n<p><img loading=\"lazy\" decoding=\"async\" class=\"op3-element__image op3-element-image__image\" src=\"https:\/\/katiabrambila.net\/wp-content\/uploads\/2023\/05\/iconos-1.png\" alt=\"\" title=\"iconos (1)\" width=\"353\" height=\"335\" data-op3-attachment-id=\"5823\" \/><\/p>\n<h2>Acceso inmediato a todo el material grabado. No tienes que esperara una fecha&nbsp;espec\u00edfica, hoy mismo puedes comenzar.<\/h2>\n<p><img loading=\"lazy\" decoding=\"async\" class=\"op3-element__image op3-element-image__image\" src=\"https:\/\/katiabrambila.net\/wp-content\/uploads\/2023\/05\/iconos-2.png\" alt=\"\" title=\"iconos (2)\" width=\"343\" height=\"335\" data-op3-attachment-id=\"5824\" \/><\/p>\n<h2>Acceso desde cualquier dispositivo a todo el contenido. Puedes consultar los ingredientes hasta en el supermercado.<\/h2>\n<p><img loading=\"lazy\" decoding=\"async\" class=\"op3-element__image op3-element-image__image\" src=\"https:\/\/katiabrambila.net\/wp-content\/uploads\/2023\/05\/iconos-3.png\" alt=\"\" title=\"iconos (3)\" width=\"374\" height=\"335\" data-op3-attachment-id=\"5825\" \/><\/p>\n<h2>No est\u00e1s sola en esta aventura. Te acompa\u00f1aremos para resolver todas tus dudas como si estuviera en la cocina de tu casa.<\/h2>\n<p><img loading=\"lazy\" decoding=\"async\" class=\"op3-element__image op3-element-image__image\" src=\"https:\/\/katiabrambila.net\/wp-content\/uploads\/2023\/05\/iconos-4.png\" alt=\"\" title=\"iconos (4)\" width=\"265\" height=\"335\" data-op3-attachment-id=\"5826\" \/><\/p>\n<h2>Si despu\u00e9s de hacer 3 postres no est\u00e1s convencida, tienes 7 d\u00edas de garant\u00eda donde puedes solicitar el reembolso de tu inversi\u00f3n.<\/h2>\n<h2>\u00a1Aprender\u00e1s a utilizar ingredientes saludables con los que podr\u00e1s elaborarquiche, tarta de lim\u00f3n, donas, hotcakes y mucho m\u00e1s!<\/h2>\n<h2><a href=\"https:\/\/generales1.s3.us-west-1.amazonaws.com\/Summer+Bee-utiful+Pai.pdf\" target=\"_blank\" rel=\"noopener\">Descarga receta aqu\u00ed<\/a><\/h2>\n<h2>$497 USD &nbsp;&#8211; &nbsp;60% DE DESCUENTO<\/h2>\n<h2>POR S\u00d3LO $197 USD<\/h2>\n<h2>Toca del bot\u00f3n para ver el&nbsp; precio en tu moneda y las formas de pago&nbsp;<\/h2>\n<p><a href=\"https:\/\/pay.hotmart.com\/U82057927G?checkoutMode=10\" class=\"op3-link op3-background-ancestor\" target=\"_blank\" data-op-action=\"link\" data-op-select-funnel-step=\"\" data-op3-smooth-scroll=\"0\" data-op-effect-style=\"rockingsmall\" data-op-effect-style-hover=\"\" data-op-courseaction=\"\" rel=\"noopener\">INSCRIBIRME AHORACocina SIN DIABETES<\/a><img loading=\"lazy\" decoding=\"async\" class=\"op3-element__image op3-element-image__image\" src=\"https:\/\/katiabrambila.net\/wp-content\/uploads\/2020\/11\/Major-Credit-Card-Logo-PNG-Clipart.png\" alt=\"\" title=\"Major-Credit-Card-Logo-PNG-Clipart\" width=\"8552\" height=\"1190\" data-op3-attachment-id=\"\" \/><\/p>\n<h2>\u00bfQU\u00c9 APRENDER\u00c1S?<\/h2>\n<p><img loading=\"lazy\" decoding=\"async\" class=\"op3-element__image op3-element-image__image\" src=\"https:\/\/katiabrambila.net\/wp-content\/uploads\/2023\/05\/Captura-de-pantalla-2023-05-01-a-las-2.54.19-926x1024.png\" alt=\"\" title=\"Captura de pantalla 2023-05-01 a la(s) 2.54.19\" width=\"800\" height=\"885\" data-op3-attachment-id=\"9350\" \/><img loading=\"lazy\" decoding=\"async\" class=\"op3-element__image op3-element-image__image\" src=\"https:\/\/katiabrambila.net\/wp-content\/uploads\/2023\/05\/Captura-de-pantalla-2023-05-01-a-las-6.07.22-1024x582.png\" alt=\"\" title=\"Captura de pantalla 2023-05-01 a la(s) 6.07.22\" width=\"800\" height=\"455\" data-op3-attachment-id=\"9363\" \/><img loading=\"lazy\" decoding=\"async\" class=\"op3-element__image op3-element-image__image\" src=\"https:\/\/katiabrambila.net\/wp-content\/uploads\/2023\/05\/Captura-de-pantalla-2023-05-01-a-las-18.23.08-458x1024.png\" alt=\"\" title=\"Captura de pantalla 2023-05-01 a la(s) 18.23.08\" width=\"458\" height=\"1024\" data-op3-attachment-id=\"9375\" \/>MODULO 1 \u2013 BIENVENIDAMODULO 2 \u2013 INTRODUCCI\u00d3NMODULO 3 \u2013 INGREDIENTES Y PROCESOSMODULO 4 \u2013 RECETAS B\u00c1SICASMODULO 5 \u2013 POSTRES\u2022 Bolitas energ\u00e9ticas\u2022 Panqu\u00e9 de Zanahoria\u2022 Panqu\u00e9 de Nuez\u2022 Frosting de Caf\u00e9\u2022 Pastel de Chocolate\u2022 Tarta de Lim\u00f3n\u2022 Cheescake de Lim\u00f3n y Frambuesas\u2022 Pastel de Matcha y Frambuesas\u2022 Donas de Chocolate\u2022 Donas de Vainilla\u2022 Donas de Matcha\u2022 Frosting de Frutos Rojos\u2022 Tartaleta de Frutos Rojos\u2022 Rosca de Lim\u00f3n\u2022 Pastel de Tres LechesMODULO 6 \u2013 DELICIAS PARA CELEBRAR\u2022 Empanadas Caribe\u00f1as\u2022 Pan de Semillas\u2022 Quiche Low-Carb\u2022 Frituras de Vegetales con Crema de Coco al Curry\u2022 Pizza en Sart\u00e9n\u2022 Panquecas de Coco\u2022 Masa para Sopes y Tortillas Low-Carb&nbsp; &nbsp; &nbsp; &nbsp; &nbsp; &nbsp; &nbsp; &nbsp;&nbsp;&nbsp;MODULO 7 \u2013 SALSAS Y RELLENOS\u2022 Relleno de Vegetales\u2022 Relleno de Picadillo Cubano\u2022 Compota de Frutos Rojos\u2022 Chimichurri Argentino\u2022 Untable de Queso Crema de Almendras&nbsp;MODULO 8 \u2013 IDEAS Y COMBINACIONES&nbsp;MODULO 9 \u2013 EL ZEN DE LA REPOSTER\u00cdA<\/p>\n<h2>BONOS EXCLUSIVOS AL INSCRIBIRTE EL D\u00cdA DE HOYTe llevas &nbsp;$500 USD de regalo<\/h2>\n<h2>BONO 1<\/h2>\n<p><img loading=\"lazy\" decoding=\"async\" class=\"op3-element__image op3-element-image__image\" src=\"https:\/\/katiabrambila.net\/wp-content\/uploads\/2023\/04\/Captura-de-pantalla-2023-04-30-a-las-14.40.38-300x283.png\" alt=\"\" title=\"Captura de pantalla 2023-04-30 a la(s) 14.40.38\" width=\"512\" height=\"256\" data-op3-attachment-id=\"9328\" \/><\/p>\n<h2>MASTERCLASSLa Diabetes y los Postres<\/h2>\n<h2>Impartida por dos especialistas en el tema de la reversi\u00f3n de la diabetes tipo 2<\/h2>\n<h2>Valor :&nbsp;&nbsp;$70 USD<\/h2>\n<h2>BONO 2<\/h2>\n<p><img loading=\"lazy\" decoding=\"async\" class=\"op3-element__image op3-element-image__image\" src=\"https:\/\/katiabrambila.net\/wp-content\/uploads\/2023\/06\/Captura-de-pantalla-2023-06-12-a-las-9.57.20-300x270.png\" alt=\"\" title=\"Captura de pantalla 2023-06-12 a la(s) 9.57.20\" width=\"300\" height=\"270\" data-op3-attachment-id=\"9430\" \/><\/p>\n<h2>CONTENIDO NUTRIMENTAL<\/h2>\n<h2>Todas las recetas contar\u00e1n con la informaci\u00f3n del contenido nutrimental si necesitas conocer esta informaci\u00f3n ya sea si vendes o si tienes una dieta especial.<\/h2>\n<h2>Valor :&nbsp;&nbsp;$180 USD<\/h2>\n<h2>BONO 3<\/h2>\n<p><img loading=\"lazy\" decoding=\"async\" class=\"op3-element__image op3-element-image__image\" src=\"https:\/\/katiabrambila.net\/wp-content\/uploads\/2024\/05\/Captura-de-pantalla-2024-05-05-a-las-4.29.39\u202fp.m.png\" alt=\"\" title=\"Captura de pantalla 2024-05-05 a la(s) 4.29.39\u202fp.m.\" width=\"644\" height=\"624\" data-op3-attachment-id=\"9966\" \/><\/p>\n<h2>MASTERCLASS<\/h2>\n<h2>C\u00f3mo bajar los niveles de glucosa despu\u00e9s de los 40 por Myriam&nbsp;Llano Nutricionista FuncionalIncluye Recetario Remedios naturales y bebidas<\/h2>\n<h2>Valor :&nbsp;&nbsp;$70 USD<\/h2>\n<h2>BONO 4<\/h2>\n<p><img loading=\"lazy\" decoding=\"async\" class=\"op3-element__image op3-element-image__image\" src=\"https:\/\/katiabrambila.net\/wp-content\/uploads\/2023\/04\/Captura-de-pantalla-2023-04-30-a-las-14.45.32.png\" alt=\"\" title=\"Captura de pantalla 2023-04-30 a la(s) 14.45.32\" width=\"812\" height=\"740\" data-op3-attachment-id=\"9329\" \/><\/p>\n<h2>Lista de Proveedores&nbsp;Internacionales<\/h2>\n<h2>Si te preocupa en donde comprar los ingredientes, con esta lista resolver\u00e1s la situaci\u00f3n.<\/h2>\n<h2>Valor : &nbsp;$60 USD<\/h2>\n<h2>BONO 5<\/h2>\n<p><img loading=\"lazy\" decoding=\"async\" class=\"op3-element__image op3-element-image__image\" src=\"https:\/\/katiabrambila.net\/wp-content\/uploads\/2023\/04\/Captura-de-pantalla-2023-04-30-a-las-14.49.34.png\" alt=\"\" title=\"Captura de pantalla 2023-04-30 a la(s) 14.49.34\" width=\"512\" height=\"256\" data-op3-attachment-id=\"9330\" \/><\/p>\n<h2>Tabla de equivalencias y recetas b\u00e1sicas de la Reposter\u00eda Saludable<\/h2>\n<h2>Todo para comenzar con la reposter\u00eda sin tener conocimientos previos de cocina.<\/h2>\n<h2>Valor : &nbsp;$60 USD<\/h2>\n<h2>BONO 6<\/h2>\n<p><img loading=\"lazy\" decoding=\"async\" class=\"op3-element__image op3-element-image__image\" src=\"https:\/\/katiabrambila.net\/wp-content\/uploads\/2023\/05\/Captura-de-pantalla-2023-05-01-a-las-2.35.18.png\" alt=\"\" title=\"Captura de pantalla 2023-05-01 a la(s) 2.35.18\" width=\"750\" height=\"718\" data-op3-attachment-id=\"9348\" \/><\/p>\n<h2>El Zen de la Reposter\u00edaUn espacio de&nbsp;reflexi\u00f3n<\/h2>\n<h2>Recetas para el alma, herramientas pr\u00e1cticas para disfrutar de cada momento en tu vida y en la cocina.<\/h2>\n<h2>Valor : &nbsp;$60 USD<\/h2>\n<h2>Todos los BONOS tienen un valor de&nbsp;$500 USD <a href=\"https:\/\/payment.hotmart.com\/T56666391D?checkoutMode=10&amp;hideBillet=1&amp;_ga=2.48940838.1669598182.1686581072-1676148999.1686161921&amp;_gl=1*1ixvzah*_ga*MTY3NjE0ODk5OS4xNjg2MTYxOTIx*_ga_1KS8YYTCDW*MTY4NjU4MTA3Mi4yLjEuMTY4NjU4MTEwNS4yNy4wLjA.\" target=\"_blank\" rel=\"noopener\">HOY S\u00d3LO&nbsp;$197 USD<\/a><\/h2>\n<h2>GARANT\u00cdA DE 7 D\u00cdAS<\/h2>\n<h2>No corres ning\u00fan riesgo, tienes 7 d\u00edas de garant\u00eda para hacer 3 recetas y explorar el curso.<\/h2>\n<p><img loading=\"lazy\" decoding=\"async\" class=\"op3-element__image op3-element-image__image\" src=\"https:\/\/katiabrambila.net\/wp-content\/uploads\/2020\/11\/mb.png\" alt=\"\" title=\"mb\" width=\"627\" height=\"507\" data-op3-attachment-id=\"\" \/><\/p>\n<h2>ESTE CURSO ES PARA TISI PADECES DIABETES, PREDIABETES O SI ESTAS EN UNA DIETA BAJA EN CARBOHIDRATOS&nbsp;<\/h2>\n<h2>Imagina la paz que sentir\u00e1s al disfrutar POSTRES Y DELICIAS SALADAS en Celebraciones Especiales y sorprender a tus amigos y familiares<\/h2>\n<h2>Curso impartido por:<\/h2>\n<p><img loading=\"lazy\" decoding=\"async\" class=\"op3-element__image op3-element-image__image\" src=\"https:\/\/katiabrambila.net\/wp-content\/uploads\/2023\/04\/katia2.png\" alt=\"\" title=\"katia2\" width=\"300\" height=\"382\" data-op3-attachment-id=\"1738\" \/><\/p>\n<h2>Katia Brambila<\/h2>\n<p>Emprendedora, esposa y madre de dos hijos, amante del chocolate y la vida saludable.<\/p>\n<p>Experta en reposter\u00eda sin az\u00facar, sin gluten y sin l\u00e1cteos, siempre he buscado transmitir la pasi\u00f3n que siento por la pasteler\u00eda utilizando ingredientes nutritivos logrando el balance perfecto de sabor y textura.<\/p>\n<p>Soy fundadora de Sweet Paleo y del Instituto Culinario Integral&nbsp;en la ciudad de Canc\u00fan, los cursos en l\u00ednea me han permitido capacitar a m\u00e1s de 20,000 alumnas en 72&nbsp;pa\u00edses y con el programa CREA tu negocio de postres saludables m\u00e1s de 250 Chefs de coraz\u00f3n certificadas cumplen sus sue\u00f1os de emprender compartiendo con sus clientes dulces tentaciones que ayudan al bienestar de miles de familias en el mundo.<\/p>\n<p><img loading=\"lazy\" decoding=\"async\" class=\"op3-element__image op3-element-image__image\" src=\"https:\/\/katiabrambila.net\/wp-content\/uploads\/2023\/04\/Captura-de-pantalla-2023-04-30-a-las-14.10.45.png\" alt=\"\" title=\"Captura de pantalla 2023-04-30 a la(s) 14.10.45\" width=\"616\" height=\"784\" data-op3-attachment-id=\"9325\" \/><\/p>\n<h2>Maribet Balestena<\/h2>\n<h2>Creo firmemente que nuestros alimentos pueden ser curativos y si vienen bellamente presentados en creaciones deliciosas y realizadas con amor, hemos de ganarnos el coraz\u00f3n de cuantos las prueben.<\/h2>\n<h2>\u2028\u2028Por querer sentirme mejor y ayudar a sobreponernos a retos de salud en mi familia, he pasado m\u00e1s de 30 a\u00f1os estudiando todo lo relacionado al bienestar y la salud, incluyendo el tema de la diabetes y su reversi\u00f3n con el Dr. Ochoa y la&nbsp;Coach Karen, por ser mi pap\u00e1 sobreviviente de c\u00e1ncer de p\u00e1ncreas.&nbsp;<\/h2>\n<h2>\u2028\u2028Hoy en d\u00eda soy disc\u00edpula de Katia y Chef Experta con tres programas en l\u00ednea, y m\u00e1s de 1200 participantes de 29 pa\u00edses. Disfrutar la expresi\u00f3n de satisfacci\u00f3n cuando alguien prueba un bocado delicioso de una de mis Delicias Cl\u00e1sicas, me hace muy feliz, y me entusiasma a seguir emprendiendo y capacitando en l\u00ednea a quienes deseen aprender a realizar ricas creaciones&nbsp;donde quiera que est\u00e9n alrededor del mundo.<\/h2>\n<h2>SI TIENES UN NEGOCIO O QUIERES INICIAR UNOESTA ES UNA EXCELENTE OPORTUNIDAD PARA TENER UNA NUEVA L\u00cdNEA DE PRODUCTOS SALUDABLES&nbsp;<\/h2>\n<h2>\u00bfQu\u00e9 pasa despu\u00e9s de tu inscripci\u00f3n?<\/h2>\n<h2>Recibir\u00e1s un correo de Hotmartclub con todos los datos para activar tu cuenta, busca en spam o promociones.<\/h2>\n<p><img loading=\"lazy\" decoding=\"async\" class=\"op3-element__image op3-element-image__image\" src=\"https:\/\/katiabrambila.net\/wp-content\/uploads\/2023\/05\/Captura-de-pantalla-2023-05-01-a-las-3.26.50-1024x560.png\" alt=\"\" title=\"Captura de pantalla 2023-05-01 a la(s) 3.26.50\" width=\"800\" height=\"438\" data-op3-attachment-id=\"9354\" \/><\/p>\n<h2>Escribe tu usuario: correo registrado y contrase\u00f1a creada.<\/h2>\n<p><img loading=\"lazy\" decoding=\"async\" class=\"op3-element__image op3-element-image__image\" src=\"https:\/\/katiabrambila.net\/wp-content\/uploads\/2023\/04\/MOCK-UP_DIABETES.png\" alt=\"\" title=\"MOCK UP_DIABETES\" width=\"940\" height=\"788\" data-op3-attachment-id=\"9283\" \/><\/p>\n<h2>Comienza a disfrutar el contenido y puedes tambi\u00e9n descargar una app en tu celular.<\/h2>\n<p><a href=\"https:\/\/pay.hotmart.com\/U82057927G?checkoutMode=10\" class=\"op3-link op3-background-ancestor\" target=\"_blank\" data-op-action=\"link\" data-op-select-funnel-step=\"\" data-op3-smooth-scroll=\"0\" data-op-effect-style=\"rockingsmall\" data-op-effect-style-hover=\"\" data-op-courseaction=\"\" rel=\"noopener\">INSCRIBIRME AHORACocina SIN DIABETES<\/a><\/p>\n<h2>FOTOS DE ALUMNOS<\/h2>\n<p><img loading=\"lazy\" decoding=\"async\" class=\"op3-element__image op3-element-image__image\" src=\"https:\/\/katiabrambila.net\/wp-content\/uploads\/2023\/05\/3-1-300x216.jpg\" alt=\"\" title=\"3\" width=\"512\" height=\"256\" data-op3-attachment-id=\"9415\" \/><img loading=\"lazy\" decoding=\"async\" class=\"op3-element__image op3-element-image__image\" src=\"https:\/\/katiabrambila.net\/wp-content\/uploads\/2023\/05\/2-1-300x216.jpg\" alt=\"\" title=\"2\" width=\"300\" height=\"216\" data-op3-attachment-id=\"9416\" \/><img loading=\"lazy\" decoding=\"async\" class=\"op3-element__image op3-element-image__image\" src=\"https:\/\/katiabrambila.net\/wp-content\/uploads\/2023\/05\/1-1-300x216.jpg\" alt=\"\" title=\"1\" width=\"300\" height=\"216\" data-op3-attachment-id=\"9417\" \/><\/p>\n<h2>PREGUNTAS FRECUENTES<\/h2>\n<h2>\u00bfCu\u00e1ntas veces puedo ver el curso?<\/h2>\n<h5>Puedes verlos todas las veces que quieras, utilizando tu usuario y contrase\u00f1a.<\/h5>\n<h2>\u00bfPuedo descargar los videos?<\/h2>\n<h5>Puedes verlos todas las veces que quieras, utilizando tu usuario y contrase\u00f1a y tambi\u00e9n puedes verlos a\u00fan sin tener wifi siempre y cuando descargues en la app los videos.<\/h5>\n<h2>\u00bfPuedo descargar las recetas?<\/h2>\n<h5>Una vez comprado el programa podr\u00e1s descargar, guardar e imprimir todas las recetas si as\u00ed lo deseas, o puedes acceder a ellas desde cualquier dispositivo.<\/h5>\n<h2>Tengo problemas para realizar el pago. \u00bfQu\u00e9 hago?<\/h2>\n<h5>Si no puedes realizar el pago a trav\u00e9s de tarjeta de cr\u00e9dito o debito puedes hacerlo realizando un dep\u00f3sito eligiendo la opci\u00f3n de pago en efectivo, para algunos&nbsp;pa\u00edses&nbsp;ya esta disponible.&nbsp;<a href=\"https:\/\/pay.hotmart.com\/U82057927G?checkoutMode=10\">Haz click aqu\u00ed para generar tu ficha de pago.<\/a><\/h5>\n<h2>\u00bfLos precios que manejan en que moneda son?<\/h2>\n<h5>El precio aparece &nbsp;en la moneda de tu pa\u00eds de acuerdo al tipo de cambio del d\u00eda de hoy, puedes cambiar de moneda cambiando el pa\u00eds.<\/h5>\n<h2>\u00bfC\u00f3mo se cuando est\u00e1 activo el acceso al programa que compr\u00e9?<\/h2>\n<h5>En el momento en que tu pago es aprobado te llegar\u00e1 un mail con los datos de acceso, revisa la bandeja de spam y promociones.<\/h5>\n<h2>\u00bfLos ingredientes que se utilizan en las recetas son f\u00e1ciles de conseguir?<\/h2>\n<h5>El programa tiene una secci\u00f3n que se llama \u00bfD\u00f3nde comprar? hay opciones de tiendas en l\u00ednea en la Rep\u00fablica Mexicana y hay un archivo desplegable con la lista de ingredientes m\u00e1s comunes y en donde los puedes conseguir. Adicionalmente esta la secci\u00f3n de preguntas y respuestas, en caso de que no puedas conseguir alg\u00fan ingredientes, siempre existe la posibilidad de realizar alguna sustituci\u00f3n.<\/h5>\n<h2>\u00bfCu\u00e1les son los beneficios de tomar un curso de cocina en l\u00ednea?<\/h2>\n<h5>El m\u00e1s importante es que t\u00fa eliges el horario para verlo, puedes irte a trabajar, regresar y seguir viendo la clase, al momento de preparar puedes poner pausa y verificar todos los detalles de la receta. Ya no tienes que preocuparte por el translado, el costo de la gasolina, interrumpir actividades y a diferencia de una clase presencial puedes ver los videos todas las veces que los necesites desde la comodidad de tu cocina.<\/h5>\n<h2>\u00bfPuedo adquirir el programa aunque no cuente con tarjeta de cr\u00e9dito?<\/h2>\n<h5>Para algunos pa\u00edses esta disponible el pago en efectivo, puedes generar tu ficha de pago y realizar el pago el mismo d\u00eda porque tiene una fecha de vencimiento, recibir\u00e1s un correo al momento de aprobarse recibir\u00e1s un correo con los datos de acceso,<a href=\"https:\/\/pay.hotmart.com\/U82057927G?checkoutMode=10\">&nbsp;haciendo click aqu\u00ed elige la opci\u00f3n de pago en efectivo y completa tus datos.<\/a><\/h5>\n<p><a href=\"https:\/\/pay.hotmart.com\/U82057927G?checkoutMode=10\" class=\"op3-link op3-background-ancestor\" target=\"_blank\" data-op-action=\"link\" data-op-select-funnel-step=\"\" data-op3-smooth-scroll=\"0\" data-op-effect-style=\"rockingsmall\" data-op-effect-style-hover=\"\" data-op-courseaction=\"\" rel=\"noopener\">INSCRIBIRME AHORACocina SIN DIABETES<\/a><img loading=\"lazy\" decoding=\"async\" class=\"op3-element__image op3-element-image__image\" src=\"https:\/\/katiabrambila.net\/wp-content\/uploads\/2020\/06\/logo-1.png\" alt=\"\" title=\"logo-1\" width=\"537\" height=\"200\" data-op3-attachment-id=\"\" \/><\/p>\n<h5>Copyright 2018 &#8211; SweetPaleo.Todos Los Derechos Reservados&nbsp;Este sitio utiliza cookies propias y de terceros. Si continuas navegando, consideramos que aceptas su uso. M\u00e1s informaci\u00f3n en nuestro&nbsp;<a href=\"https:\/\/sweetpaleomiembros.com\/terminos-y-condiciones\" target=\"_parent\" rel=\"noopener noreferrer\" style=\"\">aviso de privacidad.&nbsp;<\/a>Puedes escribir a soporte@sweetpaleomx.com<\/h5>\n","protected":false},"excerpt":{"rendered":"<p>Deja atr\u00e1s los postres tradicionales, pizza y pan&nbsp;quete hacen sentir mal y te suben la glucosa ESTE CURSO ES PARA TI SI PADECES DIABETES &nbsp;&nbsp;PREDIABETES&nbsp;O SI ESTAS EN UNA DIETA BAJA EN CARBOHIDRATOS $497 USD &nbsp;&#8211; &nbsp;60% DE DESCUENTO POR S\u00d3LO $197&nbsp;USD Toca del bot\u00f3n para ver el&nbsp; precio en tu moneda y las formas [&hellip;]<\/p>\n","protected":false},"author":22,"featured_media":9287,"parent":0,"menu_order":0,"comment_status":"closed","ping_status":"closed","template":"elementor_canvas","meta":{"footnotes":""},"class_list":["post-9254","page","type-page","status-publish","has-post-thumbnail","hentry"],"_links":{"self":[{"href":"https:\/\/katiabrambila.net\/index.php?rest_route=\/wp\/v2\/pages\/9254","targetHints":{"allow":["GET"]}}],"collection":[{"href":"https:\/\/katiabrambila.net\/index.php?rest_route=\/wp\/v2\/pages"}],"about":[{"href":"https:\/\/katiabrambila.net\/index.php?rest_route=\/wp\/v2\/types\/page"}],"author":[{"embeddable":true,"href":"https:\/\/katiabrambila.net\/index.php?rest_route=\/wp\/v2\/users\/22"}],"replies":[{"embeddable":true,"href":"https:\/\/katiabrambila.net\/index.php?rest_route=%2Fwp%2Fv2%2Fcomments&post=9254"}],"version-history":[{"count":0,"href":"https:\/\/katiabrambila.net\/index.php?rest_route=\/wp\/v2\/pages\/9254\/revisions"}],"wp:featuredmedia":[{"embeddable":true,"href":"https:\/\/katiabrambila.net\/index.php?rest_route=\/wp\/v2\/media\/9287"}],"wp:attachment":[{"href":"https:\/\/katiabrambila.net\/index.php?rest_route=%2Fwp%2Fv2%2Fmedia&parent=9254"}],"curies":[{"name":"wp","href":"https:\/\/api.w.org\/{rel}","templated":true}]}}